{"id":652,"date":"2018-10-18T17:30:34","date_gmt":"2018-10-18T15:30:34","guid":{"rendered":"http:\/\/to-moje.com\/?post_type=product&#038;p=652"},"modified":"2025-09-06T19:50:40","modified_gmt":"2025-09-06T17:50:40","slug":"damska-koszulka-mistrz-biala","status":"publish","type":"product","link":"https:\/\/to-moje.com\/index.php\/produkt\/damska-koszulka-mistrz-biala\/","title":{"rendered":"Damska koszulka mistrz, bia\u0142a"},"content":{"rendered":"","protected":false},"excerpt":{"rendered":"<p>Bia\u0142a koszulka damska Mistrz.<br \/>\nSk\u0142ad:<br \/>\n100% bawe\u0142na.<br \/>\nNadruk metod\u0105 sitodruku.<br \/>\nWYMIARY:<br \/>\ndamskie (szeroko\u015b\u0107 x d\u0142ugo\u015b\u0107):<br \/>\nS 41 x 62 cm<br \/>\nM 43 x 63 cm<br \/>\nL 47 x 64 cm<\/p>\n","protected":false},"featured_media":657,"comment_status":"open","ping_status":"closed","template":"","meta":[],"product_brand":[],"product_cat":[208,13],"product_tag":[65,48,64,63],"class_list":{"0":"post-652","1":"product","2":"type-product","3":"status-publish","4":"has-post-thumbnail","6":"product_cat-koszulki-bluzy-sukienki","7":"product_cat-koszulki-damskie","8":"product_tag-bawelna","9":"product_tag-bialy","10":"product_tag-geometryczny","11":"product_tag-koszulka","12":"product_shipping_class-koszulki","13":"pa_rozmiar-l","14":"pa_rozmiar-m","15":"pa_rozmiar-s","17":"first","18":"instock","19":"sale","20":"shipping-taxable","21":"purchasable","22":"product-type-variable","23":"has-default-attributes"},"_links":{"self":[{"href":"https:\/\/to-moje.com\/index.php\/wp-json\/wp\/v2\/product\/652","targetHints":{"allow":["GET"]}}],"collection":[{"href":"https:\/\/to-moje.com\/index.php\/wp-json\/wp\/v2\/product"}],"about":[{"href":"https:\/\/to-moje.com\/index.php\/wp-json\/wp\/v2\/types\/product"}],"replies":[{"embeddable":true,"href":"https:\/\/to-moje.com\/index.php\/wp-json\/wp\/v2\/comments?post=652"}],"wp:featuredmedia":[{"embeddable":true,"href":"https:\/\/to-moje.com\/index.php\/wp-json\/wp\/v2\/media\/657"}],"wp:attachment":[{"href":"https:\/\/to-moje.com\/index.php\/wp-json\/wp\/v2\/media?parent=652"}],"wp:term":[{"taxonomy":"product_brand","embeddable":true,"href":"https:\/\/to-moje.com\/index.php\/wp-json\/wp\/v2\/product_brand?post=652"},{"taxonomy":"product_cat","embeddable":true,"href":"https:\/\/to-moje.com\/index.php\/wp-json\/wp\/v2\/product_cat?post=652"},{"taxonomy":"product_tag","embeddable":true,"href":"https:\/\/to-moje.com\/index.php\/wp-json\/wp\/v2\/product_tag?post=652"}],"curies":[{"name":"wp","href":"https:\/\/api.w.org\/{rel}","templated":true}]}}