{"id":5277,"date":"2022-12-06T16:28:35","date_gmt":"2022-12-06T15:28:35","guid":{"rendered":"https:\/\/to-moje.com\/?post_type=product&#038;p=5277"},"modified":"2025-04-07T15:21:53","modified_gmt":"2025-04-07T13:21:53","slug":"sukienka-do-zadan-specjalnych","status":"publish","type":"product","link":"https:\/\/to-moje.com\/index.php\/produkt\/sukienka-do-zadan-specjalnych\/","title":{"rendered":"Sukienka do zada\u0144 specjalnych"},"content":{"rendered":"","protected":false},"excerpt":{"rendered":"<p>Nie masz pomys\u0142u co za\u0142o\u017cy\u0107 na \u015bwi\u0119ta, imieniny u cioci, randk\u0119, a mo\u017ce do biura?<\/p>\n<p>Mam dla Ciebie super propozycj\u0119, ta sukienka nie przez przypadek ma tak\u0105 nazw\u0119!<\/p>\n<p>Jest:<\/p>\n<p>efektowna dzi\u0119ki ko\u0142nierzowi z falbank\u0105 i bufiastym r\u0119kawom,<\/p>\n<p>wygodna, bo mo\u017cesz w niej zje\u015b\u0107 ile chcesz i nie musisz si\u0119 przejmowa\u0107, \u017ce kto\u015b Ci to wypomni,<\/p>\n<p>ca\u0142kiem sexy, bo troch\u0119 zakrywa i zostawia tajemnic\u0119, ale troch\u0119 te\u017c odkrywa, jak Twoje spektakularne nogi!<\/p>\n<p>Sprawdzi si\u0119 do kozak\u00f3w, szpilek, koturn\u00f3w, czy po prostu do trampek!<\/p>\n<p>A teraz odrobina konkret\u00f3w!<\/p>\n<p>Ko\u0142nierz i bufiaste r\u0119kawy mo\u017cesz kojarzy\u0107 z moich poprzednich bluzkowych projekt\u00f3w.<\/p>\n<p>Odci\u0119cie delikatnie nad lini\u0105 talii i mocno marszczony d\u00f3\u0142 daj\u0105 uroczy efekt.<\/p>\n<p>Sukienka jest taka nie za kr\u00f3tka i nie za d\u0142uga, dolna cz\u0119\u015b\u0107 ma 50cm.<\/p>\n<p>Uszyta zosta\u0142a z tkaniny o nazwie etamina, w kt\u00f3rej sk\u0142ad wchodz\u0105:<\/p>\n<p>kolor czarny 35% bawe\u0142na; 65% poliester,<\/p>\n<p>kolor morski 100% bawe\u0142na.<\/p>\n<p>Szeroko\u015b\u0107 od pachy do pachy na p\u0142asko:<br \/>\nS- 94cm<br \/>\nM- 100cm<br \/>\nL- 106cm<br \/>\nJe\u015bli nie jeste\u015b pewna jaki rozmiar wybra\u0107, napisz mi swoje wymiary, a dopasuj\u0119 j\u0105 dla Ciebie.<br \/>\nKa\u017cda sztuka odszywana jest dopiero po z\u0142o\u017ceniu zam\u00f3wienia. Je\u015bli potrzebujesz innego rozmiaru, napisz- uszyj\u0119 go dla Ciebie!<br \/>\nCzas realizacji to 5-7 dni roboczych.<\/p>\n<p>Mam 174 cm wzrostu, 105cm w biu\u015bcie i na zdj\u0119ciach mam na sobie rozmiar L.<\/p>\n<p>&nbsp;<\/p>\n<p>&nbsp;<\/p>\n","protected":false},"featured_media":5281,"comment_status":"closed","ping_status":"closed","template":"","meta":[],"product_brand":[],"product_cat":[215,15],"product_tag":[429,431,377,434,347,433,260,432,219,430],"class_list":{"0":"post-5277","1":"product","2":"type-product","3":"status-publish","4":"has-post-thumbnail","6":"product_cat-sukienki","7":"product_cat-akcesoria","8":"product_tag-czarna-sukienka","9":"product_tag-okazjonalna-sukienka","10":"product_tag-smart-casual","11":"product_tag-sukienka-ciemna-zielen","12":"product_tag-sukienka-mini","13":"product_tag-sukienka-na-swieta","14":"product_tag-sukienka-z-bawelny","15":"product_tag-sukienka-z-dlugim-rekawem","16":"product_tag-sukienka-z-kolnierzem","17":"product_tag-uniwersalna-sukienka","18":"pa_rozmiar-l","19":"pa_rozmiar-m","20":"pa_rozmiar-s","22":"first","23":"instock","24":"shipping-taxable","25":"purchasable","26":"product-type-variable"},"_links":{"self":[{"href":"https:\/\/to-moje.com\/index.php\/wp-json\/wp\/v2\/product\/5277","targetHints":{"allow":["GET"]}}],"collection":[{"href":"https:\/\/to-moje.com\/index.php\/wp-json\/wp\/v2\/product"}],"about":[{"href":"https:\/\/to-moje.com\/index.php\/wp-json\/wp\/v2\/types\/product"}],"replies":[{"embeddable":true,"href":"https:\/\/to-moje.com\/index.php\/wp-json\/wp\/v2\/comments?post=5277"}],"wp:featuredmedia":[{"embeddable":true,"href":"https:\/\/to-moje.com\/index.php\/wp-json\/wp\/v2\/media\/5281"}],"wp:attachment":[{"href":"https:\/\/to-moje.com\/index.php\/wp-json\/wp\/v2\/media?parent=5277"}],"wp:term":[{"taxonomy":"product_brand","embeddable":true,"href":"https:\/\/to-moje.com\/index.php\/wp-json\/wp\/v2\/product_brand?post=5277"},{"taxonomy":"product_cat","embeddable":true,"href":"https:\/\/to-moje.com\/index.php\/wp-json\/wp\/v2\/product_cat?post=5277"},{"taxonomy":"product_tag","embeddable":true,"href":"https:\/\/to-moje.com\/index.php\/wp-json\/wp\/v2\/product_tag?post=5277"}],"curies":[{"name":"wp","href":"https:\/\/api.w.org\/{rel}","templated":true}]}}