{"id":2280,"date":"2021-03-27T20:48:27","date_gmt":"2021-03-27T19:48:27","guid":{"rendered":"http:\/\/to-moje.com\/?post_type=product&#038;p=2280"},"modified":"2026-02-10T11:57:24","modified_gmt":"2026-02-10T10:57:24","slug":"duzy-kolnierz-z-eko-skory-pastelowy-roz","status":"publish","type":"product","link":"https:\/\/to-moje.com\/index.php\/produkt\/duzy-kolnierz-z-eko-skory-pastelowy-roz\/","title":{"rendered":"Du\u017cy ko\u0142nierz z eko sk\u00f3ry pastelowy r\u00f3\u017c"},"content":{"rendered":"","protected":false},"excerpt":{"rendered":"<p>Du\u017cy ko\u0142nierz wykonany z \u0142\u0105czonych materia\u0142\u00f3w.<br \/>\nG\u00f3ra to eko sk\u00f3ra odzie\u017cowa w kolorze pastelowego r\u00f3\u017cu. D\u00f3\u0142 natomiast tkanina bawe\u0142niana w zbli\u017conym kolorze.<br \/>\nZapinany na ukryty guzik.<br \/>\nIdealny dodatek do uzupe\u0142nienia stylizacji.<\/p>\n","protected":false},"featured_media":2281,"comment_status":"closed","ping_status":"closed","template":"","meta":[],"product_brand":[],"product_cat":[198,15],"product_tag":[235,200,239,95,252],"class_list":{"0":"post-2280","1":"product","2":"type-product","3":"status-publish","4":"has-post-thumbnail","6":"product_cat-kolnierzyki","7":"product_cat-akcesoria","8":"product_tag-duzy-kolnierz","9":"product_tag-kolnierz","10":"product_tag-kolnierz-z-eko-skory","11":"product_tag-rozowy","12":"product_tag-rozowy-kolnierz","14":"first","15":"outofstock","16":"shipping-taxable","17":"purchasable","18":"product-type-simple"},"_links":{"self":[{"href":"https:\/\/to-moje.com\/index.php\/wp-json\/wp\/v2\/product\/2280","targetHints":{"allow":["GET"]}}],"collection":[{"href":"https:\/\/to-moje.com\/index.php\/wp-json\/wp\/v2\/product"}],"about":[{"href":"https:\/\/to-moje.com\/index.php\/wp-json\/wp\/v2\/types\/product"}],"replies":[{"embeddable":true,"href":"https:\/\/to-moje.com\/index.php\/wp-json\/wp\/v2\/comments?post=2280"}],"wp:featuredmedia":[{"embeddable":true,"href":"https:\/\/to-moje.com\/index.php\/wp-json\/wp\/v2\/media\/2281"}],"wp:attachment":[{"href":"https:\/\/to-moje.com\/index.php\/wp-json\/wp\/v2\/media?parent=2280"}],"wp:term":[{"taxonomy":"product_brand","embeddable":true,"href":"https:\/\/to-moje.com\/index.php\/wp-json\/wp\/v2\/product_brand?post=2280"},{"taxonomy":"product_cat","embeddable":true,"href":"https:\/\/to-moje.com\/index.php\/wp-json\/wp\/v2\/product_cat?post=2280"},{"taxonomy":"product_tag","embeddable":true,"href":"https:\/\/to-moje.com\/index.php\/wp-json\/wp\/v2\/product_tag?post=2280"}],"curies":[{"name":"wp","href":"https:\/\/api.w.org\/{rel}","templated":true}]}}