{"id":16400,"date":"2026-02-07T19:30:59","date_gmt":"2026-02-07T18:30:59","guid":{"rendered":"https:\/\/to-moje.com\/?post_type=product&#038;p=16400"},"modified":"2026-02-27T09:30:53","modified_gmt":"2026-02-27T08:30:53","slug":"torebka-rogalik-zig-zag-czerwona","status":"publish","type":"product","link":"https:\/\/to-moje.com\/index.php\/produkt\/torebka-rogalik-zig-zag-czerwona\/","title":{"rendered":"Torebka Rogalik zig-zag czerwona"},"content":{"rendered":"","protected":false},"excerpt":{"rendered":"<p>Torebka Rogalik wykonana zosta\u0142a z bawe\u0142nianej tkaniny w w abstrakcyjne wzory w kolorach r\u00f3\u017cowo-czerwonych.<br \/>\nNiew\u0105tpliwym atutem tej torebki s\u0105 sporych rozmiar\u00f3w falbanki.<br \/>\nJest ona p\u00f3\u0142okr\u0105g\u0142a w formie, ale na tyle sporych rozmiar\u00f3w, \u017ce bez problemu pomie\u015bcisz w niej najpotrzebniejsze rzeczy!<br \/>\nW \u015brodku dodatkowo znajduj\u0105 si\u0119 dwie kieszonki, do kt\u00f3rych mo\u017cesz schowa\u0107 np. telefon czy klucze.<br \/>\nMa\u0142ym akcentem i przy okazji uk\u0142onem w stron\u0119 tomojowych fashion girls jest szlufka, kt\u00f3ra wszyta zosta\u0142a przy zamku z my\u015bl\u0105 o przypinaniu do niej ulubionych bryloczk\u00f3w, dzi\u0119ki kt\u00f3rym nadasz torebce indywidualny styl.<br \/>\nZamek i pasek zosta\u0142y przeze mnie dopasowane kolorystycznie, dodatkowo pasek jest regulowany, dzi\u0119ki czemu to od Ciebie zale\u017cy w jaki spos\u00f3b b\u0119dziesz j\u0105 nosi\u0107.<\/p>\n<p>Materia\u0142 zewn\u0119trzny- 100% bawe\u0142na<br \/>\nMateria\u0142 wewn\u0119trzny i falbany: 100% bawe\u0142na.<br \/>\nElementy metalowe: nikiel<\/p>\n<p>Wymiary (podawane s\u0105 najwy\u017csze warto\u015bci, bo torebka ma zaokr\u0105lony kszta\u0142t):<br \/>\nszeroko\u015b\u0107 34cm<br \/>\nwysoko\u015b\u0107 19,5cm<br \/>\ng\u0142\u0119boko\u015b\u0107 11cm<\/p>\n<p>Producent:<br \/>\nAgnieszka Rogozi\u0144ska To Moje<\/p>\n<p>*breloczek jest tylko jako pogl\u0105dowy dodatek, nie jest sprzedawany z torebk\u0105.<\/p>\n","protected":false},"featured_media":16401,"comment_status":"closed","ping_status":"closed","template":"","meta":[],"product_brand":[],"product_cat":[207,300],"product_tag":[821,357,305,301,825,814,830],"class_list":{"0":"post-16400","1":"product","2":"type-product","3":"status-publish","4":"has-post-thumbnail","6":"product_cat-nerki-worki-torebki","7":"product_cat-torebki","8":"product_tag-czerwona-torebka","9":"product_tag-kolorowa-torebka","10":"product_tag-okragla-torebka","11":"product_tag-torebka-na-ramie","12":"product_tag-torebka-we-wzory","13":"product_tag-torebka-z-falbankami","14":"product_tag-torebka-nerka","16":"first","17":"instock","18":"shipping-taxable","19":"purchasable","20":"product-type-simple"},"_links":{"self":[{"href":"https:\/\/to-moje.com\/index.php\/wp-json\/wp\/v2\/product\/16400","targetHints":{"allow":["GET"]}}],"collection":[{"href":"https:\/\/to-moje.com\/index.php\/wp-json\/wp\/v2\/product"}],"about":[{"href":"https:\/\/to-moje.com\/index.php\/wp-json\/wp\/v2\/types\/product"}],"replies":[{"embeddable":true,"href":"https:\/\/to-moje.com\/index.php\/wp-json\/wp\/v2\/comments?post=16400"}],"wp:featuredmedia":[{"embeddable":true,"href":"https:\/\/to-moje.com\/index.php\/wp-json\/wp\/v2\/media\/16401"}],"wp:attachment":[{"href":"https:\/\/to-moje.com\/index.php\/wp-json\/wp\/v2\/media?parent=16400"}],"wp:term":[{"taxonomy":"product_brand","embeddable":true,"href":"https:\/\/to-moje.com\/index.php\/wp-json\/wp\/v2\/product_brand?post=16400"},{"taxonomy":"product_cat","embeddable":true,"href":"https:\/\/to-moje.com\/index.php\/wp-json\/wp\/v2\/product_cat?post=16400"},{"taxonomy":"product_tag","embeddable":true,"href":"https:\/\/to-moje.com\/index.php\/wp-json\/wp\/v2\/product_tag?post=16400"}],"curies":[{"name":"wp","href":"https:\/\/api.w.org\/{rel}","templated":true}]}}

<p>Torebka Rogalik wykonana została z bawełnianej tkaniny w w abstrakcyjne wzory w kolorach różowo-czerwonych.<br />
Niewątpliwym atutem tej torebki są sporych rozmiarów falbanki.<br />
Jest ona półokrągła w formie, ale na tyle sporych rozmiarów, że bez problemu pomieścisz w niej najpotrzebniejsze rzeczy!<br />
W środku dodatkowo znajdują się dwie kieszonki, do których możesz schować np. telefon czy klucze.<br />
Małym akcentem i przy okazji ukłonem w stronę tomojowych fashion girls jest szlufka, która wszyta została przy zamku z myślą o przypinaniu do niej ulubionych bryloczków, dzięki którym nadasz torebce indywidualny styl.<br />
Zamek i pasek zostały przeze mnie dopasowane kolorystycznie, dodatkowo pasek jest regulowany, dzięki czemu to od Ciebie zależy w jaki sposób będziesz ją nosić.</p>
<p>Materiał zewnętrzny- 100% bawełna<br />
Materiał wewnętrzny i falbany: 100% bawełna.<br />
Elementy metalowe: nikiel</p>
<p>Wymiary (podawane są najwyższe wartości, bo torebka ma zaokrąlony kształt):<br />
szerokość 34cm<br />
wysokość 19,5cm<br />
głębokość 11cm</p>
<p>Producent:<br />
Agnieszka Rogozińska To Moje</p>
<p>*breloczek jest tylko jako poglądowy dodatek, nie jest sprzedawany z torebką.</p>
