{"id":16273,"date":"2026-01-19T19:38:25","date_gmt":"2026-01-19T18:38:25","guid":{"rendered":"https:\/\/to-moje.com\/?post_type=product&#038;p=16273"},"modified":"2026-02-04T18:22:33","modified_gmt":"2026-02-04T17:22:33","slug":"nerka-wspomnienie-wiosny-bordo","status":"publish","type":"product","link":"https:\/\/to-moje.com\/index.php\/produkt\/nerka-wspomnienie-wiosny-bordo\/","title":{"rendered":"Nerka Wspomnienie Wiosny Bordo"},"content":{"rendered":"","protected":false},"excerpt":{"rendered":"<p>Nerka wykonana zosta\u0142a z mi\u0119kkiego i przyjemnego w dotyku materia\u0142u o strukturze tzw. baranka w kolorze bordowym w ciemnor\u00f3\u017cowe kwiaty.<br \/>\nPowsta\u0142a ona z ko\u0144c\u00f3wki materia\u0142u, kt\u00f3ra zosta\u0142a mi po krojeniu kamizelek, jest to m\u00f3j spos\u00f3b na maksymalne wykorzystanie materia\u0142u, dlatego te\u017c ilo\u015b\u0107 ich jest ograniczona.<\/p>\n<p>Sk\u0142ad:<br \/>\ntkanina zewn\u0119trzna: 100% poliester,<br \/>\npodszewka: 100% bawe\u0142na<\/p>\n<p>Dost\u0119pna w dw\u00f3ch rozmiarach:<br \/>\n-XL wymiary ok 42 x 27 cm,<br \/>\n-L wymiary ok 37 x 23 cm,<\/p>\n<p>Pomie\u015bci naprawd\u0119 wiele, \u015bwietnie sprawdzi si\u0119 w podr\u00f3\u017cy, na festiwalach czy po prostu na co dzie\u0144 je\u015bli cenisz sobie wygod\u0119 i wolne r\u0119ce.<br \/>\nW \u015brodku znajduje si\u0119 podszewka kolorystycznie dopasowana do zewn\u0119trznej tkaniny, a na tyle dodatkowa kiesze\u0144. Tutaj te\u017c staram si\u0119 wykorzysta\u0107 ko\u0144c\u00f3wki tkanin jakie mi zosta\u0142y.<br \/>\nRegulowany pasek- d\u0142ugo\u015b\u0107 przy \u015bci\u0105gni\u0119tym pasku 70cm, a po maksymalnym rozci\u0105gni\u0119ciu 96cm-w ka\u017cdym rozmiarze pasek jest tej samej d\u0142ugo\u015bci (do ca\u0142kowitego obwodu nale\u017cy doda\u0107 wielko\u015b\u0107 nerki).<br \/>\nNa zdj\u0119ciu mam na sobie rozmiar L.<\/p>\n<p>Producent: To Moje Agnieszka Rogozi\u0144ska<\/p>\n","protected":false},"featured_media":16276,"comment_status":"closed","ping_status":"closed","template":"","meta":[],"product_brand":[],"product_cat":[207,105],"product_tag":[135,254,734,284,316,312,290,567,266,569,570,568,264,813],"class_list":{"0":"post-16273","1":"product","2":"type-product","3":"status-publish","4":"has-post-thumbnail","6":"product_cat-nerki-worki-torebki","7":"product_cat-nerki","8":"product_tag-bordowa-nerka","9":"product_tag-duza-nerka","10":"product_tag-futrzana-nerka","11":"product_tag-kolorowa-nerka","12":"product_tag-nerka-na-co-dzien","13":"product_tag-nerka-na-festiwal","14":"product_tag-nerka-na-impreze","15":"product_tag-nerka-na-koncert","16":"product_tag-nerka-na-wyjazd","17":"product_tag-nerka-to-moje","18":"product_tag-nerka-w-kwiaty","19":"product_tag-nerka-we-wzory","20":"product_tag-pojemna-nerka","21":"product_tag-polarowa-nerka","22":"pa_rozmiar-l","23":"pa_rozmiar-m","24":"pa_rozmiar-xl","26":"first","27":"instock","28":"shipping-taxable","29":"purchasable","30":"product-type-variable"},"_links":{"self":[{"href":"https:\/\/to-moje.com\/index.php\/wp-json\/wp\/v2\/product\/16273","targetHints":{"allow":["GET"]}}],"collection":[{"href":"https:\/\/to-moje.com\/index.php\/wp-json\/wp\/v2\/product"}],"about":[{"href":"https:\/\/to-moje.com\/index.php\/wp-json\/wp\/v2\/types\/product"}],"replies":[{"embeddable":true,"href":"https:\/\/to-moje.com\/index.php\/wp-json\/wp\/v2\/comments?post=16273"}],"wp:featuredmedia":[{"embeddable":true,"href":"https:\/\/to-moje.com\/index.php\/wp-json\/wp\/v2\/media\/16276"}],"wp:attachment":[{"href":"https:\/\/to-moje.com\/index.php\/wp-json\/wp\/v2\/media?parent=16273"}],"wp:term":[{"taxonomy":"product_brand","embeddable":true,"href":"https:\/\/to-moje.com\/index.php\/wp-json\/wp\/v2\/product_brand?post=16273"},{"taxonomy":"product_cat","embeddable":true,"href":"https:\/\/to-moje.com\/index.php\/wp-json\/wp\/v2\/product_cat?post=16273"},{"taxonomy":"product_tag","embeddable":true,"href":"https:\/\/to-moje.com\/index.php\/wp-json\/wp\/v2\/product_tag?post=16273"}],"curies":[{"name":"wp","href":"https:\/\/api.w.org\/{rel}","templated":true}]}}