{"id":16188,"date":"2025-12-06T19:29:27","date_gmt":"2025-12-06T18:29:27","guid":{"rendered":"https:\/\/to-moje.com\/?post_type=product&#038;p=16188"},"modified":"2026-04-26T12:24:58","modified_gmt":"2026-04-26T10:24:58","slug":"nerka-denimowy-slodziak","status":"publish","type":"product","link":"https:\/\/to-moje.com\/index.php\/produkt\/nerka-denimowy-slodziak\/","title":{"rendered":"Nerka Denimowy S\u0142odziak"},"content":{"rendered":"","protected":false},"excerpt":{"rendered":"<p>Nerka wykonana zosta\u0142a z denimu w ciemnym kolorze.<br \/>\nJest to uniwersalny i ponadczasowy materia\u0142, kt\u00f3ry sprawdzi si\u0119 w wielu stylizacjach.<br \/>\nW tym modelu doda\u0142am urocz\u0105 i szerok\u0105 falbank\u0119, kt\u00f3ra sta\u0142a si\u0119 ciekawym i dziewcz\u0119cym akcentem.<\/p>\n<p>Sk\u0142ad:<br \/>\ntkanina zewn\u0119trzna: 100% bawe\u0142na<br \/>\npodszewka: 100% bawe\u0142na<\/p>\n<p>Dost\u0119pna w trzech rozmiarach do wyboru:<br \/>\n-XL wymiary ok 42 x 27 cm,<br \/>\n-L wymiary ok 37 x 23 cm,<br \/>\n-M wymiary ok 29 x 18 cm.<\/p>\n<p>Pomie\u015bci naprawd\u0119 wiele, \u015bwietnie sprawdzi si\u0119 w podr\u00f3\u017cy, na festiwalach czy po prostu na co dzie\u0144 je\u015bli cenisz sobie wygod\u0119 i wolne r\u0119ce.<br \/>\nW \u015brodku znajduje si\u0119 podszewka kolorystycznie dopasowana do zewn\u0119trznej tkaniny, a na tyle dodatkowa kiesze\u0144.<br \/>\nRegulowany pasek- d\u0142ugo\u015b\u0107 przy \u015bci\u0105gni\u0119tym pasku 70cm, a po maksymalnym rozci\u0105gni\u0119ciu 96cm-w ka\u017cdym rozmiarze pasek jest tej samej d\u0142ugo\u015bci (do ca\u0142kowitego obwodu nale\u017cy doda\u0107 wielko\u015b\u0107 nerki).<\/p>\n<p>Producent: To Moje Agnieszka Rogozi\u0144ska<\/p>\n","protected":false},"featured_media":16192,"comment_status":"closed","ping_status":"closed","template":"","meta":[],"product_brand":[],"product_cat":[105,207],"product_tag":[811,254,227,284,316,312,290,567,266,569,810,264],"class_list":{"0":"post-16188","1":"product","2":"type-product","3":"status-publish","4":"has-post-thumbnail","6":"product_cat-nerki","7":"product_cat-nerki-worki-torebki","8":"product_tag-denimowa-nerka","9":"product_tag-duza-nerka","10":"product_tag-jeansowa-nerka","11":"product_tag-kolorowa-nerka","12":"product_tag-nerka-na-co-dzien","13":"product_tag-nerka-na-festiwal","14":"product_tag-nerka-na-impreze","15":"product_tag-nerka-na-koncert","16":"product_tag-nerka-na-wyjazd","17":"product_tag-nerka-to-moje","18":"product_tag-nerka-z-falbanka","19":"product_tag-pojemna-nerka","20":"pa_rozmiar-l","21":"pa_rozmiar-m","22":"pa_rozmiar-xl","24":"first","25":"instock","26":"shipping-taxable","27":"purchasable","28":"product-type-variable"},"_links":{"self":[{"href":"https:\/\/to-moje.com\/index.php\/wp-json\/wp\/v2\/product\/16188","targetHints":{"allow":["GET"]}}],"collection":[{"href":"https:\/\/to-moje.com\/index.php\/wp-json\/wp\/v2\/product"}],"about":[{"href":"https:\/\/to-moje.com\/index.php\/wp-json\/wp\/v2\/types\/product"}],"replies":[{"embeddable":true,"href":"https:\/\/to-moje.com\/index.php\/wp-json\/wp\/v2\/comments?post=16188"}],"wp:featuredmedia":[{"embeddable":true,"href":"https:\/\/to-moje.com\/index.php\/wp-json\/wp\/v2\/media\/16192"}],"wp:attachment":[{"href":"https:\/\/to-moje.com\/index.php\/wp-json\/wp\/v2\/media?parent=16188"}],"wp:term":[{"taxonomy":"product_brand","embeddable":true,"href":"https:\/\/to-moje.com\/index.php\/wp-json\/wp\/v2\/product_brand?post=16188"},{"taxonomy":"product_cat","embeddable":true,"href":"https:\/\/to-moje.com\/index.php\/wp-json\/wp\/v2\/product_cat?post=16188"},{"taxonomy":"product_tag","embeddable":true,"href":"https:\/\/to-moje.com\/index.php\/wp-json\/wp\/v2\/product_tag?post=16188"}],"curies":[{"name":"wp","href":"https:\/\/api.w.org\/{rel}","templated":true}]}}

Nerka Denimowy Słodziak

<p>Nerka wykonana została z denimu w ciemnym kolorze.<br />
Jest to uniwersalny i ponadczasowy materiał, który sprawdzi się w wielu stylizacjach.<br />
W tym modelu dodałam uroczą i szeroką falbankę, która stała się ciekawym i dziewczęcym akcentem.</p>
<p>Skład:<br />
tkanina zewnętrzna: 100% bawełna<br />
podszewka: 100% bawełna</p>
<p>Dostępna w trzech rozmiarach do wyboru:<br />
-XL wymiary ok 42 x 27 cm,<br />
-L wymiary ok 37 x 23 cm,<br />
-M wymiary ok 29 x 18 cm.</p>
<p>Pomieści naprawdę wiele, świetnie sprawdzi się w podróży, na festiwalach czy po prostu na co dzień jeśli cenisz sobie wygodę i wolne ręce.<br />
W środku znajduje się podszewka kolorystycznie dopasowana do zewnętrznej tkaniny, a na tyle dodatkowa kieszeń.<br />
Regulowany pasek- długość przy ściągniętym pasku 70cm, a po maksymalnym rozciągnięciu 96cm-w każdym rozmiarze pasek jest tej samej długości (do całkowitego obwodu należy dodać wielkość nerki).</p>
<p>Producent: To Moje Agnieszka Rogozińska</p>
