{"id":16147,"date":"2025-12-06T19:02:10","date_gmt":"2025-12-06T18:02:10","guid":{"rendered":"https:\/\/to-moje.com\/?post_type=product&#038;p=16147"},"modified":"2026-01-14T17:54:53","modified_gmt":"2026-01-14T16:54:53","slug":"kolnierzyk-totalna-abstrakcja","status":"publish","type":"product","link":"https:\/\/to-moje.com\/index.php\/produkt\/kolnierzyk-totalna-abstrakcja\/","title":{"rendered":"Ko\u0142nierzyk Totalna Abstrakcja"},"content":{"rendered":"","protected":false},"excerpt":{"rendered":"<p>Wi\u0105zany ko\u0142nierzyk wykonany z tkaniny bawe\u0142nianej drukowanej kolorowe abstrakcyjne wzory.<br \/>\nWyko\u0144czony urocz\u0105 falbank\u0105 z tego samego materia\u0142u.<br \/>\nKo\u0142nierzyk wyst\u0119puje w jednym rozmiarze.<br \/>\nTo \u015bwietny dodatek do outfitu, wystarczy za\u0142o\u017cy\u0107 go do t-shirta, bluzy, czy sweterka by nada\u0107 swojej stylizacji zupe\u0142nie inny charakter.<\/p>\n<p>Sk\u0142ad: 100% bawe\u0142na.<\/p>\n<p>Czas realizacji to ok 5-7 dni roboczych, mo\u017ce si\u0119 on zmieni\u0107 w zale\u017cno\u015bci od ilo\u015bci zam\u00f3wie\u0144.<br \/>\nKolory na zdj\u0119ciu mog\u0105 si\u0119 r\u00f3\u017cni\u0107 od tych w rzeczywisto\u015bci.<br \/>\nJe\u015bli nie jeste\u015b pewien\/pewna wyboru i masz jakie\u015b pytania, napisz do mnie maila lub odwezwij si\u0119 na instagramie to_moje \ud83d\ude42<\/p>\n<p>Producent: Agnieszka Rogozi\u0144ska To Moje<\/p>\n","protected":false},"featured_media":16148,"comment_status":"closed","ping_status":"closed","template":"","meta":[],"product_brand":[],"product_cat":[198,15],"product_tag":[576,558,557,200,556,199,807,587,555,717],"class_list":{"0":"post-16147","1":"product","2":"type-product","3":"status-publish","4":"has-post-thumbnail","6":"product_cat-kolnierzyki","7":"product_cat-akcesoria","8":"product_tag-bawelniany-kolnierzyk","9":"product_tag-kolorowe-akcesoria","10":"product_tag-kolorowy-kolnierzyk","11":"product_tag-kolnierz","12":"product_tag-kolnierz-z-bawelny","13":"product_tag-kolnierzyk","14":"product_tag-kolnierzyk-w-kotki","15":"product_tag-kolnierzyk-z-falbanka","16":"product_tag-rozowy-kolnierzyk","17":"product_tag-wiazany-kolnierzyk","19":"first","20":"instock","21":"shipping-taxable","22":"purchasable","23":"product-type-simple"},"_links":{"self":[{"href":"https:\/\/to-moje.com\/index.php\/wp-json\/wp\/v2\/product\/16147","targetHints":{"allow":["GET"]}}],"collection":[{"href":"https:\/\/to-moje.com\/index.php\/wp-json\/wp\/v2\/product"}],"about":[{"href":"https:\/\/to-moje.com\/index.php\/wp-json\/wp\/v2\/types\/product"}],"replies":[{"embeddable":true,"href":"https:\/\/to-moje.com\/index.php\/wp-json\/wp\/v2\/comments?post=16147"}],"wp:featuredmedia":[{"embeddable":true,"href":"https:\/\/to-moje.com\/index.php\/wp-json\/wp\/v2\/media\/16148"}],"wp:attachment":[{"href":"https:\/\/to-moje.com\/index.php\/wp-json\/wp\/v2\/media?parent=16147"}],"wp:term":[{"taxonomy":"product_brand","embeddable":true,"href":"https:\/\/to-moje.com\/index.php\/wp-json\/wp\/v2\/product_brand?post=16147"},{"taxonomy":"product_cat","embeddable":true,"href":"https:\/\/to-moje.com\/index.php\/wp-json\/wp\/v2\/product_cat?post=16147"},{"taxonomy":"product_tag","embeddable":true,"href":"https:\/\/to-moje.com\/index.php\/wp-json\/wp\/v2\/product_tag?post=16147"}],"curies":[{"name":"wp","href":"https:\/\/api.w.org\/{rel}","templated":true}]}}

Kołnierzyk Totalna Abstrakcja

<p>Wiązany kołnierzyk wykonany z tkaniny bawełnianej drukowanej kolorowe abstrakcyjne wzory.<br />
Wykończony uroczą falbanką z tego samego materiału.<br />
Kołnierzyk występuje w jednym rozmiarze.<br />
To świetny dodatek do outfitu, wystarczy założyć go do t-shirta, bluzy, czy sweterka by nadać swojej stylizacji zupełnie inny charakter.</p>
<p>Skład: 100% bawełna.</p>
<p>Czas realizacji to ok 5-7 dni roboczych, może się on zmienić w zależności od ilości zamówień.<br />
Kolory na zdjęciu mogą się różnić od tych w rzeczywistości.<br />
Jeśli nie jesteś pewien/pewna wyboru i masz jakieś pytania, napisz do mnie maila lub odwezwij się na instagramie to_moje 🙂</p>
<p>Producent: Agnieszka Rogozińska To Moje</p>
