{"id":16098,"date":"2025-11-20T21:04:10","date_gmt":"2025-11-20T20:04:10","guid":{"rendered":"https:\/\/to-moje.com\/?post_type=product&#038;p=16098"},"modified":"2026-03-02T12:24:56","modified_gmt":"2026-03-02T11:24:56","slug":"koszula-rozowa-polana","status":"publish","type":"product","link":"https:\/\/to-moje.com\/index.php\/produkt\/koszula-rozowa-polana\/","title":{"rendered":"Koszula R\u00f3\u017cowa Polana"},"content":{"rendered":"","protected":false},"excerpt":{"rendered":"<p>Koszula R\u00f3\u017cowa Polana zosta\u0142a wykonana z r\u00f3\u017cowej popeliny bawe\u0142nianej drukowanej w kolorowe kwiaty.<\/p>\n<p>Ten model to kwintesencja uroku-g\u0142ownie ze wzgl\u0119du na kolorystyk\u0119 i florystyczny wz\u00f3r. Jednak niew\u0105tpliwie najwi\u0119kszym atutem koszuli s\u0105 bardzo obszerne, bufiaste r\u0119kawy, z obni\u017con\u0105 lini\u0105 pachy i mankietami wyko\u0144czonymi gumk\u0105 i falbank\u0105. Do tego nie zapominajmy o ko\u0142nierzu! Tym razem wyko\u0144czonym na g\u0142adko, bez falbanki.<\/p>\n<p>Jest to koszula o lu\u017anym kroju, nieco bardziej oversize. To \u015bwietna propozycja zar\u00f3wno do biura i bardziej formalnych outfit\u00f3w, jak i na co dzie\u0144 po prostu do d\u017cins\u00f3w, czy sp\u00f3dnic.<\/p>\n<p>Wymiary (obw\u00f3d biustu):<br \/>\nS- 105 cm<br \/>\nM- 115 cm<br \/>\nL- 125 cm<\/p>\n<p>Sk\u0142ad: 100% bawe\u0142na<\/p>\n<p>Wszystkie zam\u00f3wienia realizuj\u0119 na bie\u017c\u0105co. Czas realizacji to ok 10 dni roboczych.<br \/>\nJe\u015bli nie jeste\u015b pewna jaki rozmiar wybra\u0107 lub masz jakiekolwiek pytania napisz do mnie maila lub odezwij si\u0119 na instagramie:to_moje-pomog\u0119 \ud83d\ude42<\/p>\n<p>Mam 174 cm wzrostu i nosz\u0119 rozmiar L.<\/p>\n<p>Producent: Agnieszka Rogozi\u0144ska To Moje<\/p>\n","protected":false},"featured_media":16102,"comment_status":"open","ping_status":"closed","template":"","meta":[],"product_brand":[],"product_cat":[327,15],"product_tag":[507,366,380,505,510,509,402,513,805,512],"class_list":{"0":"post-16098","1":"product","2":"type-product","3":"status-publish","4":"has-post-thumbnail","6":"product_cat-bluzki-koszule","7":"product_cat-akcesoria","8":"product_tag-baweniana-koszula","9":"product_tag-bufiaste-rekawy","10":"product_tag-kolorowa-koszula","11":"product_tag-koszula","12":"product_tag-koszula-dla-niej","13":"product_tag-koszula-na-co-dzien","14":"product_tag-koszula-z-kolnierzem","15":"product_tag-luzna-koszula","16":"product_tag-rozowa-koszula-w-kwiaty","17":"product_tag-rozpinana-koszula","18":"pa_rozmiar-l","19":"pa_rozmiar-m","20":"pa_rozmiar-s","22":"first","23":"outofstock","24":"shipping-taxable","25":"purchasable","26":"product-type-variable"},"_links":{"self":[{"href":"https:\/\/to-moje.com\/index.php\/wp-json\/wp\/v2\/product\/16098","targetHints":{"allow":["GET"]}}],"collection":[{"href":"https:\/\/to-moje.com\/index.php\/wp-json\/wp\/v2\/product"}],"about":[{"href":"https:\/\/to-moje.com\/index.php\/wp-json\/wp\/v2\/types\/product"}],"replies":[{"embeddable":true,"href":"https:\/\/to-moje.com\/index.php\/wp-json\/wp\/v2\/comments?post=16098"}],"wp:featuredmedia":[{"embeddable":true,"href":"https:\/\/to-moje.com\/index.php\/wp-json\/wp\/v2\/media\/16102"}],"wp:attachment":[{"href":"https:\/\/to-moje.com\/index.php\/wp-json\/wp\/v2\/media?parent=16098"}],"wp:term":[{"taxonomy":"product_brand","embeddable":true,"href":"https:\/\/to-moje.com\/index.php\/wp-json\/wp\/v2\/product_brand?post=16098"},{"taxonomy":"product_cat","embeddable":true,"href":"https:\/\/to-moje.com\/index.php\/wp-json\/wp\/v2\/product_cat?post=16098"},{"taxonomy":"product_tag","embeddable":true,"href":"https:\/\/to-moje.com\/index.php\/wp-json\/wp\/v2\/product_tag?post=16098"}],"curies":[{"name":"wp","href":"https:\/\/api.w.org\/{rel}","templated":true}]}}

Koszula Różowa Polana

<p>Koszula Różowa Polana została wykonana z różowej popeliny bawełnianej drukowanej w kolorowe kwiaty.</p>
<p>Ten model to kwintesencja uroku-głownie ze względu na kolorystykę i florystyczny wzór. Jednak niewątpliwie największym atutem koszuli są bardzo obszerne, bufiaste rękawy, z obniżoną linią pachy i mankietami wykończonymi gumką i falbanką. Do tego nie zapominajmy o kołnierzu! Tym razem wykończonym na gładko, bez falbanki.</p>
<p>Jest to koszula o luźnym kroju, nieco bardziej oversize. To świetna propozycja zarówno do biura i bardziej formalnych outfitów, jak i na co dzień po prostu do dżinsów, czy spódnic.</p>
<p>Wymiary (obwód biustu):<br />
S- 105 cm<br />
M- 115 cm<br />
L- 125 cm</p>
<p>Skład: 100% bawełna</p>
<p>Wszystkie zamówienia realizuję na bieżąco. Czas realizacji to ok 10 dni roboczych.<br />
Jeśli nie jesteś pewna jaki rozmiar wybrać lub masz jakiekolwiek pytania napisz do mnie maila lub odezwij się na instagramie:to_moje-pomogę 🙂</p>
<p>Mam 174 cm wzrostu i noszę rozmiar L.</p>
<p>Producent: Agnieszka Rogozińska To Moje</p>
