{"id":16081,"date":"2025-11-20T20:52:16","date_gmt":"2025-11-20T19:52:16","guid":{"rendered":"https:\/\/to-moje.com\/?post_type=product&#038;p=16081"},"modified":"2026-04-07T12:34:46","modified_gmt":"2026-04-07T10:34:46","slug":"sukienka-dla-zodiakary","status":"publish","type":"product","link":"https:\/\/to-moje.com\/index.php\/produkt\/sukienka-dla-zodiakary\/","title":{"rendered":"Sukienka dla zodiakary"},"content":{"rendered":"","protected":false},"excerpt":{"rendered":"<p>Sukienka dla zodiakary wykonana zosta\u0142a bawe\u0142nianej tkaniny\u00a0 w kolorze r\u00f3\u017cowym ze wzorami w kolorze kobaltowym.<br \/>\nW tym modelu mamy dekolt w kszta\u0142cie V z nieco mniejszym ni\u017c dotychczas ko\u0142nierzykiem. Odci\u0119cie na wysoko\u015bci talii, dodatkowo zosta\u0142o podkre\u015blone z ty\u0142u gumk\u0105. G\u00f3ra sukienki zapinana na guziki w kszta\u0142cie serduszek. D\u0142ugie bufiaste r\u0119kawy, to kolejny element, kt\u00f3ry zazwyczaj pojawia si\u0119 w moich projektach, tym razem wyko\u0144czone gumk\u0105 i falbank\u0105, dzi\u0119ki czemu bez problemu mo\u017cemy sobie regulowa\u0107 ich d\u0142ugo\u015b\u0107.<\/p>\n<p>Kolorystyka sukienki sukienki napawa optymizmem, to po\u0142\u0105czenie kolor\u00f3w kt\u00f3rym na pewno zwr\u00f3cisz na siebie uwag\u0119.<\/p>\n<p>A teraz kilka technicznych informacji:<\/p>\n<p>Sk\u0142ad: 100% bawe\u0142na.<\/p>\n<p>Wymiary:<br \/>\nObw\u00f3d biustu (2x szeroko\u015b\u0107 od pachy do pachy na p\u0142asko):<br \/>\nS- 98cm<br \/>\nM- 104cm<br \/>\nL- 110cm<\/p>\n<p>D\u0142ugo\u015b\u0107 od odci\u0119cia do do\u0142u (w zale\u017cno\u015bci od rozmiaru mo\u017ce si\u0119 r\u00f3\u017cni\u0107 o ok 1-2cm) : w rozmiarze L widocznym na zdj\u0119ciach to ok 52cm.<\/p>\n<p>Je\u015bli nie jeste\u015b pewna jaki rozmiar wybra\u0107, napisz do mnie lub podaj swoje wymiary w notatce, dzi\u0119ki temu, \u017ce ka\u017cdy produkt szyj\u0119 dopiero po z\u0142o\u017ceniu zam\u00f3wienia, to mog\u0119 dopasowa\u0107 wymiary do Ciebie.<br \/>\nPodoba Ci si\u0119 fason, ale nie czujesz tego koloru? Nie ma problemu, napisz do mnie i postaram si\u0119 co\u015b dla Ciebie znale\u017a\u0107.<br \/>\nCzas realizacji w zale\u017cno\u015bci od ilo\u015bci zam\u00f3wie\u0144 to ok 10 dni roboczych.<\/p>\n<p>Mam 174cm wzrostu i mam na sobie rozmiar L.<\/p>\n<p>Producent: Agnieszka Rogozi\u0144ska To Moje<\/p>\n","protected":false},"featured_media":16085,"comment_status":"open","ping_status":"closed","template":"","meta":[],"product_brand":[],"product_cat":[215,15],"product_tag":[259,451,573,801,802,347,544,552,433,260,219],"class_list":{"0":"post-16081","1":"product","2":"type-product","3":"status-publish","4":"has-post-thumbnail","6":"product_cat-sukienki","7":"product_cat-akcesoria","8":"product_tag-bawelniana-sukienka","9":"product_tag-kolorowa-sukienka","10":"product_tag-krotka-sukienka","11":"product_tag-rozowa-sukienka-we-wzory","12":"product_tag-rozowa-sukienka-z-kolnierzem","13":"product_tag-sukienka-mini","14":"product_tag-sukienka-na-co-dzien","15":"product_tag-sukienka-na-okazje","16":"product_tag-sukienka-na-swieta","17":"product_tag-sukienka-z-bawelny","18":"product_tag-sukienka-z-kolnierzem","19":"pa_rozmiar-l","20":"pa_rozmiar-m","21":"pa_rozmiar-s","23":"first","24":"instock","25":"shipping-taxable","26":"purchasable","27":"product-type-variable"},"_links":{"self":[{"href":"https:\/\/to-moje.com\/index.php\/wp-json\/wp\/v2\/product\/16081","targetHints":{"allow":["GET"]}}],"collection":[{"href":"https:\/\/to-moje.com\/index.php\/wp-json\/wp\/v2\/product"}],"about":[{"href":"https:\/\/to-moje.com\/index.php\/wp-json\/wp\/v2\/types\/product"}],"replies":[{"embeddable":true,"href":"https:\/\/to-moje.com\/index.php\/wp-json\/wp\/v2\/comments?post=16081"}],"wp:featuredmedia":[{"embeddable":true,"href":"https:\/\/to-moje.com\/index.php\/wp-json\/wp\/v2\/media\/16085"}],"wp:attachment":[{"href":"https:\/\/to-moje.com\/index.php\/wp-json\/wp\/v2\/media?parent=16081"}],"wp:term":[{"taxonomy":"product_brand","embeddable":true,"href":"https:\/\/to-moje.com\/index.php\/wp-json\/wp\/v2\/product_brand?post=16081"},{"taxonomy":"product_cat","embeddable":true,"href":"https:\/\/to-moje.com\/index.php\/wp-json\/wp\/v2\/product_cat?post=16081"},{"taxonomy":"product_tag","embeddable":true,"href":"https:\/\/to-moje.com\/index.php\/wp-json\/wp\/v2\/product_tag?post=16081"}],"curies":[{"name":"wp","href":"https:\/\/api.w.org\/{rel}","templated":true}]}}

<p>Sukienka dla zodiakary wykonana została bawełnianej tkaniny  w kolorze różowym ze wzorami w kolorze kobaltowym.<br />
W tym modelu mamy dekolt w kształcie V z nieco mniejszym niż dotychczas kołnierzykiem. Odcięcie na wysokości talii, dodatkowo zostało podkreślone z tyłu gumką. Góra sukienki zapinana na guziki w kształcie serduszek. Długie bufiaste rękawy, to kolejny element, który zazwyczaj pojawia się w moich projektach, tym razem wykończone gumką i falbanką, dzięki czemu bez problemu możemy sobie regulować ich długość.</p>
<p>Kolorystyka sukienki sukienki napawa optymizmem, to połączenie kolorów którym na pewno zwrócisz na siebie uwagę.</p>
<p>A teraz kilka technicznych informacji:</p>
<p>Skład: 100% bawełna.</p>
<p>Wymiary:<br />
Obwód biustu (2x szerokość od pachy do pachy na płasko):<br />
S- 98cm<br />
M- 104cm<br />
L- 110cm</p>
<p>Długość od odcięcia do dołu (w zależności od rozmiaru może się różnić o ok 1-2cm) : w rozmiarze L widocznym na zdjęciach to ok 52cm.</p>
<p>Jeśli nie jesteś pewna jaki rozmiar wybrać, napisz do mnie lub podaj swoje wymiary w notatce, dzięki temu, że każdy produkt szyję dopiero po złożeniu zamówienia, to mogę dopasować wymiary do Ciebie.<br />
Podoba Ci się fason, ale nie czujesz tego koloru? Nie ma problemu, napisz do mnie i postaram się coś dla Ciebie znaleźć.<br />
Czas realizacji w zależności od ilości zamówień to ok 10 dni roboczych.</p>
<p>Mam 174cm wzrostu i mam na sobie rozmiar L.</p>
<p>Producent: Agnieszka Rogozińska To Moje</p>
