{"id":16075,"date":"2025-11-20T20:48:37","date_gmt":"2025-11-20T19:48:37","guid":{"rendered":"https:\/\/to-moje.com\/?post_type=product&#038;p=16075"},"modified":"2025-12-06T19:39:01","modified_gmt":"2025-12-06T18:39:01","slug":"sukienka-swiatecznego-elfa-2-0","status":"publish","type":"product","link":"https:\/\/to-moje.com\/index.php\/produkt\/sukienka-swiatecznego-elfa-2-0\/","title":{"rendered":"Sukienka \u015awi\u0105tecznego Elfa 2.0"},"content":{"rendered":"","protected":false},"excerpt":{"rendered":"<p>Sukienka \u015awi\u0105tecznego Elfa wykonana zosta\u0142a bawe\u0142nianej tkaniny w krat\u0119 w odcieniach szaro\u015bci.<br \/>\nNie zabrak\u0142o charakterystycznego dla To Moje ko\u0142nierzyka wyko\u0144czonego czarn\u0105 falbank\u0105. Odci\u0119cie na wysoko\u015bci talii, dodatkowo zosta\u0142o podkre\u015blone z ty\u0142u gumk\u0105. G\u00f3ra sukienki zapinana na guziki, ale tylko do po\u0142owy, by unikn\u0105\u0107 rozchodzenia si\u0119 materia\u0142u na biu\u015bcie. D\u0142ugie bufiaste r\u0119kawy, to kolejny element, kt\u00f3ry zazwyczaj pojawia si\u0119 w moich projektach, tym razem wyko\u0144czone mankietem zapinanym na dwa czarne guziczki w kszta\u0142cie serca.<\/p>\n<p>Kolorystyka sukienki mocno nawi\u0105zuje do \u015bwi\u0105t Bo\u017cego Narodzenia, ale to wcale nie oznacza, \u017ce mamy j\u0105 nosi\u0107 tylko w tym okresie. Jest to na tyle uniwersalny model, \u017ce na pewno wykorzystasz go wielokrotnie. Zastanawiasz si\u0119 do czego j\u0105 za\u0142o\u017cy\u0107? Zestaw j\u0105 z marynark\u0105, kardiganem lub szalenie modn\u0105 dzianinow\u0105 kamizelk\u0105, do tego mokasyny lub wszelkiego rodzaju kozaki i outfit gotowy!<\/p>\n<p>A teraz kilka technicznych informacji:<\/p>\n<p>Sk\u0142ad: 100% bawe\u0142na.<\/p>\n<p>Wymiary:<br \/>\nObw\u00f3d biustu (2x szeroko\u015b\u0107 od pachy do pachy na p\u0142asko):<br \/>\nS- 98cm<br \/>\nM- 104cm<br \/>\nL- 110cm<\/p>\n<p>D\u0142ugo\u015b\u0107 od odci\u0119cia do do\u0142u (w zale\u017cno\u015bci od rozmiaru mo\u017ce si\u0119 r\u00f3\u017cni\u0107 o ok 1-2cm) : w rozmiarze L widocznym na zdj\u0119ciach to ok 52cm.<\/p>\n<p>Je\u015bli nie jeste\u015b pewna jaki rozmiar wybra\u0107, napisz do mnie lub podaj swoje wymiary w notatce, dzi\u0119ki temu, \u017ce ka\u017cdy produkt szyj\u0119 dopiero po z\u0142o\u017ceniu zam\u00f3wienia, to mog\u0119 dopasowa\u0107 wymiary do Ciebie.<br \/>\nPodoba Ci si\u0119 fason, ale nie czujesz tego koloru? Nie ma problemu, napisz do mnie i postaram si\u0119 co\u015b dla Ciebie znale\u017a\u0107.<br \/>\nCzas realizacji w zale\u017cno\u015bci od ilo\u015bci zam\u00f3wie\u0144 to ok 10 dni roboczych.<\/p>\n<p>Mam 174cm wzrostu i mam na sobie rozmiar L.<\/p>\n<p>Producent: Agnieszka Rogozi\u0144ska To Moje<\/p>\n","protected":false},"featured_media":16080,"comment_status":"open","ping_status":"closed","template":"","meta":[],"product_brand":[],"product_cat":[215,15],"product_tag":[259,573,347,544,543,552,433,369,260,219],"class_list":{"0":"post-16075","1":"product","2":"type-product","3":"status-publish","4":"has-post-thumbnail","6":"product_cat-sukienki","7":"product_cat-akcesoria","8":"product_tag-bawelniana-sukienka","9":"product_tag-krotka-sukienka","10":"product_tag-sukienka-mini","11":"product_tag-sukienka-na-co-dzien","12":"product_tag-sukienka-na-jesien","13":"product_tag-sukienka-na-okazje","14":"product_tag-sukienka-na-swieta","15":"product_tag-sukienka-w-kratke","16":"product_tag-sukienka-z-bawelny","17":"product_tag-sukienka-z-kolnierzem","18":"pa_rozmiar-l","19":"pa_rozmiar-m","20":"pa_rozmiar-s","22":"first","23":"instock","24":"shipping-taxable","25":"purchasable","26":"product-type-variable"},"_links":{"self":[{"href":"https:\/\/to-moje.com\/index.php\/wp-json\/wp\/v2\/product\/16075","targetHints":{"allow":["GET"]}}],"collection":[{"href":"https:\/\/to-moje.com\/index.php\/wp-json\/wp\/v2\/product"}],"about":[{"href":"https:\/\/to-moje.com\/index.php\/wp-json\/wp\/v2\/types\/product"}],"replies":[{"embeddable":true,"href":"https:\/\/to-moje.com\/index.php\/wp-json\/wp\/v2\/comments?post=16075"}],"wp:featuredmedia":[{"embeddable":true,"href":"https:\/\/to-moje.com\/index.php\/wp-json\/wp\/v2\/media\/16080"}],"wp:attachment":[{"href":"https:\/\/to-moje.com\/index.php\/wp-json\/wp\/v2\/media?parent=16075"}],"wp:term":[{"taxonomy":"product_brand","embeddable":true,"href":"https:\/\/to-moje.com\/index.php\/wp-json\/wp\/v2\/product_brand?post=16075"},{"taxonomy":"product_cat","embeddable":true,"href":"https:\/\/to-moje.com\/index.php\/wp-json\/wp\/v2\/product_cat?post=16075"},{"taxonomy":"product_tag","embeddable":true,"href":"https:\/\/to-moje.com\/index.php\/wp-json\/wp\/v2\/product_tag?post=16075"}],"curies":[{"name":"wp","href":"https:\/\/api.w.org\/{rel}","templated":true}]}}

Sukienka Świątecznego Elfa 2.0

<p>Sukienka Świątecznego Elfa wykonana została bawełnianej tkaniny w kratę w odcieniach szarości.<br />
Nie zabrakło charakterystycznego dla To Moje kołnierzyka wykończonego czarną falbanką. Odcięcie na wysokości talii, dodatkowo zostało podkreślone z tyłu gumką. Góra sukienki zapinana na guziki, ale tylko do połowy, by uniknąć rozchodzenia się materiału na biuście. Długie bufiaste rękawy, to kolejny element, który zazwyczaj pojawia się w moich projektach, tym razem wykończone mankietem zapinanym na dwa czarne guziczki w kształcie serca.</p>
<p>Kolorystyka sukienki mocno nawiązuje do świąt Bożego Narodzenia, ale to wcale nie oznacza, że mamy ją nosić tylko w tym okresie. Jest to na tyle uniwersalny model, że na pewno wykorzystasz go wielokrotnie. Zastanawiasz się do czego ją założyć? Zestaw ją z marynarką, kardiganem lub szalenie modną dzianinową kamizelką, do tego mokasyny lub wszelkiego rodzaju kozaki i outfit gotowy!</p>
<p>A teraz kilka technicznych informacji:</p>
<p>Skład: 100% bawełna.</p>
<p>Wymiary:<br />
Obwód biustu (2x szerokość od pachy do pachy na płasko):<br />
S- 98cm<br />
M- 104cm<br />
L- 110cm</p>
<p>Długość od odcięcia do dołu (w zależności od rozmiaru może się różnić o ok 1-2cm) : w rozmiarze L widocznym na zdjęciach to ok 52cm.</p>
<p>Jeśli nie jesteś pewna jaki rozmiar wybrać, napisz do mnie lub podaj swoje wymiary w notatce, dzięki temu, że każdy produkt szyję dopiero po złożeniu zamówienia, to mogę dopasować wymiary do Ciebie.<br />
Podoba Ci się fason, ale nie czujesz tego koloru? Nie ma problemu, napisz do mnie i postaram się coś dla Ciebie znaleźć.<br />
Czas realizacji w zależności od ilości zamówień to ok 10 dni roboczych.</p>
<p>Mam 174cm wzrostu i mam na sobie rozmiar L.</p>
<p>Producent: Agnieszka Rogozińska To Moje</p>
