{"id":15879,"date":"2025-09-23T18:00:04","date_gmt":"2025-09-23T16:00:04","guid":{"rendered":"https:\/\/to-moje.com\/?post_type=product&#038;p=15879"},"modified":"2026-02-17T12:32:23","modified_gmt":"2026-02-17T11:32:23","slug":"koszula-gorzka-czekolada","status":"publish","type":"product","link":"https:\/\/to-moje.com\/index.php\/produkt\/koszula-gorzka-czekolada\/","title":{"rendered":"Koszula Gorzka Czekolada"},"content":{"rendered":"","protected":false},"excerpt":{"rendered":"<p>Koszula Wiosenna R\u00f3\u017ca zosta\u0142a wykonana z g\u0142adkiej, satynowanej tkaniny bawe\u0142nianej.<\/p>\n<p>Moja mi\u0142o\u015b\u0107 do ko\u0142nierzyk\u00f3w nie s\u0142abnie i nie mog\u0142o go zabrakn\u0105\u0107 w tym projekcie. Tym razem postawi\u0142am na dekolt w serek i szpiczasty ko\u0142nierzyk oraz wi\u0105zania na przodzie. Ten model podobny jest do koszuli z zesz\u0142ego roku, jednak wprowadzi\u0142am w nim kilka zmian. Zosta\u0142 ko\u0142nierzyk i wi\u0105zania na przodzie, jednak nowymi elementami s\u0105 wyko\u0144czenia r\u0119kaw\u00f3w-tym razem jest to gumeczka i falbanka, a drugim nowym elementem jest wi\u0105zanie na tyle, kt\u00f3re dodaje koszuli jeszcze wi\u0119cej uroku, przy okazji daj\u0105c mo\u017cliwo\u015b\u0107 wi\u0119kszego dopasowania jej w talii.<\/p>\n<p>Jest to koszula o lu\u017anym, wyd\u0142u\u017conym kroju, nieco bardziej oversize. To \u015bwietna propozycja zar\u00f3wno do biura i bardziej formalnych outfit\u00f3w, jak i na co dzie\u0144 po prostu do d\u017cins\u00f3w, czy sp\u00f3dnic.<\/p>\n<p>Wymiary (obw\u00f3d biustu):<br \/>\nS- 105 cm<br \/>\nM- 115 cm<br \/>\nL- 125 cm<\/p>\n<p>Sk\u0142ad: 100% bawe\u0142na<\/p>\n<p>Wszystkie zam\u00f3wienia realizuj\u0119 na bie\u017c\u0105co. Czas realizacji to ok 10 dni roboczych.<br \/>\nJe\u015bli nie jeste\u015b pewna jaki rozmiar wybra\u0107 lub masz jakiekolwiek pytania napisz do mnie maila lub odezwij si\u0119 na instagramie to_moje-pomog\u0119 \ud83d\ude42<\/p>\n<p>Mam 174 cm wzrostu i nosz\u0119 rozmiar L.<\/p>\n<p>Producent:<br \/>\nAgnieszka Rogozi\u0144ska To Moje<\/p>\n","protected":false},"featured_media":15891,"comment_status":"open","ping_status":"closed","template":"","meta":[],"product_brand":[],"product_cat":[327,15],"product_tag":[507,699,366,380,505,510,456,509,781,402,513,512],"class_list":{"0":"post-15879","1":"product","2":"type-product","3":"status-publish","4":"has-post-thumbnail","6":"product_cat-bluzki-koszule","7":"product_cat-akcesoria","8":"product_tag-baweniana-koszula","9":"product_tag-brazowa-koszula","10":"product_tag-bufiaste-rekawy","11":"product_tag-kolorowa-koszula","12":"product_tag-koszula","13":"product_tag-koszula-dla-niej","14":"product_tag-koszula-do-biura","15":"product_tag-koszula-na-co-dzien","16":"product_tag-koszula-z-kokarda","17":"product_tag-koszula-z-kolnierzem","18":"product_tag-luzna-koszula","19":"product_tag-rozpinana-koszula","20":"pa_rozmiar-l","21":"pa_rozmiar-m","22":"pa_rozmiar-s","24":"first","25":"instock","26":"shipping-taxable","27":"purchasable","28":"product-type-variable"},"_links":{"self":[{"href":"https:\/\/to-moje.com\/index.php\/wp-json\/wp\/v2\/product\/15879","targetHints":{"allow":["GET"]}}],"collection":[{"href":"https:\/\/to-moje.com\/index.php\/wp-json\/wp\/v2\/product"}],"about":[{"href":"https:\/\/to-moje.com\/index.php\/wp-json\/wp\/v2\/types\/product"}],"replies":[{"embeddable":true,"href":"https:\/\/to-moje.com\/index.php\/wp-json\/wp\/v2\/comments?post=15879"}],"wp:featuredmedia":[{"embeddable":true,"href":"https:\/\/to-moje.com\/index.php\/wp-json\/wp\/v2\/media\/15891"}],"wp:attachment":[{"href":"https:\/\/to-moje.com\/index.php\/wp-json\/wp\/v2\/media?parent=15879"}],"wp:term":[{"taxonomy":"product_brand","embeddable":true,"href":"https:\/\/to-moje.com\/index.php\/wp-json\/wp\/v2\/product_brand?post=15879"},{"taxonomy":"product_cat","embeddable":true,"href":"https:\/\/to-moje.com\/index.php\/wp-json\/wp\/v2\/product_cat?post=15879"},{"taxonomy":"product_tag","embeddable":true,"href":"https:\/\/to-moje.com\/index.php\/wp-json\/wp\/v2\/product_tag?post=15879"}],"curies":[{"name":"wp","href":"https:\/\/api.w.org\/{rel}","templated":true}]}}

<p>Koszula Wiosenna Róża została wykonana z gładkiej, satynowanej tkaniny bawełnianej.</p>
<p>Moja miłość do kołnierzyków nie słabnie i nie mogło go zabraknąć w tym projekcie. Tym razem postawiłam na dekolt w serek i szpiczasty kołnierzyk oraz wiązania na przodzie. Ten model podobny jest do koszuli z zeszłego roku, jednak wprowadziłam w nim kilka zmian. Został kołnierzyk i wiązania na przodzie, jednak nowymi elementami są wykończenia rękawów-tym razem jest to gumeczka i falbanka, a drugim nowym elementem jest wiązanie na tyle, które dodaje koszuli jeszcze więcej uroku, przy okazji dając możliwość większego dopasowania jej w talii.</p>
<p>Jest to koszula o luźnym, wydłużonym kroju, nieco bardziej oversize. To świetna propozycja zarówno do biura i bardziej formalnych outfitów, jak i na co dzień po prostu do dżinsów, czy spódnic.</p>
<p>Wymiary (obwód biustu):<br />
S- 105 cm<br />
M- 115 cm<br />
L- 125 cm</p>
<p>Skład: 100% bawełna</p>
<p>Wszystkie zamówienia realizuję na bieżąco. Czas realizacji to ok 10 dni roboczych.<br />
Jeśli nie jesteś pewna jaki rozmiar wybrać lub masz jakiekolwiek pytania napisz do mnie maila lub odezwij się na instagramie to_moje-pomogę 🙂</p>
<p>Mam 174 cm wzrostu i noszę rozmiar L.</p>
<p>Producent:<br />
Agnieszka Rogozińska To Moje</p>
