{"id":15859,"date":"2025-09-23T17:09:25","date_gmt":"2025-09-23T15:09:25","guid":{"rendered":"https:\/\/to-moje.com\/?post_type=product&#038;p=15859"},"modified":"2025-12-12T17:40:41","modified_gmt":"2025-12-12T16:40:41","slug":"spodnie-sztruksowa-wariacja-czekoladowe","status":"publish","type":"product","link":"https:\/\/to-moje.com\/index.php\/produkt\/spodnie-sztruksowa-wariacja-czekoladowe\/","title":{"rendered":"Spodnie Sztruksowa Wariacja Czekoladowe"},"content":{"rendered":"<ol>\n<li><\/li>\n<\/ol>\n","protected":false},"excerpt":{"rendered":"<p>Spodnie Sztruksowa Wariacja s\u0105 \u015bwietn\u0105 propozycj\u0105 na jesie\u0144 i zim\u0119.<br \/>\nDlaczego? Ju\u017c t\u0142umacz\u0119!<br \/>\nPo pierwsze-dobry sk\u0142ad, 95% bawe\u0142na i 5% elastan!<\/p>\n<p>Taki sk\u0142ad zapewni komfort dla Twojego cia\u0142a.<\/p>\n<p>Po drugie modny, ale i ponadczasowy kr\u00f3j. Ich lu\u017ana forma nie kr\u0119puje ruch\u00f3w i zapewnia mega wygod\u0119 podczas noszenia. G\u00f3ra na gumce. W bocznych szwach ukryte kieszenie. D\u0142ugo\u015b\u0107 nogawki 7\/8, dodatkowo zako\u0144czone s\u0105 szerokimi falbankami-no czy to nie urocze?<\/p>\n<p>Po trzecie uniwersalno\u015b\u0107! To takie spodnie, kt\u00f3re po prostu zak\u0142adasz z czymkolwiek-\u015bwietnie sprawdzaj\u0105 si\u0119 w komplecie z koszul\u0105, ale stworz\u0105 te\u017c super duet z t-shirtem, marynark\u0105, kamizelk\u0105, czy bluz\u0105. Do noszenia zar\u00f3wno na sportowo, jak i nieco bardziej elegancko-wyobra\u017a je sobie np. z balerinkami, albo kozakami! Tym razem postawi\u0142am jeden z najgor\u0119tszych kolor\u00f3w tego sezonu czyli ciemny br\u0105z. Zatem, je\u015bli cenisz sobie wygod\u0119, to totalnie opcja dla Ciebie!<\/p>\n<p>Wymiary:<br \/>\nS- obw\u00f3d pasa (przy max rozci\u0105gni\u0119ciu gumy): 72cm<br \/>\nM- obw\u00f3d pasa (przy max rozci\u0105gni\u0119ciu gumy): 86cm<br \/>\nL- obw\u00f3d pasa (przy max rozci\u0105gni\u0119ciu gumy): 100cm<\/p>\n<p>D\u0142ugo\u015b\u0107 ok 90cm, ale dzi\u0119ki temu, \u017ce ka\u017cde zam\u00f3wienie szyj\u0119 na bie\u017c\u0105co, to jestem j\u0105 w stanie dopasowa\u0107 do Twojego wzrostu-tylko daj mi zna\u0107 w notatce do zam\u00f3wienia \ud83d\ude42<\/p>\n<p>Je\u015bli potrzebujesz innego rozmiaru, koloru czy po prostu masz pytanie-napisz do mnie!<br \/>\nNajlepiej na IG to_moje lub na maila shop.tomoje@gmail.com ch\u0119tnie pomog\u0119 \ud83d\ude42<\/p>\n<p>Mam 174cm wzrostu i na zdj\u0119ciach mam na sobie rozmiar L.<\/p>\n<p>Producent: Agnieszka Rogozi\u0144ska To Moje<\/p>\n","protected":false},"featured_media":15888,"comment_status":"closed","ping_status":"closed","template":"","meta":[],"product_brand":[],"product_cat":[658,15],"product_tag":[783,660,665,661,666,664,782],"class_list":{"0":"post-15859","1":"product","2":"type-product","3":"status-publish","4":"has-post-thumbnail","6":"product_cat-spodnie","7":"product_cat-akcesoria","8":"product_tag-brazowe-spodnie-na-jesien","9":"product_tag-spodnie-7-8","10":"product_tag-spodnie-na-gumie","11":"product_tag-spodnie-z-falbanka","12":"product_tag-spodnie-z-kieszeniami","13":"product_tag-szerokie-spodnie","14":"product_tag-sztruksowe-spodnie","15":"pa_rozmiar-l","16":"pa_rozmiar-m","17":"pa_rozmiar-s","19":"first","20":"outofstock","21":"shipping-taxable","22":"purchasable","23":"product-type-variable"},"_links":{"self":[{"href":"https:\/\/to-moje.com\/index.php\/wp-json\/wp\/v2\/product\/15859","targetHints":{"allow":["GET"]}}],"collection":[{"href":"https:\/\/to-moje.com\/index.php\/wp-json\/wp\/v2\/product"}],"about":[{"href":"https:\/\/to-moje.com\/index.php\/wp-json\/wp\/v2\/types\/product"}],"replies":[{"embeddable":true,"href":"https:\/\/to-moje.com\/index.php\/wp-json\/wp\/v2\/comments?post=15859"}],"wp:featuredmedia":[{"embeddable":true,"href":"https:\/\/to-moje.com\/index.php\/wp-json\/wp\/v2\/media\/15888"}],"wp:attachment":[{"href":"https:\/\/to-moje.com\/index.php\/wp-json\/wp\/v2\/media?parent=15859"}],"wp:term":[{"taxonomy":"product_brand","embeddable":true,"href":"https:\/\/to-moje.com\/index.php\/wp-json\/wp\/v2\/product_brand?post=15859"},{"taxonomy":"product_cat","embeddable":true,"href":"https:\/\/to-moje.com\/index.php\/wp-json\/wp\/v2\/product_cat?post=15859"},{"taxonomy":"product_tag","embeddable":true,"href":"https:\/\/to-moje.com\/index.php\/wp-json\/wp\/v2\/product_tag?post=15859"}],"curies":[{"name":"wp","href":"https:\/\/api.w.org\/{rel}","templated":true}]}}

<p>Spodnie Sztruksowa Wariacja są świetną propozycją na jesień i zimę.<br />
Dlaczego? Już tłumaczę!<br />
Po pierwsze-dobry skład, 95% bawełna i 5% elastan!</p>
<p>Taki skład zapewni komfort dla Twojego ciała.</p>
<p>Po drugie modny, ale i ponadczasowy krój. Ich luźna forma nie krępuje ruchów i zapewnia mega wygodę podczas noszenia. Góra na gumce. W bocznych szwach ukryte kieszenie. Długość nogawki 7/8, dodatkowo zakończone są szerokimi falbankami-no czy to nie urocze?</p>
<p>Po trzecie uniwersalność! To takie spodnie, które po prostu zakładasz z czymkolwiek-świetnie sprawdzają się w komplecie z koszulą, ale stworzą też super duet z t-shirtem, marynarką, kamizelką, czy bluzą. Do noszenia zarówno na sportowo, jak i nieco bardziej elegancko-wyobraź je sobie np. z balerinkami, albo kozakami! Tym razem postawiłam jeden z najgorętszych kolorów tego sezonu czyli ciemny brąz. Zatem, jeśli cenisz sobie wygodę, to totalnie opcja dla Ciebie!</p>
<p>Wymiary:<br />
S- obwód pasa (przy max rozciągnięciu gumy): 72cm<br />
M- obwód pasa (przy max rozciągnięciu gumy): 86cm<br />
L- obwód pasa (przy max rozciągnięciu gumy): 100cm</p>
<p>Długość ok 90cm, ale dzięki temu, że każde zamówienie szyję na bieżąco, to jestem ją w stanie dopasować do Twojego wzrostu-tylko daj mi znać w notatce do zamówienia 🙂</p>
<p>Jeśli potrzebujesz innego rozmiaru, koloru czy po prostu masz pytanie-napisz do mnie!<br />
Najlepiej na IG to_moje lub na maila shop.tomoje@gmail.com chętnie pomogę 🙂</p>
<p>Mam 174cm wzrostu i na zdjęciach mam na sobie rozmiar L.</p>
<p>Producent: Agnieszka Rogozińska To Moje</p>
