{"id":15811,"date":"2025-09-05T19:52:03","date_gmt":"2025-09-05T17:52:03","guid":{"rendered":"https:\/\/to-moje.com\/?post_type=product&#038;p=15811"},"modified":"2025-12-30T22:18:39","modified_gmt":"2025-12-30T21:18:39","slug":"kamizelka-wspomnienie-wiosny-bordo","status":"publish","type":"product","link":"https:\/\/to-moje.com\/index.php\/produkt\/kamizelka-wspomnienie-wiosny-bordo\/","title":{"rendered":"Kamizelka Wspomnienie Wiosny Bordo"},"content":{"rendered":"","protected":false},"excerpt":{"rendered":"<p>Kamizelka Wspomnienie Wiosny to idealna propozycja na wi\u0119ksz\u0105 cz\u0119\u015b\u0107 roku-przyda si\u0119 zar\u00f3wno wiosn\u0105, w ch\u0142odniejsze dni lata, czy na jesienno-zimow\u0105 aur\u0119.<br \/>\nKamizelki w takim stylu ju\u017c od jakiego\u015b czasu widuje si\u0119 na wielu profilach fashionistek, ale tak\u017ce np. na ulicach Kopenhagi.<\/p>\n<p>Ten projekt jest niezwykle uniwersalny,\u00a0 super sprawdzi si\u0119 w outfitach z sukienkami czy koszulami, kt\u00f3re znajdziesz na mojej stronie. Narzucona na oversizowy t-shirt do jeans\u00f3w te\u017c b\u0119dzie wygl\u0105da\u0107 \u015bwietnie. Wczesn\u0105 wiosn\u0105 lub jesieni\u0105 kamizelk\u0119 mo\u017cesz za\u0142o\u017cy\u0107 j\u0105 te\u017c na wierzch trencza czy kurtki, co da dodatkow\u0105 warstw\u0119 w te jeszcze nie najcieplejsze dni.<\/p>\n<p>Z wierzchu kamizelka wykonana jest z ko\u017cuszka o kr\u00f3tkim w\u0142osie w kolorze bordowym, w fuksjowe kwiaty. Podszewka wykonana jest w 100% z bawe\u0142ny w kolorze granatowym, drukowanej w bia\u0142e serca. Na przodzie znajduj\u0105 si\u0119 2 kieszenie, kt\u00f3re tak jak ca\u0142a kamizelka wyko\u0144czone s\u0105 r\u00f3wnie\u017c granatow\u0105 bawe\u0142nian\u0105 lam\u00f3wk\u0105, a sama kamizelka zapinana jest na 3 fuksjowe guziki w kszta\u0142cie serca.<\/p>\n<p>Sk\u0142ad :<br \/>\nTkanina wierzchnia 100% poliester.<br \/>\nPodszewka 100% bawe\u0142na.<\/p>\n<p>Jest to model o rozlu\u017anionym kroju, dlatego wyst\u0119puje w dw\u00f3ch \u0142\u0105czonych rozmiarach:<br \/>\nS\/M szeroko\u015b\u0107 (na p\u0142asko od pachy do pachy) 60cm, d\u0142ugo\u015b\u0107 od linii ramion 67cm<br \/>\nL\/XL szeroko\u015b\u0107 (na p\u0142asko od pachy do pachy) 65cm, d\u0142ugo\u015b\u0107 od linii ramion 67cm.<\/p>\n<p>Je\u015bli nie wiesz jaki rozmiar wybra\u0107 lub potrzebujesz innego rozmiaru, napisz do mnie! Naj\u0142atwiej skontaktowa\u0107 si\u0119 ze mn\u0105 przez instagram to_moje lub maila shop.tomoje@gmail.com<\/p>\n<p>Czas realizacji to ok 10-14 dni roboczych (mo\u017ce on ulec zmianie), je\u015bli potrzebujesz by Twoje zam\u00f3wienie by\u0142o zrealizowane na konkretny termin, daj mi zna\u0107!<\/p>\n<p>Mam 174cm wzrostu i na zdj\u0119ciach mam na sobie rozmiar L\/XL.<\/p>\n<p>Producent: Agnieszka Rogozi\u0144ska To Moje<\/p>\n","protected":false},"featured_media":15814,"comment_status":"closed","ping_status":"closed","template":"","meta":[],"product_brand":[],"product_cat":[627,15],"product_tag":[630,624,703,622,705,625,746,621,618],"class_list":{"0":"post-15811","1":"product","2":"type-product","3":"status-publish","4":"has-post-thumbnail","6":"product_cat-kamizelki","7":"product_cat-akcesoria","8":"product_tag-kamizelka-na-guziki","9":"product_tag-kamizelka-na-wiosne","10":"product_tag-kamizelka-w-kwiaty","11":"product_tag-kamizelka-w-stylu-skandynawskim","12":"product_tag-kamizelka-we-wzory","13":"product_tag-kamizelka-z-kieszeniami","14":"product_tag-kamizelka-z-kozuszka","15":"product_tag-kolorowa-kamizelka","16":"product_tag-skandynawski-styl","17":"pa_rozmiar-l-xl","18":"pa_rozmiar-s-m","20":"first","21":"outofstock","22":"shipping-taxable","23":"purchasable","24":"product-type-variable"},"_links":{"self":[{"href":"https:\/\/to-moje.com\/index.php\/wp-json\/wp\/v2\/product\/15811","targetHints":{"allow":["GET"]}}],"collection":[{"href":"https:\/\/to-moje.com\/index.php\/wp-json\/wp\/v2\/product"}],"about":[{"href":"https:\/\/to-moje.com\/index.php\/wp-json\/wp\/v2\/types\/product"}],"replies":[{"embeddable":true,"href":"https:\/\/to-moje.com\/index.php\/wp-json\/wp\/v2\/comments?post=15811"}],"wp:featuredmedia":[{"embeddable":true,"href":"https:\/\/to-moje.com\/index.php\/wp-json\/wp\/v2\/media\/15814"}],"wp:attachment":[{"href":"https:\/\/to-moje.com\/index.php\/wp-json\/wp\/v2\/media?parent=15811"}],"wp:term":[{"taxonomy":"product_brand","embeddable":true,"href":"https:\/\/to-moje.com\/index.php\/wp-json\/wp\/v2\/product_brand?post=15811"},{"taxonomy":"product_cat","embeddable":true,"href":"https:\/\/to-moje.com\/index.php\/wp-json\/wp\/v2\/product_cat?post=15811"},{"taxonomy":"product_tag","embeddable":true,"href":"https:\/\/to-moje.com\/index.php\/wp-json\/wp\/v2\/product_tag?post=15811"}],"curies":[{"name":"wp","href":"https:\/\/api.w.org\/{rel}","templated":true}]}}

<p>Kamizelka Wspomnienie Wiosny to idealna propozycja na większą część roku-przyda się zarówno wiosną, w chłodniejsze dni lata, czy na jesienno-zimową aurę.<br />
Kamizelki w takim stylu już od jakiegoś czasu widuje się na wielu profilach fashionistek, ale także np. na ulicach Kopenhagi.</p>
<p>Ten projekt jest niezwykle uniwersalny,  super sprawdzi się w outfitach z sukienkami czy koszulami, które znajdziesz na mojej stronie. Narzucona na oversizowy t-shirt do jeansów też będzie wyglądać świetnie. Wczesną wiosną lub jesienią kamizelkę możesz założyć ją też na wierzch trencza czy kurtki, co da dodatkową warstwę w te jeszcze nie najcieplejsze dni.</p>
<p>Z wierzchu kamizelka wykonana jest z kożuszka o krótkim włosie w kolorze bordowym, w fuksjowe kwiaty. Podszewka wykonana jest w 100% z bawełny w kolorze granatowym, drukowanej w białe serca. Na przodzie znajdują się 2 kieszenie, które tak jak cała kamizelka wykończone są również granatową bawełnianą lamówką, a sama kamizelka zapinana jest na 3 fuksjowe guziki w kształcie serca.</p>
<p>Skład :<br />
Tkanina wierzchnia 100% poliester.<br />
Podszewka 100% bawełna.</p>
<p>Jest to model o rozluźnionym kroju, dlatego występuje w dwóch łączonych rozmiarach:<br />
S/M szerokość (na płasko od pachy do pachy) 60cm, długość od linii ramion 67cm<br />
L/XL szerokość (na płasko od pachy do pachy) 65cm, długość od linii ramion 67cm.</p>
<p>Jeśli nie wiesz jaki rozmiar wybrać lub potrzebujesz innego rozmiaru, napisz do mnie! Najłatwiej skontaktować się ze mną przez instagram to_moje lub maila shop.tomoje@gmail.com</p>
<p>Czas realizacji to ok 10-14 dni roboczych (może on ulec zmianie), jeśli potrzebujesz by Twoje zamówienie było zrealizowane na konkretny termin, daj mi znać!</p>
<p>Mam 174cm wzrostu i na zdjęciach mam na sobie rozmiar L/XL.</p>
<p>Producent: Agnieszka Rogozińska To Moje</p>
