{"id":15752,"date":"2025-07-31T19:36:11","date_gmt":"2025-07-31T17:36:11","guid":{"rendered":"https:\/\/to-moje.com\/?post_type=product&#038;p=15752"},"modified":"2026-03-03T12:26:56","modified_gmt":"2026-03-03T11:26:56","slug":"spodnie-koronkowy-zawrot-glowy-czarne","status":"publish","type":"product","link":"https:\/\/to-moje.com\/index.php\/produkt\/spodnie-koronkowy-zawrot-glowy-czarne\/","title":{"rendered":"Spodnie Koronkowy Zawr\u00f3t G\u0142owy Czarne"},"content":{"rendered":"<ol>\n<li><\/li>\n<\/ol>\n","protected":false},"excerpt":{"rendered":"<p>Spodnie Koronkowy Zawr\u00f3t g\u0142owy s\u0105 \u015bwietn\u0105 propozycj\u0105 na lato-s\u0105 na maxa wygodne i przewiewne! Maj\u0105 modny, ale i ponadczasowy kr\u00f3j. Ich lu\u017ana forma nie kr\u0119puje ruch\u00f3w. G\u00f3ra na gumce. W tym modelu brak kieszeni! D\u0142ugo\u015b\u0107 nogawki 7\/8, dodatkowo zako\u0144czone s\u0105 szerokimi falbankami-no czy to nie urocze?<\/p>\n<p>Odpowiadaj\u0105 one r\u00f3wnie\u017c na silny koronkowy trend i s\u0105 fajn\u0105 alternatyw\u0105 dla koronkowych sp\u00f3dnic.<br \/>\n*szorty nie s\u0105 sprzedawane w zestawie<\/p>\n<p>Sk\u0142ad: 20% bawe\u0142na, 78% poliester, 2% elastan.<\/p>\n<p>Wymiary:<br \/>\nS- obw\u00f3d pasa (przy max rozci\u0105gni\u0119ciu gumy): 72cm<br \/>\nM- obw\u00f3d pasa (przy max rozci\u0105gni\u0119ciu gumy): 86cm<br \/>\nL- obw\u00f3d pasa (przy max rozci\u0105gni\u0119ciu gumy): 100cm<\/p>\n<p>D\u0142ugo\u015b\u0107 ok 90cm, ale dzi\u0119ki temu, \u017ce ka\u017cde zam\u00f3wienie szyj\u0119 na bie\u017c\u0105co, to jestem j\u0105 w stanie dopasowa\u0107 do Twojego wzrostu-tylko daj mi zna\u0107 w notatce do zam\u00f3wienia \ud83d\ude42<\/p>\n<p>Je\u015bli potrzebujesz innego rozmiaru, koloru czy po prostu masz pytanie-napisz do mnie!<br \/>\nNajlepiej na IG to_moje lub na maila shop.tomoje@gmail.com ch\u0119tnie pomog\u0119 \ud83d\ude42<\/p>\n<p>Mam 174cm wzrostu i na zdj\u0119ciach mam na sobie rozmiar L.<\/p>\n<p>Producent: Agnieszka Rogozi\u0144ska To Moje<\/p>\n","protected":false},"featured_media":15757,"comment_status":"closed","ping_status":"closed","template":"","meta":[],"product_brand":[],"product_cat":[658,15],"product_tag":[778,777,775,660,665,747,661,753,776,664],"class_list":{"0":"post-15752","1":"product","2":"type-product","3":"status-publish","4":"has-post-thumbnail","6":"product_cat-spodnie","7":"product_cat-akcesoria","8":"product_tag-czarne-koronkowe-spodnie","9":"product_tag-koronka","10":"product_tag-koronkowe-spodnie","11":"product_tag-spodnie-7-8","12":"product_tag-spodnie-na-gumie","13":"product_tag-spodnie-na-lato","14":"product_tag-spodnie-z-falbanka","15":"product_tag-spodnie-z-falbanka-na-lato","16":"product_tag-spodnie-z-koronki","17":"product_tag-szerokie-spodnie","18":"pa_rozmiar-l","19":"pa_rozmiar-m","20":"pa_rozmiar-s","22":"first","23":"outofstock","24":"shipping-taxable","25":"purchasable","26":"product-type-variable"},"_links":{"self":[{"href":"https:\/\/to-moje.com\/index.php\/wp-json\/wp\/v2\/product\/15752","targetHints":{"allow":["GET"]}}],"collection":[{"href":"https:\/\/to-moje.com\/index.php\/wp-json\/wp\/v2\/product"}],"about":[{"href":"https:\/\/to-moje.com\/index.php\/wp-json\/wp\/v2\/types\/product"}],"replies":[{"embeddable":true,"href":"https:\/\/to-moje.com\/index.php\/wp-json\/wp\/v2\/comments?post=15752"}],"wp:featuredmedia":[{"embeddable":true,"href":"https:\/\/to-moje.com\/index.php\/wp-json\/wp\/v2\/media\/15757"}],"wp:attachment":[{"href":"https:\/\/to-moje.com\/index.php\/wp-json\/wp\/v2\/media?parent=15752"}],"wp:term":[{"taxonomy":"product_brand","embeddable":true,"href":"https:\/\/to-moje.com\/index.php\/wp-json\/wp\/v2\/product_brand?post=15752"},{"taxonomy":"product_cat","embeddable":true,"href":"https:\/\/to-moje.com\/index.php\/wp-json\/wp\/v2\/product_cat?post=15752"},{"taxonomy":"product_tag","embeddable":true,"href":"https:\/\/to-moje.com\/index.php\/wp-json\/wp\/v2\/product_tag?post=15752"}],"curies":[{"name":"wp","href":"https:\/\/api.w.org\/{rel}","templated":true}]}}

Spodnie Koronkowy Zawrót Głowy Czarne

<p>Spodnie Koronkowy Zawrót głowy są świetną propozycją na lato-są na maxa wygodne i przewiewne! Mają modny, ale i ponadczasowy krój. Ich luźna forma nie krępuje ruchów. Góra na gumce. W tym modelu brak kieszeni! Długość nogawki 7/8, dodatkowo zakończone są szerokimi falbankami-no czy to nie urocze?</p>
<p>Odpowiadają one również na silny koronkowy trend i są fajną alternatywą dla koronkowych spódnic.<br />
*szorty nie są sprzedawane w zestawie</p>
<p>Skład: 20% bawełna, 78% poliester, 2% elastan.</p>
<p>Wymiary:<br />
S- obwód pasa (przy max rozciągnięciu gumy): 72cm<br />
M- obwód pasa (przy max rozciągnięciu gumy): 86cm<br />
L- obwód pasa (przy max rozciągnięciu gumy): 100cm</p>
<p>Długość ok 90cm, ale dzięki temu, że każde zamówienie szyję na bieżąco, to jestem ją w stanie dopasować do Twojego wzrostu-tylko daj mi znać w notatce do zamówienia 🙂</p>
<p>Jeśli potrzebujesz innego rozmiaru, koloru czy po prostu masz pytanie-napisz do mnie!<br />
Najlepiej na IG to_moje lub na maila shop.tomoje@gmail.com chętnie pomogę 🙂</p>
<p>Mam 174cm wzrostu i na zdjęciach mam na sobie rozmiar L.</p>
<p>Producent: Agnieszka Rogozińska To Moje</p>
