{"id":15642,"date":"2025-06-10T18:00:06","date_gmt":"2025-06-10T16:00:06","guid":{"rendered":"https:\/\/to-moje.com\/?post_type=product&#038;p=15642"},"modified":"2025-09-05T20:21:51","modified_gmt":"2025-09-05T18:21:51","slug":"spodnica-kwiatowa-abstrakcja","status":"publish","type":"product","link":"https:\/\/to-moje.com\/index.php\/produkt\/spodnica-kwiatowa-abstrakcja\/","title":{"rendered":"Sp\u00f3dnica Kwiatowa Abstrakcja"},"content":{"rendered":"","protected":false},"excerpt":{"rendered":"<blockquote><p>Kolorowa sp\u00f3dnica wykonana z bawe\u0142nianej popeliny drukowanej w kolorowe kwiaty.<\/p>\n<p>Odcinana na wysoko\u015bci kolan, z doszywan\u0105 szerok\u0105 falban\u0105. G\u00f3ra na gumce, co daje spory komfort w noszeniu.<\/p>\n<p>\u015awietnie sprawdzi si\u0119 do letnich stylizacji z t-shirtami, topami, czy koszulami.<\/p>\n<p>Wymiary w pasie:<\/p>\n<p>S- obw\u00f3d pasa (przy max rozci\u0105gni\u0119ciu gumy): 72cm,<\/p>\n<p>M- obw\u00f3d pasa (przy max rozci\u0105gni\u0119ciu gumy): 86cm,<\/p>\n<p>L- obw\u00f3d pasa (przy max rozci\u0105gni\u0119ciu gumy): 100cm.<\/p>\n<p>D\u0142ugo\u015b\u0107 to ok 90cm.<\/p>\n<p>Je\u015bli potrzebujesz innego rozmiaru lub d\u0142ugo\u015bci, albo po prostu chcesz o co\u015b zapyta\u0107 to napisz do mnie, najlepiej na Instagramie to_moje lub na maila shop.tomoje@gmail.com<\/p>\n<p>Ka\u017cde zam\u00f3wienie szyj\u0119 na bie\u017c\u0105co, dlatego czas realizacji wynosi ok 10-14 dni i mo\u017ce ulec zmianie.<\/p>\n<p>Mam 174cm wzrostu i na zdj\u0119ciu mam na sobie rozmiar L.<\/p><\/blockquote>\n<p>Poducent: Agnieszka Rogozi\u0144ska To Moje<\/p>\n","protected":false},"featured_media":15643,"comment_status":"closed","ping_status":"closed","template":"","meta":[],"product_brand":[],"product_cat":[764,15],"product_tag":[768,766,769,765,767],"class_list":{"0":"post-15642","1":"product","2":"type-product","3":"status-publish","4":"has-post-thumbnail","6":"product_cat-spodnice","7":"product_cat-akcesoria","8":"product_tag-bawelniana-spodnica","9":"product_tag-kolorowa-spodnica","10":"product_tag-spodnica-na-lato","11":"product_tag-spodnica-w-kwiaty","12":"product_tag-spodnica-z-falbana","13":"pa_rozmiar-l","14":"pa_rozmiar-m","15":"pa_rozmiar-s","17":"first","18":"instock","19":"shipping-taxable","20":"purchasable","21":"product-type-variable"},"_links":{"self":[{"href":"https:\/\/to-moje.com\/index.php\/wp-json\/wp\/v2\/product\/15642","targetHints":{"allow":["GET"]}}],"collection":[{"href":"https:\/\/to-moje.com\/index.php\/wp-json\/wp\/v2\/product"}],"about":[{"href":"https:\/\/to-moje.com\/index.php\/wp-json\/wp\/v2\/types\/product"}],"replies":[{"embeddable":true,"href":"https:\/\/to-moje.com\/index.php\/wp-json\/wp\/v2\/comments?post=15642"}],"wp:featuredmedia":[{"embeddable":true,"href":"https:\/\/to-moje.com\/index.php\/wp-json\/wp\/v2\/media\/15643"}],"wp:attachment":[{"href":"https:\/\/to-moje.com\/index.php\/wp-json\/wp\/v2\/media?parent=15642"}],"wp:term":[{"taxonomy":"product_brand","embeddable":true,"href":"https:\/\/to-moje.com\/index.php\/wp-json\/wp\/v2\/product_brand?post=15642"},{"taxonomy":"product_cat","embeddable":true,"href":"https:\/\/to-moje.com\/index.php\/wp-json\/wp\/v2\/product_cat?post=15642"},{"taxonomy":"product_tag","embeddable":true,"href":"https:\/\/to-moje.com\/index.php\/wp-json\/wp\/v2\/product_tag?post=15642"}],"curies":[{"name":"wp","href":"https:\/\/api.w.org\/{rel}","templated":true}]}}

Spódnica Kwiatowa Abstrakcja

<blockquote><p>Kolorowa spódnica wykonana z bawełnianej popeliny drukowanej w kolorowe kwiaty.</p>
<p>Odcinana na wysokości kolan, z doszywaną szeroką falbaną. Góra na gumce, co daje spory komfort w noszeniu.</p>
<p>Świetnie sprawdzi się do letnich stylizacji z t-shirtami, topami, czy koszulami.</p>
<p>Wymiary w pasie:</p>
<p>S- obwód pasa (przy max rozciągnięciu gumy): 72cm,</p>
<p>M- obwód pasa (przy max rozciągnięciu gumy): 86cm,</p>
<p>L- obwód pasa (przy max rozciągnięciu gumy): 100cm.</p>
<p>Długość to ok 90cm.</p>
<p>Jeśli potrzebujesz innego rozmiaru lub długości, albo po prostu chcesz o coś zapytać to napisz do mnie, najlepiej na Instagramie to_moje lub na maila shop.tomoje@gmail.com</p>
<p>Każde zamówienie szyję na bieżąco, dlatego czas realizacji wynosi ok 10-14 dni i może ulec zmianie.</p>
<p>Mam 174cm wzrostu i na zdjęciu mam na sobie rozmiar L.</p></blockquote>
<p>Poducent: Agnieszka Rogozińska To Moje</p>
