{"id":15633,"date":"2025-06-10T18:00:55","date_gmt":"2025-06-10T16:00:55","guid":{"rendered":"https:\/\/to-moje.com\/?post_type=product&#038;p=15633"},"modified":"2025-09-05T20:21:10","modified_gmt":"2025-09-05T18:21:10","slug":"koszula-kraciasta-wariacja","status":"publish","type":"product","link":"https:\/\/to-moje.com\/index.php\/produkt\/koszula-kraciasta-wariacja\/","title":{"rendered":"Koszula Kraciasta Wariacja"},"content":{"rendered":"","protected":false},"excerpt":{"rendered":"<p>Koszula Kraciasta Wariacja to \u015bwietna opcja na\u00a0 lato. Zosta\u0142a wykonana z bia\u0142ej tkaniny bawe\u0142nianej w kratk\u0119 w kolorze lekko zgaszonego r\u00f3\u017cu. To niezwykle urocza i dziewcz\u0119ca propozycja.<\/p>\n<p>Tym razem postawi\u0142am na dekolt w liter\u0119 V i prz\u00f3d zapinany na charakterystyczne ju\u017c dla To Moje guziki w kszta\u0142cie serduszek, dopasowane kolorystycznie do kratki. Ale pojawi\u0142o si\u0119 te\u017c jedno wi\u0105zanie, kt\u00f3re dodaje koszuli jeszcze wi\u0119cej uroku. Nie zrezygnowa\u0142am r\u00f3wnie\u017c z bufiastych r\u0119kaw\u00f3w zako\u0144czonych gumk\u0105 i ma\u0142\u0105 falbank\u0105.<\/p>\n<p>Po raz kolejny wr\u00f3ci\u0142am do baskinki, kt\u00f3ra w ko\u0144cu odzyskuje swoj\u0105 pozycj\u0119 na modowym rynku. To \u015bwietna propozycja zar\u00f3wno do biura i bardziej formalnych outfit\u00f3w, jak i na co dzie\u0144 po prostu do d\u017cins\u00f3w, czy sp\u00f3dnic. Stylizuj j\u0105 jak chcesz! Pami\u0119taj, ogranicza Ci\u0119 tylko Twoja wyobra\u017ania. A je\u015bli obawiasz si\u0119, \u017ce koszula b\u0119dzie zbyt lu\u017ana w talii, to ju\u017c rozwiewam Twoje w\u0105tpliwo\u015bci, w tylnym szwie ukry\u0142am gumk\u0119, kt\u00f3ra delikatnie marszczy materia\u0142, ale przede wszystkim nieco podkre\u015bla tali\u0119.<\/p>\n<p>Wymiary:<br \/>\nObw\u00f3d biustu (2x szeroko\u015b\u0107 od pachy do pachy na p\u0142asko):<br \/>\nS- 98cm<br \/>\nM- 104cm<br \/>\nL- 110cm<\/p>\n<p>D\u0142ugo\u015b\u0107 baskinki od talii to ok 25cm(d\u0142ugo\u015b\u0107 mo\u017ce si\u0119 r\u00f3\u017cni\u0107 ze wzgl\u0119du na rozmiar o ok 1-2 cm).<\/p>\n<p>Sk\u0142ad: 100% bawe\u0142na<\/p>\n<p>Wszystkie zam\u00f3wienia realizuj\u0119 na bie\u017c\u0105co. Czas realizacji w zale\u017cno\u015bci od ilo\u015bci zam\u00f3wie\u0144 to ok 10-14 dni roboczych.<br \/>\nJe\u015bli nie jeste\u015b pewna jaki rozmiar wybra\u0107, potrzebujesz innego rozmiaru lub masz jakiekolwiek pytania napisz do mnie maila lub odezwij si\u0119 na instagramie (to_moje)-pomog\u0119 \ud83d\ude42<\/p>\n<p>Mam 174 cm wzrostu i nosz\u0119 rozmiar L.<\/p>\n<p>Producent: Agnieszka Rogozi\u0144ska To Moje<\/p>\n","protected":false},"featured_media":15637,"comment_status":"open","ping_status":"closed","template":"","meta":[],"product_brand":[],"product_cat":[327,15],"product_tag":[507,366,380,505,510,456,455,509,506,584,531,589,645,763,512,644],"class_list":{"0":"post-15633","1":"product","2":"type-product","3":"status-publish","4":"has-post-thumbnail","6":"product_cat-bluzki-koszule","7":"product_cat-akcesoria","8":"product_tag-baweniana-koszula","9":"product_tag-bufiaste-rekawy","10":"product_tag-kolorowa-koszula","11":"product_tag-koszula","12":"product_tag-koszula-dla-niej","13":"product_tag-koszula-do-biura","14":"product_tag-koszula-do-pracy","15":"product_tag-koszula-na-co-dzien","16":"product_tag-koszula-na-lato","17":"product_tag-koszula-w-kratke","18":"product_tag-koszula-we-wzory","19":"product_tag-koszula-z-baskinka","20":"product_tag-koszula-z-wiazaniami","21":"product_tag-rozowa-koszula-w-kratke","22":"product_tag-rozpinana-koszula","23":"product_tag-wiazana-koszula","24":"pa_rozmiar-l","25":"pa_rozmiar-m","26":"pa_rozmiar-s","28":"first","29":"instock","30":"shipping-taxable","31":"purchasable","32":"product-type-variable"},"_links":{"self":[{"href":"https:\/\/to-moje.com\/index.php\/wp-json\/wp\/v2\/product\/15633","targetHints":{"allow":["GET"]}}],"collection":[{"href":"https:\/\/to-moje.com\/index.php\/wp-json\/wp\/v2\/product"}],"about":[{"href":"https:\/\/to-moje.com\/index.php\/wp-json\/wp\/v2\/types\/product"}],"replies":[{"embeddable":true,"href":"https:\/\/to-moje.com\/index.php\/wp-json\/wp\/v2\/comments?post=15633"}],"wp:featuredmedia":[{"embeddable":true,"href":"https:\/\/to-moje.com\/index.php\/wp-json\/wp\/v2\/media\/15637"}],"wp:attachment":[{"href":"https:\/\/to-moje.com\/index.php\/wp-json\/wp\/v2\/media?parent=15633"}],"wp:term":[{"taxonomy":"product_brand","embeddable":true,"href":"https:\/\/to-moje.com\/index.php\/wp-json\/wp\/v2\/product_brand?post=15633"},{"taxonomy":"product_cat","embeddable":true,"href":"https:\/\/to-moje.com\/index.php\/wp-json\/wp\/v2\/product_cat?post=15633"},{"taxonomy":"product_tag","embeddable":true,"href":"https:\/\/to-moje.com\/index.php\/wp-json\/wp\/v2\/product_tag?post=15633"}],"curies":[{"name":"wp","href":"https:\/\/api.w.org\/{rel}","templated":true}]}}

<p>Koszula Kraciasta Wariacja to świetna opcja na  lato. Została wykonana z białej tkaniny bawełnianej w kratkę w kolorze lekko zgaszonego różu. To niezwykle urocza i dziewczęca propozycja.</p>
<p>Tym razem postawiłam na dekolt w literę V i przód zapinany na charakterystyczne już dla To Moje guziki w kształcie serduszek, dopasowane kolorystycznie do kratki. Ale pojawiło się też jedno wiązanie, które dodaje koszuli jeszcze więcej uroku. Nie zrezygnowałam również z bufiastych rękawów zakończonych gumką i małą falbanką.</p>
<p>Po raz kolejny wróciłam do baskinki, która w końcu odzyskuje swoją pozycję na modowym rynku. To świetna propozycja zarówno do biura i bardziej formalnych outfitów, jak i na co dzień po prostu do dżinsów, czy spódnic. Stylizuj ją jak chcesz! Pamiętaj, ogranicza Cię tylko Twoja wyobraźnia. A jeśli obawiasz się, że koszula będzie zbyt luźna w talii, to już rozwiewam Twoje wątpliwości, w tylnym szwie ukryłam gumkę, która delikatnie marszczy materiał, ale przede wszystkim nieco podkreśla talię.</p>
<p>Wymiary:<br />
Obwód biustu (2x szerokość od pachy do pachy na płasko):<br />
S- 98cm<br />
M- 104cm<br />
L- 110cm</p>
<p>Długość baskinki od talii to ok 25cm(długość może się różnić ze względu na rozmiar o ok 1-2 cm).</p>
<p>Skład: 100% bawełna</p>
<p>Wszystkie zamówienia realizuję na bieżąco. Czas realizacji w zależności od ilości zamówień to ok 10-14 dni roboczych.<br />
Jeśli nie jesteś pewna jaki rozmiar wybrać, potrzebujesz innego rozmiaru lub masz jakiekolwiek pytania napisz do mnie maila lub odezwij się na instagramie (to_moje)-pomogę 🙂</p>
<p>Mam 174 cm wzrostu i noszę rozmiar L.</p>
<p>Producent: Agnieszka Rogozińska To Moje</p>
