{"id":15540,"date":"2025-06-10T18:00:59","date_gmt":"2025-06-10T16:00:59","guid":{"rendered":"https:\/\/to-moje.com\/?post_type=product&#038;p=15540"},"modified":"2025-09-05T20:21:04","modified_gmt":"2025-09-05T18:21:04","slug":"szorty-wakacyjne-szalenstwo","status":"publish","type":"product","link":"https:\/\/to-moje.com\/index.php\/produkt\/szorty-wakacyjne-szalenstwo\/","title":{"rendered":"Szorty Wakacyjne Szale\u0144stwo"},"content":{"rendered":"","protected":false},"excerpt":{"rendered":"<p>Szorty Wakacyjne Szale\u0144stwo zosta\u0142y wykonane z lekkiej tkaniny sk\u0142adaj\u0105cej si\u0119 w 30% z lnu i 70% z wiskozy. To idealny sk\u0142ad na upa\u0142y!<\/p>\n<p>Spodenki s\u0105 z wysokim stanem z pasem na szerokiej gumie, w bocznych szwach ukryte s\u0105 kieszenie, a nogawki wyko\u0144czone zosta\u0142y uroczymi, szerokimi falbankami.<\/p>\n<p>\u015awietnie sprawdz\u0105 si\u0119 w upalne dni, materia\u0142 jest bardzo przewiewny. Razem z koszul\u0105 Wakacyjne Szale\u0144stwo z kr\u00f3tkim r\u0119kawem tworz\u0105 unikatowy zestaw. To super rozwi\u0105zanie na pla\u017c\u0119, czy letnie wyjazdy.<\/p>\n<p>Wymiary:<br \/>\nS- obw\u00f3d pasa (przy max rozci\u0105gni\u0119ciu gumy): 72cm, d\u0142ugo\u015b\u0107 (\u0142\u0105cznie z pasem): 45cm<br \/>\nM- obw\u00f3d pasa (przy max rozci\u0105gni\u0119ciu gumy): 86cm, d\u0142ugo\u015b\u0107 (\u0142\u0105cznie z pasem): 46cm<br \/>\nL- obw\u00f3d pasa (przy max rozci\u0105gni\u0119ciu gumy): 100cm, d\u0142ugo\u015b\u0107 (\u0142\u0105cznie z pasem): 47cm<\/p>\n<p>Ka\u017cde zam\u00f3wienie szyj\u0119 indywidualnie, wi\u0119c je\u015bli nie wiesz jaki rozmiar wybra\u0107 lub masz jakiekolwiek pytania, napisz do mnie maila, albo odezwij si\u0119 do mnie na instagramie to_moje:) Jest te\u017c mo\u017cliwo\u015b\u0107 uszycia ich z tkaniny w innym kolorze!<\/p>\n<p>Czas realizacji to 10-14 dni roboczych.<\/p>\n<p>Mam 174cm wzrostu i na zdj\u0119ciach mam na sobie rozmiar L.<\/p>\n<p>Producent: Agnieszka Rogozi\u0144ska To Moje<\/p>\n","protected":false},"featured_media":15565,"comment_status":"closed","ping_status":"closed","template":"","meta":[],"product_brand":[],"product_cat":[514,15],"product_tag":[757,518,526,756,528,517,519],"class_list":{"0":"post-15540","1":"product","2":"type-product","3":"status-publish","4":"has-post-thumbnail","6":"product_cat-szorty","7":"product_cat-akcesoria","8":"product_tag-brazowe-szorty-z-falbanka","9":"product_tag-kolorowe-szorty","10":"product_tag-lniane-szorty","11":"product_tag-niebieskie-szorty-z-falbanka","12":"product_tag-rozowe-szorty","13":"product_tag-szorty-na-lato","14":"product_tag-szorty-z-falbanka","15":"pa_rozmiar-l","16":"pa_rozmiar-m","17":"pa_rozmiar-s","19":"first","20":"instock","21":"shipping-taxable","22":"purchasable","23":"product-type-variable"},"_links":{"self":[{"href":"https:\/\/to-moje.com\/index.php\/wp-json\/wp\/v2\/product\/15540","targetHints":{"allow":["GET"]}}],"collection":[{"href":"https:\/\/to-moje.com\/index.php\/wp-json\/wp\/v2\/product"}],"about":[{"href":"https:\/\/to-moje.com\/index.php\/wp-json\/wp\/v2\/types\/product"}],"replies":[{"embeddable":true,"href":"https:\/\/to-moje.com\/index.php\/wp-json\/wp\/v2\/comments?post=15540"}],"wp:featuredmedia":[{"embeddable":true,"href":"https:\/\/to-moje.com\/index.php\/wp-json\/wp\/v2\/media\/15565"}],"wp:attachment":[{"href":"https:\/\/to-moje.com\/index.php\/wp-json\/wp\/v2\/media?parent=15540"}],"wp:term":[{"taxonomy":"product_brand","embeddable":true,"href":"https:\/\/to-moje.com\/index.php\/wp-json\/wp\/v2\/product_brand?post=15540"},{"taxonomy":"product_cat","embeddable":true,"href":"https:\/\/to-moje.com\/index.php\/wp-json\/wp\/v2\/product_cat?post=15540"},{"taxonomy":"product_tag","embeddable":true,"href":"https:\/\/to-moje.com\/index.php\/wp-json\/wp\/v2\/product_tag?post=15540"}],"curies":[{"name":"wp","href":"https:\/\/api.w.org\/{rel}","templated":true}]}}

Szorty Wakacyjne Szaleństwo

<p>Szorty Wakacyjne Szaleństwo zostały wykonane z lekkiej tkaniny składającej się w 30% z lnu i 70% z wiskozy. To idealny skład na upały!</p>
<p>Spodenki są z wysokim stanem z pasem na szerokiej gumie, w bocznych szwach ukryte są kieszenie, a nogawki wykończone zostały uroczymi, szerokimi falbankami.</p>
<p>Świetnie sprawdzą się w upalne dni, materiał jest bardzo przewiewny. Razem z koszulą Wakacyjne Szaleństwo z krótkim rękawem tworzą unikatowy zestaw. To super rozwiązanie na plażę, czy letnie wyjazdy.</p>
<p>Wymiary:<br />
S- obwód pasa (przy max rozciągnięciu gumy): 72cm, długość (łącznie z pasem): 45cm<br />
M- obwód pasa (przy max rozciągnięciu gumy): 86cm, długość (łącznie z pasem): 46cm<br />
L- obwód pasa (przy max rozciągnięciu gumy): 100cm, długość (łącznie z pasem): 47cm</p>
<p>Każde zamówienie szyję indywidualnie, więc jeśli nie wiesz jaki rozmiar wybrać lub masz jakiekolwiek pytania, napisz do mnie maila, albo odezwij się do mnie na instagramie to_moje:) Jest też możliwość uszycia ich z tkaniny w innym kolorze!</p>
<p>Czas realizacji to 10-14 dni roboczych.</p>
<p>Mam 174cm wzrostu i na zdjęciach mam na sobie rozmiar L.</p>
<p>Producent: Agnieszka Rogozińska To Moje</p>
