{"id":15520,"date":"2025-06-10T18:00:17","date_gmt":"2025-06-10T16:00:17","guid":{"rendered":"https:\/\/to-moje.com\/?post_type=product&#038;p=15520"},"modified":"2026-03-14T11:04:10","modified_gmt":"2026-03-14T10:04:10","slug":"spodnie-wakacyjne-szalenstwo-kobalt","status":"publish","type":"product","link":"https:\/\/to-moje.com\/index.php\/produkt\/spodnie-wakacyjne-szalenstwo-kobalt\/","title":{"rendered":"Spodnie Wakacyjne Szale\u0144stwo Kobalt"},"content":{"rendered":"<ol>\n<li><\/li>\n<\/ol>\n","protected":false},"excerpt":{"rendered":"<p>Spodnie Wakacyjne Szale\u0144stwo s\u0105 \u015bwietn\u0105 propozycj\u0105 na lato.<br \/>\nDlaczego? Ju\u017c t\u0142umacz\u0119!<br \/>\nPo pierwsze-naturalny sk\u0142ad, 70% wiskoza, 30% len.<\/p>\n<p>Taki sk\u0142ad zapewni komfort dla Twojego cia\u0142a nawet w mega upalny dzie\u0144!<\/p>\n<p>Po drugie modny, ale i ponadczasowy kr\u00f3j. Ich lu\u017ana forma nie kr\u0119puje ruch\u00f3w i zapewnia mega wygod\u0119 podczas noszenia. G\u00f3ra na gumce. W bocznych szwach ukryte kieszenie. D\u0142ugo\u015b\u0107 nogawki 7\/8, dodatkowo zako\u0144czone s\u0105 szerokimi falbankami-no czy to nie urocze?(teraz jeszcze szersza falbanka!)<\/p>\n<p>Po trzecie uniwersalno\u015b\u0107! To takie spodnie, kt\u00f3re po prostu zak\u0142adasz z czymkolwiek-\u015bwietnie sprawdzaj\u0105 si\u0119 w komplecie z koszul\u0105 Wakacyjne Szale\u0144stwo, ale stworz\u0105 te\u017c super duet z kr\u00f3tkim topem, t-shirtem, koszul\u0105 czy bluz\u0105. Do noszenia zar\u00f3wno na sportowo, jak i nieco bardziej elegancko-wyobra\u017a je sobie np. z balerinkami! Zatem, je\u015bli cenisz sobie wygod\u0119, to totalnie opcja dla Ciebie!<\/p>\n<p>Wymiary:<br \/>\nS- obw\u00f3d pasa (przy max rozci\u0105gni\u0119ciu gumy): 72cm<br \/>\nM- obw\u00f3d pasa (przy max rozci\u0105gni\u0119ciu gumy): 86cm<br \/>\nL- obw\u00f3d pasa (przy max rozci\u0105gni\u0119ciu gumy): 100cm<\/p>\n<p>D\u0142ugo\u015b\u0107 ok 90cm, ale dzi\u0119ki temu, \u017ce ka\u017cde zam\u00f3wienie szyj\u0119 na bie\u017c\u0105co, to jestem j\u0105 w stanie dopasowa\u0107 do Twojego wzrostu-tylko daj mi zna\u0107 w notatce do zam\u00f3wienia \ud83d\ude42<\/p>\n<p>Je\u015bli potrzebujesz innego rozmiaru, koloru czy po prostu masz pytanie-napisz do mnie!<br \/>\nNajlepiej na IG to_moje lub na maila shop.tomoje@gmail.com ch\u0119tnie pomog\u0119 \ud83d\ude42<\/p>\n<p>Mam 174cm wzrostu i na zdj\u0119ciach mam na sobie rozmiar L.<\/p>\n<p>Producent: Agnieszka Rogozi\u0144ska To Moje<\/p>\n","protected":false},"featured_media":15530,"comment_status":"closed","ping_status":"closed","template":"","meta":[],"product_brand":[],"product_cat":[658,15],"product_tag":[752,659,662,751,669,660,665,747,661,753,666,663,664],"class_list":{"0":"post-15520","1":"product","2":"type-product","3":"status-publish","4":"has-post-thumbnail","6":"product_cat-spodnie","7":"product_cat-akcesoria","8":"product_tag-kobaltowe-spodnie","9":"product_tag-kolorowe-spodnie","10":"product_tag-lniane-spodnie","11":"product_tag-niebieskie-spodnie","12":"product_tag-rozowe-spodnie","13":"product_tag-spodnie-7-8","14":"product_tag-spodnie-na-gumie","15":"product_tag-spodnie-na-lato","16":"product_tag-spodnie-z-falbanka","17":"product_tag-spodnie-z-falbanka-na-lato","18":"product_tag-spodnie-z-kieszeniami","19":"product_tag-szerokie-lniane-spodnie","20":"product_tag-szerokie-spodnie","21":"pa_rozmiar-l","22":"pa_rozmiar-m","23":"pa_rozmiar-s","25":"first","26":"instock","27":"shipping-taxable","28":"purchasable","29":"product-type-variable"},"_links":{"self":[{"href":"https:\/\/to-moje.com\/index.php\/wp-json\/wp\/v2\/product\/15520","targetHints":{"allow":["GET"]}}],"collection":[{"href":"https:\/\/to-moje.com\/index.php\/wp-json\/wp\/v2\/product"}],"about":[{"href":"https:\/\/to-moje.com\/index.php\/wp-json\/wp\/v2\/types\/product"}],"replies":[{"embeddable":true,"href":"https:\/\/to-moje.com\/index.php\/wp-json\/wp\/v2\/comments?post=15520"}],"wp:featuredmedia":[{"embeddable":true,"href":"https:\/\/to-moje.com\/index.php\/wp-json\/wp\/v2\/media\/15530"}],"wp:attachment":[{"href":"https:\/\/to-moje.com\/index.php\/wp-json\/wp\/v2\/media?parent=15520"}],"wp:term":[{"taxonomy":"product_brand","embeddable":true,"href":"https:\/\/to-moje.com\/index.php\/wp-json\/wp\/v2\/product_brand?post=15520"},{"taxonomy":"product_cat","embeddable":true,"href":"https:\/\/to-moje.com\/index.php\/wp-json\/wp\/v2\/product_cat?post=15520"},{"taxonomy":"product_tag","embeddable":true,"href":"https:\/\/to-moje.com\/index.php\/wp-json\/wp\/v2\/product_tag?post=15520"}],"curies":[{"name":"wp","href":"https:\/\/api.w.org\/{rel}","templated":true}]}}

Spodnie Wakacyjne Szaleństwo Kobalt

<p>Spodnie Wakacyjne Szaleństwo są świetną propozycją na lato.<br />
Dlaczego? Już tłumaczę!<br />
Po pierwsze-naturalny skład, 70% wiskoza, 30% len.</p>
<p>Taki skład zapewni komfort dla Twojego ciała nawet w mega upalny dzień!</p>
<p>Po drugie modny, ale i ponadczasowy krój. Ich luźna forma nie krępuje ruchów i zapewnia mega wygodę podczas noszenia. Góra na gumce. W bocznych szwach ukryte kieszenie. Długość nogawki 7/8, dodatkowo zakończone są szerokimi falbankami-no czy to nie urocze?(teraz jeszcze szersza falbanka!)</p>
<p>Po trzecie uniwersalność! To takie spodnie, które po prostu zakładasz z czymkolwiek-świetnie sprawdzają się w komplecie z koszulą Wakacyjne Szaleństwo, ale stworzą też super duet z krótkim topem, t-shirtem, koszulą czy bluzą. Do noszenia zarówno na sportowo, jak i nieco bardziej elegancko-wyobraź je sobie np. z balerinkami! Zatem, jeśli cenisz sobie wygodę, to totalnie opcja dla Ciebie!</p>
<p>Wymiary:<br />
S- obwód pasa (przy max rozciągnięciu gumy): 72cm<br />
M- obwód pasa (przy max rozciągnięciu gumy): 86cm<br />
L- obwód pasa (przy max rozciągnięciu gumy): 100cm</p>
<p>Długość ok 90cm, ale dzięki temu, że każde zamówienie szyję na bieżąco, to jestem ją w stanie dopasować do Twojego wzrostu-tylko daj mi znać w notatce do zamówienia 🙂</p>
<p>Jeśli potrzebujesz innego rozmiaru, koloru czy po prostu masz pytanie-napisz do mnie!<br />
Najlepiej na IG to_moje lub na maila shop.tomoje@gmail.com chętnie pomogę 🙂</p>
<p>Mam 174cm wzrostu i na zdjęciach mam na sobie rozmiar L.</p>
<p>Producent: Agnieszka Rogozińska To Moje</p>
