{"id":15457,"date":"2025-05-29T19:19:54","date_gmt":"2025-05-29T17:19:54","guid":{"rendered":"https:\/\/to-moje.com\/?post_type=product&#038;p=15457"},"modified":"2026-03-14T11:04:10","modified_gmt":"2026-03-14T10:04:10","slug":"koszula-wakacyjne-szalenstwo-krotki-rekaw","status":"publish","type":"product","link":"https:\/\/to-moje.com\/index.php\/produkt\/koszula-wakacyjne-szalenstwo-krotki-rekaw\/","title":{"rendered":"Koszula Wakacyjne Szale\u0144stwo-kr\u00f3tki r\u0119kaw"},"content":{"rendered":"<ol>\n<li><\/li>\n<\/ol>\n","protected":false},"excerpt":{"rendered":"<p>Koszula Wakacyjne Szale\u0144stwo jest \u015bwietn\u0105 propozycj\u0105 na lato.<br \/>\nDlaczego? Ju\u017c t\u0142umacz\u0119!<br \/>\nPo pierwsze-naturalny sk\u0142ad!<br \/>\n70% wiskoza, 30% len<\/p>\n<p>Taki sk\u0142ad zapewni komfort dla Twojego cia\u0142a nawet w mega upalny dzie\u0144!<\/p>\n<p>Po drugie modny, ale i ponadczasowy kr\u00f3j. Wi\u0105zania w tym sezonie niew\u0105tpliwie wiod\u0105 prym i w og\u00f3le mnie to nie dziwi, bo to naprawd\u0119 bardzo uroczy i dziewcz\u0119cy element. W tym projekcie nie mog\u0142o te\u017c zabrakn\u0105\u0107 chyba w jaki\u015b spos\u00f3b charakterystycznych ju\u017c dla mnie bufiastych r\u0119kaw\u00f3w. Tym razem w wersji kr\u00f3tkiej, do \u0142okcia<\/p>\n<p>Po trzecie uniwersalno\u015b\u0107! To koszula, kt\u00f3ra nie tylko rewelacyjnie wygl\u0105da\u0107 b\u0119dzie w komplecie ze spodniami Wakacyjne Szale\u0144stwo, ale tak\u017ce z wieloma elementami Twojej garderoby-na pewno znajdziesz w niej jakie\u015b spodnie, sp\u00f3dnic\u0119 czy szorty, z kt\u00f3rymi mo\u017cesz j\u0105 zestawi\u0107. To te\u017c super opcja do noszenia jako narzutka np. na str\u00f3j k\u0105pielowy czy top.<\/p>\n<p>Wymiary (obw\u00f3d biustu):<br \/>\nS- 105 cm<br \/>\nM- 115 cm<br \/>\nL- 125 cm<\/p>\n<p>D\u0142ugo\u015b\u0107 ok 55cm.<br \/>\nD\u0142ugo\u015b\u0107 r\u0119kawa ok 63cm.<\/p>\n<p>Je\u015bli potrzebujesz innego rozmiaru, koloru czy po prostu masz pytanie-napisz do mnie! Najlepiej na IG to_moje lub na maila shop.tomoje@gmail.com ch\u0119tnie pomog\u0119 \ud83d\ude42<\/p>\n<p>Mam 174cm wzrostu i na zdj\u0119ciach mam na sobie rozmiar L.<\/p>\n<p>Producent: Agnieszka Rogozi\u0144ska To Moje<\/p>\n","protected":false},"featured_media":15482,"comment_status":"closed","ping_status":"closed","template":"","meta":[],"product_brand":[],"product_cat":[327,15],"product_tag":[366,654,380,506,748,530,749,655,452,750,644],"class_list":{"0":"post-15457","1":"product","2":"type-product","3":"status-publish","4":"has-post-thumbnail","6":"product_cat-bluzki-koszule","7":"product_cat-akcesoria","8":"product_tag-bufiaste-rekawy","9":"product_tag-gladka-koszula","10":"product_tag-kolorowa-koszula","11":"product_tag-koszula-na-lato","12":"product_tag-koszula-z-krotkim-rekawem","13":"product_tag-lniana-koszula","14":"product_tag-lniana-koszula-na-lato","15":"product_tag-naturalny-sklad","16":"product_tag-rozowa-koszula","17":"product_tag-rozowa-koszula-z-bufiastymi-rekawami","18":"product_tag-wiazana-koszula","19":"pa_rozmiar-l","20":"pa_rozmiar-m","21":"pa_rozmiar-s","23":"first","24":"instock","25":"shipping-taxable","26":"purchasable","27":"product-type-variable"},"_links":{"self":[{"href":"https:\/\/to-moje.com\/index.php\/wp-json\/wp\/v2\/product\/15457","targetHints":{"allow":["GET"]}}],"collection":[{"href":"https:\/\/to-moje.com\/index.php\/wp-json\/wp\/v2\/product"}],"about":[{"href":"https:\/\/to-moje.com\/index.php\/wp-json\/wp\/v2\/types\/product"}],"replies":[{"embeddable":true,"href":"https:\/\/to-moje.com\/index.php\/wp-json\/wp\/v2\/comments?post=15457"}],"wp:featuredmedia":[{"embeddable":true,"href":"https:\/\/to-moje.com\/index.php\/wp-json\/wp\/v2\/media\/15482"}],"wp:attachment":[{"href":"https:\/\/to-moje.com\/index.php\/wp-json\/wp\/v2\/media?parent=15457"}],"wp:term":[{"taxonomy":"product_brand","embeddable":true,"href":"https:\/\/to-moje.com\/index.php\/wp-json\/wp\/v2\/product_brand?post=15457"},{"taxonomy":"product_cat","embeddable":true,"href":"https:\/\/to-moje.com\/index.php\/wp-json\/wp\/v2\/product_cat?post=15457"},{"taxonomy":"product_tag","embeddable":true,"href":"https:\/\/to-moje.com\/index.php\/wp-json\/wp\/v2\/product_tag?post=15457"}],"curies":[{"name":"wp","href":"https:\/\/api.w.org\/{rel}","templated":true}]}}

Koszula Wakacyjne Szaleństwo-krótki rękaw

<p>Koszula Wakacyjne Szaleństwo jest świetną propozycją na lato.<br />
Dlaczego? Już tłumaczę!<br />
Po pierwsze-naturalny skład!<br />
70% wiskoza, 30% len</p>
<p>Taki skład zapewni komfort dla Twojego ciała nawet w mega upalny dzień!</p>
<p>Po drugie modny, ale i ponadczasowy krój. Wiązania w tym sezonie niewątpliwie wiodą prym i w ogóle mnie to nie dziwi, bo to naprawdę bardzo uroczy i dziewczęcy element. W tym projekcie nie mogło też zabraknąć chyba w jakiś sposób charakterystycznych już dla mnie bufiastych rękawów. Tym razem w wersji krótkiej, do łokcia</p>
<p>Po trzecie uniwersalność! To koszula, która nie tylko rewelacyjnie wyglądać będzie w komplecie ze spodniami Wakacyjne Szaleństwo, ale także z wieloma elementami Twojej garderoby-na pewno znajdziesz w niej jakieś spodnie, spódnicę czy szorty, z którymi możesz ją zestawić. To też super opcja do noszenia jako narzutka np. na strój kąpielowy czy top.</p>
<p>Wymiary (obwód biustu):<br />
S- 105 cm<br />
M- 115 cm<br />
L- 125 cm</p>
<p>Długość ok 55cm.<br />
Długość rękawa ok 63cm.</p>
<p>Jeśli potrzebujesz innego rozmiaru, koloru czy po prostu masz pytanie-napisz do mnie! Najlepiej na IG to_moje lub na maila shop.tomoje@gmail.com chętnie pomogę 🙂</p>
<p>Mam 174cm wzrostu i na zdjęciach mam na sobie rozmiar L.</p>
<p>Producent: Agnieszka Rogozińska To Moje</p>
