{"id":15412,"date":"2025-05-29T18:45:38","date_gmt":"2025-05-29T16:45:38","guid":{"rendered":"https:\/\/to-moje.com\/?post_type=product&#038;p=15412"},"modified":"2026-03-25T16:31:36","modified_gmt":"2026-03-25T15:31:36","slug":"dwustronna-jupka-sloneczna-aura","status":"publish","type":"product","link":"https:\/\/to-moje.com\/index.php\/produkt\/dwustronna-jupka-sloneczna-aura\/","title":{"rendered":"Dwustronna Jupka S\u0142oneczna Aura"},"content":{"rendered":"","protected":false},"excerpt":{"rendered":"<p>Lekka dwustronna kurtka- idealna jako kurtka przej\u015bciowa, wykonana z kolorowej pik\u00f3wki we wzory.<br \/>\nEfektownym elementem opr\u00f3cz samego materia\u0142u rzecz jasna,\u00a0 s\u0105 bufiaste r\u0119kawy zako\u0144czone gumk\u0105\u00a0 i urocze guziki w kszta\u0142cie serc.<br \/>\nDla Twojej wygody kurtka ma te\u017c naszyte na przodzie dwie kieszenie.<br \/>\nKryte szwy umo\u017cliwiaj\u0105 noszenie jej obustronnie-pami\u0119taj jednak, \u017ce kieszenie i guziki znajduj\u0105 si\u0119 tylko po jednej stronie.<br \/>\nW notatce do zam\u00f3wienia daj zna\u0107 kt\u00f3ry wz\u00f3r chcesz by by\u0142 tym zewn\u0119trznym: s\u0142o\u0144ca czy kratka:)<\/p>\n<p>Sk\u0142ad: tkaniny z obu stron to 100% bawe\u0142na, lam\u00f3wki u\u017cyte w tym projekcie r\u00f3wnie\u017c s\u0105 bawe\u0142niane<\/p>\n<p>Kurtka dost\u0119pna jest w dw\u00f3ch \u0142\u0105czonych rozmiarach<br \/>\nS\/M szeroko\u015b\u0107 od pachy do pachy 55cm, d\u0142ugo\u015b\u0107 68cm<br \/>\nL\/XL szeroko\u015b\u0107 od pachy do pachy 63cm, d\u0142ugo\u015b\u0107 68cm<\/p>\n<p>Je\u015bli nie wiesz jaki rozmiar wybra\u0107 lub po prostu masz jakie\u015b pytania czy pro\u015bby, to napisz do mnie na shop.tomoje@gmail.com lub na instagramie to_moje \ud83d\ude42<\/p>\n<p>Na zdj\u0119ciu mam na sobie rozmiar L\/XL, mam 174cm wzrostu.<\/p>\n<p>Producent: Agnieszka Rogozi\u0144ska To Moje<\/p>\n","protected":false},"featured_media":15415,"comment_status":"closed","ping_status":"closed","template":"","meta":[],"product_brand":[],"product_cat":[404,15],"product_tag":[642,700,632,745,702,641,635,631,618],"class_list":{"0":"post-15412","1":"product","2":"type-product","3":"status-publish","4":"has-post-thumbnail","6":"product_cat-plaszcze-i-kurtki","7":"product_cat-akcesoria","8":"product_tag-bawelniana-kurtka","9":"product_tag-dwustronna-kurtka","10":"product_tag-kolorowa-kurtka","11":"product_tag-kurtka-w-kratke","12":"product_tag-kurtka-w-skandynawskim-stylu","13":"product_tag-kurtka-we-wzory","14":"product_tag-kurtka-z-kieszeniami","15":"product_tag-pikowana-kurtka","16":"product_tag-skandynawski-styl","18":"first","19":"outofstock","20":"shipping-taxable","21":"purchasable","22":"product-type-variable"},"_links":{"self":[{"href":"https:\/\/to-moje.com\/index.php\/wp-json\/wp\/v2\/product\/15412","targetHints":{"allow":["GET"]}}],"collection":[{"href":"https:\/\/to-moje.com\/index.php\/wp-json\/wp\/v2\/product"}],"about":[{"href":"https:\/\/to-moje.com\/index.php\/wp-json\/wp\/v2\/types\/product"}],"replies":[{"embeddable":true,"href":"https:\/\/to-moje.com\/index.php\/wp-json\/wp\/v2\/comments?post=15412"}],"wp:featuredmedia":[{"embeddable":true,"href":"https:\/\/to-moje.com\/index.php\/wp-json\/wp\/v2\/media\/15415"}],"wp:attachment":[{"href":"https:\/\/to-moje.com\/index.php\/wp-json\/wp\/v2\/media?parent=15412"}],"wp:term":[{"taxonomy":"product_brand","embeddable":true,"href":"https:\/\/to-moje.com\/index.php\/wp-json\/wp\/v2\/product_brand?post=15412"},{"taxonomy":"product_cat","embeddable":true,"href":"https:\/\/to-moje.com\/index.php\/wp-json\/wp\/v2\/product_cat?post=15412"},{"taxonomy":"product_tag","embeddable":true,"href":"https:\/\/to-moje.com\/index.php\/wp-json\/wp\/v2\/product_tag?post=15412"}],"curies":[{"name":"wp","href":"https:\/\/api.w.org\/{rel}","templated":true}]}}

Dwustronna Jupka Słoneczna Aura

<p>Lekka dwustronna kurtka- idealna jako kurtka przejściowa, wykonana z kolorowej pikówki we wzory.<br />
Efektownym elementem oprócz samego materiału rzecz jasna,  są bufiaste rękawy zakończone gumką  i urocze guziki w kształcie serc.<br />
Dla Twojej wygody kurtka ma też naszyte na przodzie dwie kieszenie.<br />
Kryte szwy umożliwiają noszenie jej obustronnie-pamiętaj jednak, że kieszenie i guziki znajdują się tylko po jednej stronie.<br />
W notatce do zamówienia daj znać który wzór chcesz by był tym zewnętrznym: słońca czy kratka:)</p>
<p>Skład: tkaniny z obu stron to 100% bawełna, lamówki użyte w tym projekcie również są bawełniane</p>
<p>Kurtka dostępna jest w dwóch łączonych rozmiarach<br />
S/M szerokość od pachy do pachy 55cm, długość 68cm<br />
L/XL szerokość od pachy do pachy 63cm, długość 68cm</p>
<p>Jeśli nie wiesz jaki rozmiar wybrać lub po prostu masz jakieś pytania czy prośby, to napisz do mnie na shop.tomoje@gmail.com lub na instagramie to_moje 🙂</p>
<p>Na zdjęciu mam na sobie rozmiar L/XL, mam 174cm wzrostu.</p>
<p>Producent: Agnieszka Rogozińska To Moje</p>
