{"id":15344,"date":"2025-05-29T17:53:18","date_gmt":"2025-05-29T15:53:18","guid":{"rendered":"https:\/\/to-moje.com\/?post_type=product&#038;p=15344"},"modified":"2026-04-21T21:00:49","modified_gmt":"2026-04-21T19:00:49","slug":"kolnierzyk-cytrynka","status":"publish","type":"product","link":"https:\/\/to-moje.com\/index.php\/produkt\/kolnierzyk-cytrynka\/","title":{"rendered":"Ko\u0142nierzyk Cytrynka"},"content":{"rendered":"","protected":false},"excerpt":{"rendered":"<p>Wi\u0105zany ko\u0142nierzyk wykonany z\u00a0 tkaniny bawe\u0142nianej w ultra modnym jasno\u017c\u00f3\u0142tym kolorze.<br \/>\nWyko\u0144czony urocz\u0105 falbank\u0105.<br \/>\nKo\u0142nierzyk wyst\u0119puje w jednym rozmiarze.<br \/>\nTo \u015bwietny dodatek do outfitu, wystarczy za\u0142o\u017cy\u0107 go do t-shirta, bluzy, czy sweterka by nada\u0107 swojej stylizacji zupe\u0142nie inny charakter.<\/p>\n<p>Sk\u0142ad: 100% bawe\u0142na.<\/p>\n<p>Czas realizacji to ok 5-7 dni roboczych, mo\u017ce si\u0119 on zmieni\u0107 w zale\u017cno\u015bci od ilo\u015bci zam\u00f3wie\u0144.<br \/>\nKolory na zdj\u0119ciu mog\u0105 si\u0119 r\u00f3\u017cni\u0107 od tych w rzeczywisto\u015bci.<br \/>\nJe\u015bli nie jeste\u015b pewien\/pewna wyboru i masz jakie\u015b pytania, napisz do mnie maila lub odwezwij si\u0119 na instagramie to_moje \ud83d\ude42<\/p>\n<p>Producent: Agnieszka Rogozi\u0144ska To Moje<\/p>\n","protected":false},"featured_media":15345,"comment_status":"closed","ping_status":"closed","template":"","meta":[],"product_brand":[],"product_cat":[198,15],"product_tag":[576,558,557,200,556,199,587,717,737],"class_list":{"0":"post-15344","1":"product","2":"type-product","3":"status-publish","4":"has-post-thumbnail","6":"product_cat-kolnierzyki","7":"product_cat-akcesoria","8":"product_tag-bawelniany-kolnierzyk","9":"product_tag-kolorowe-akcesoria","10":"product_tag-kolorowy-kolnierzyk","11":"product_tag-kolnierz","12":"product_tag-kolnierz-z-bawelny","13":"product_tag-kolnierzyk","14":"product_tag-kolnierzyk-z-falbanka","15":"product_tag-wiazany-kolnierzyk","16":"product_tag-zolty-kolnierzyk","18":"first","19":"instock","20":"shipping-taxable","21":"purchasable","22":"product-type-simple"},"_links":{"self":[{"href":"https:\/\/to-moje.com\/index.php\/wp-json\/wp\/v2\/product\/15344","targetHints":{"allow":["GET"]}}],"collection":[{"href":"https:\/\/to-moje.com\/index.php\/wp-json\/wp\/v2\/product"}],"about":[{"href":"https:\/\/to-moje.com\/index.php\/wp-json\/wp\/v2\/types\/product"}],"replies":[{"embeddable":true,"href":"https:\/\/to-moje.com\/index.php\/wp-json\/wp\/v2\/comments?post=15344"}],"wp:featuredmedia":[{"embeddable":true,"href":"https:\/\/to-moje.com\/index.php\/wp-json\/wp\/v2\/media\/15345"}],"wp:attachment":[{"href":"https:\/\/to-moje.com\/index.php\/wp-json\/wp\/v2\/media?parent=15344"}],"wp:term":[{"taxonomy":"product_brand","embeddable":true,"href":"https:\/\/to-moje.com\/index.php\/wp-json\/wp\/v2\/product_brand?post=15344"},{"taxonomy":"product_cat","embeddable":true,"href":"https:\/\/to-moje.com\/index.php\/wp-json\/wp\/v2\/product_cat?post=15344"},{"taxonomy":"product_tag","embeddable":true,"href":"https:\/\/to-moje.com\/index.php\/wp-json\/wp\/v2\/product_tag?post=15344"}],"curies":[{"name":"wp","href":"https:\/\/api.w.org\/{rel}","templated":true}]}}

Kołnierzyk Cytrynka

<p>Wiązany kołnierzyk wykonany z  tkaniny bawełnianej w ultra modnym jasnożółtym kolorze.<br />
Wykończony uroczą falbanką.<br />
Kołnierzyk występuje w jednym rozmiarze.<br />
To świetny dodatek do outfitu, wystarczy założyć go do t-shirta, bluzy, czy sweterka by nadać swojej stylizacji zupełnie inny charakter.</p>
<p>Skład: 100% bawełna.</p>
<p>Czas realizacji to ok 5-7 dni roboczych, może się on zmienić w zależności od ilości zamówień.<br />
Kolory na zdjęciu mogą się różnić od tych w rzeczywistości.<br />
Jeśli nie jesteś pewien/pewna wyboru i masz jakieś pytania, napisz do mnie maila lub odwezwij się na instagramie to_moje 🙂</p>
<p>Producent: Agnieszka Rogozińska To Moje</p>
