{"id":15159,"date":"2025-01-30T18:00:34","date_gmt":"2025-01-30T17:00:34","guid":{"rendered":"https:\/\/to-moje.com\/?post_type=product&#038;p=15159"},"modified":"2025-12-15T16:19:45","modified_gmt":"2025-12-15T15:19:45","slug":"koszula-maselkowa-fantazja","status":"publish","type":"product","link":"https:\/\/to-moje.com\/index.php\/produkt\/koszula-maselkowa-fantazja\/","title":{"rendered":"Koszula Mase\u0142kowa Fantazja"},"content":{"rendered":"","protected":false},"excerpt":{"rendered":"<p>Koszula Mase\u0142kowa Fantazja zosta\u0142a wykonana z g\u0142adkiej, satynowanej tkaniny bawe\u0142nianej w jednym z najbardziej po\u017c\u0105danych kolor\u00f3w na wiosn\u0119 i lato 2025, czyli w pastelowym odcieniu \u017c\u00f3\u0142tego!<\/p>\n<p>Ko\u0142nierzyki s\u0105 ju\u017c jednym z element\u00f3w charakterystycznych dla To Moje, dlatego i pojawi\u0142 si\u0119 on i tym razem, jednak ma on nowy kszta\u0142t. Coraz odwa\u017cniej wracam do du\u017cych form! Wyko\u0144czony zosta\u0142 falbank\u0105,<br \/>\nKolejny element mam nadziej\u0119, \u017ce kojarz\u0105cy si\u0119 z To Moje to serduszkowe guziki, tutaj te\u017c je znajdziecie, zar\u00f3wno z przodu, jak i przy mankietach.<br \/>\nAle! W tym projekcie nie mo\u017cna pomin\u0105\u0107 plec\u00f3w, bo tam dopiero dzieje si\u0119 magia!<br \/>\nJakby dla kogo\u015b ko\u0142nierz z falbank\u0105, guziki serca i ten uroczy kolor to by\u0142o za ma\u0142o s\u0142odyczy, to dorzucam jeszcze kokardki!<br \/>\nCo Wy na to?<br \/>\nRozporek na plecach wi\u0105zany na 3 kokardki, tego ma\u0142o kto si\u0119 spodziewa!<\/p>\n<p>Warto doda\u0107, \u017ce jest to koszula o lu\u017anym, wyd\u0142u\u017conym kroju, nieco bardziej oversize. To \u015bwietna propozycja zar\u00f3wno do biura i bardziej formalnych outfit\u00f3w, jak i na co dzie\u0144 po prostu do d\u017cins\u00f3w, czy sp\u00f3dnic.<\/p>\n<p>Wymiary (obw\u00f3d biustu):<br \/>\nS- 105 cm<br \/>\nM- 115 cm<br \/>\nL- 125 cm<\/p>\n<p>Sk\u0142ad: 100% bawe\u0142na<\/p>\n<p>Wszystkie zam\u00f3wienia realizuj\u0119 na bie\u017c\u0105co. Czas realizacji to ok 10 dni roboczych.<br \/>\nJe\u015bli nie jeste\u015b pewna jaki rozmiar wybra\u0107 lub masz jakiekolwiek pytania napisz do mnie maila lub odezwij si\u0119 na instagramie to_moje-pomog\u0119 \ud83d\ude42<\/p>\n<p>Mam 174 cm wzrostu i nosz\u0119 rozmiar L.<\/p>\n<p>&nbsp;<\/p>\n","protected":false},"featured_media":15163,"comment_status":"open","ping_status":"closed","template":"","meta":[],"product_brand":[],"product_cat":[327,208,397,15],"product_tag":[652,507,366,380,505,510,456,509,402,513,730,512,729],"class_list":{"0":"post-15159","1":"product","2":"type-product","3":"status-publish","4":"has-post-thumbnail","6":"product_cat-bluzki-koszule","7":"product_cat-koszulki-bluzy-sukienki","8":"product_cat-sukienki-i-bluzki","9":"product_cat-akcesoria","10":"product_tag-bawelniana-biala-koszula","11":"product_tag-baweniana-koszula","12":"product_tag-bufiaste-rekawy","13":"product_tag-kolorowa-koszula","14":"product_tag-koszula","15":"product_tag-koszula-dla-niej","16":"product_tag-koszula-do-biura","17":"product_tag-koszula-na-co-dzien","18":"product_tag-koszula-z-kolnierzem","19":"product_tag-luzna-koszula","20":"product_tag-maselkowy-zolty","21":"product_tag-rozpinana-koszula","22":"product_tag-zolta-koszula","23":"pa_rozmiar-l","24":"pa_rozmiar-m","25":"pa_rozmiar-s","27":"first","28":"outofstock","29":"sale","30":"shipping-taxable","31":"purchasable","32":"product-type-variable"},"_links":{"self":[{"href":"https:\/\/to-moje.com\/index.php\/wp-json\/wp\/v2\/product\/15159","targetHints":{"allow":["GET"]}}],"collection":[{"href":"https:\/\/to-moje.com\/index.php\/wp-json\/wp\/v2\/product"}],"about":[{"href":"https:\/\/to-moje.com\/index.php\/wp-json\/wp\/v2\/types\/product"}],"replies":[{"embeddable":true,"href":"https:\/\/to-moje.com\/index.php\/wp-json\/wp\/v2\/comments?post=15159"}],"wp:featuredmedia":[{"embeddable":true,"href":"https:\/\/to-moje.com\/index.php\/wp-json\/wp\/v2\/media\/15163"}],"wp:attachment":[{"href":"https:\/\/to-moje.com\/index.php\/wp-json\/wp\/v2\/media?parent=15159"}],"wp:term":[{"taxonomy":"product_brand","embeddable":true,"href":"https:\/\/to-moje.com\/index.php\/wp-json\/wp\/v2\/product_brand?post=15159"},{"taxonomy":"product_cat","embeddable":true,"href":"https:\/\/to-moje.com\/index.php\/wp-json\/wp\/v2\/product_cat?post=15159"},{"taxonomy":"product_tag","embeddable":true,"href":"https:\/\/to-moje.com\/index.php\/wp-json\/wp\/v2\/product_tag?post=15159"}],"curies":[{"name":"wp","href":"https:\/\/api.w.org\/{rel}","templated":true}]}}

Koszula Masełkowa Fantazja

<p>Koszula Masełkowa Fantazja została wykonana z gładkiej, satynowanej tkaniny bawełnianej w jednym z najbardziej pożądanych kolorów na wiosnę i lato 2025, czyli w pastelowym odcieniu żółtego!</p>
<p>Kołnierzyki są już jednym z elementów charakterystycznych dla To Moje, dlatego i pojawił się on i tym razem, jednak ma on nowy kształt. Coraz odważniej wracam do dużych form! Wykończony został falbanką,<br />
Kolejny element mam nadzieję, że kojarzący się z To Moje to serduszkowe guziki, tutaj też je znajdziecie, zarówno z przodu, jak i przy mankietach.<br />
Ale! W tym projekcie nie można pominąć pleców, bo tam dopiero dzieje się magia!<br />
Jakby dla kogoś kołnierz z falbanką, guziki serca i ten uroczy kolor to było za mało słodyczy, to dorzucam jeszcze kokardki!<br />
Co Wy na to?<br />
Rozporek na plecach wiązany na 3 kokardki, tego mało kto się spodziewa!</p>
<p>Warto dodać, że jest to koszula o luźnym, wydłużonym kroju, nieco bardziej oversize. To świetna propozycja zarówno do biura i bardziej formalnych outfitów, jak i na co dzień po prostu do dżinsów, czy spódnic.</p>
<p>Wymiary (obwód biustu):<br />
S- 105 cm<br />
M- 115 cm<br />
L- 125 cm</p>
<p>Skład: 100% bawełna</p>
<p>Wszystkie zamówienia realizuję na bieżąco. Czas realizacji to ok 10 dni roboczych.<br />
Jeśli nie jesteś pewna jaki rozmiar wybrać lub masz jakiekolwiek pytania napisz do mnie maila lub odezwij się na instagramie to_moje-pomogę 🙂</p>
<p>Mam 174 cm wzrostu i noszę rozmiar L.</p>
<p>&nbsp;</p>
