{"id":14990,"date":"2024-11-27T17:34:16","date_gmt":"2024-11-27T16:34:16","guid":{"rendered":"https:\/\/to-moje.com\/?post_type=product&#038;p=14990"},"modified":"2026-04-10T11:28:03","modified_gmt":"2026-04-10T09:28:03","slug":"koszula-denimowy-slodziak","status":"publish","type":"product","link":"https:\/\/to-moje.com\/index.php\/produkt\/koszula-denimowy-slodziak\/","title":{"rendered":"Koszula Denimowy S\u0142odziak"},"content":{"rendered":"","protected":false},"excerpt":{"rendered":"<p>Koszula Denimowy S\u0142odziak zosta\u0142a wykonana z cienkiego denimu w kolorze ciemnego granatu.<\/p>\n<p>Ten model to kwintesencja uroku-wi\u0105zanie pod szyj\u0105, kt\u00f3re zastosowa\u0142am po raz kolejny w takiej formie w swoim projekcie, jest mocno powracaj\u0105cym do \u0142ask trendem i \u015bwietn\u0105 alternatyw\u0105 dla ko\u0142nierzyka. Jednak niew\u0105tpliwie najwi\u0119kszym atutem koszuli s\u0105 bardzo obszerne, bufiaste r\u0119kawy, z obni\u017con\u0105 lini\u0105 pachy i mankietami zapinanymi na guziki w kszta\u0142cie serduszek.<\/p>\n<p>Jest to koszula o lu\u017anym kroju, nieco bardziej oversize. To \u015bwietna propozycja zar\u00f3wno do biura i bardziej formalnych outfit\u00f3w, jak i na co dzie\u0144 po prostu do d\u017cins\u00f3w, czy sp\u00f3dnic.<\/p>\n<p>Wymiary (obw\u00f3d biustu):<br \/>\nS- 105 cm<br \/>\nM- 115 cm<br \/>\nL- 125 cm<\/p>\n<p>Sk\u0142ad: 100% bawe\u0142na<\/p>\n<p>Wszystkie zam\u00f3wienia realizuj\u0119 na bie\u017c\u0105co. Czas realizacji to ok 7-10 dni roboczych.<br \/>\nJe\u015bli nie jeste\u015b pewna jaki rozmiar wybra\u0107 lub masz jakiekolwiek pytania napisz do mnie maila lub odezwij si\u0119 na instagramie:to_moje-pomog\u0119 \ud83d\ude42<\/p>\n<p>Mam 174 cm wzrostu i nosz\u0119 rozmiar L.<\/p>\n<p>&nbsp;<\/p>\n","protected":false},"featured_media":14995,"comment_status":"open","ping_status":"closed","template":"","meta":[],"product_brand":[],"product_cat":[327,15],"product_tag":[507,366,714,380,505,510,509,545,513,512],"class_list":{"0":"post-14990","1":"product","2":"type-product","3":"status-publish","4":"has-post-thumbnail","6":"product_cat-bluzki-koszule","7":"product_cat-akcesoria","8":"product_tag-baweniana-koszula","9":"product_tag-bufiaste-rekawy","10":"product_tag-jeansowa-koszula","11":"product_tag-kolorowa-koszula","12":"product_tag-koszula","13":"product_tag-koszula-dla-niej","14":"product_tag-koszula-na-co-dzien","15":"product_tag-koszula-z-wiazaniem-pod-szyja","16":"product_tag-luzna-koszula","17":"product_tag-rozpinana-koszula","18":"pa_rozmiar-l","19":"pa_rozmiar-m","20":"pa_rozmiar-s","22":"first","23":"instock","24":"shipping-taxable","25":"purchasable","26":"product-type-variable"},"_links":{"self":[{"href":"https:\/\/to-moje.com\/index.php\/wp-json\/wp\/v2\/product\/14990","targetHints":{"allow":["GET"]}}],"collection":[{"href":"https:\/\/to-moje.com\/index.php\/wp-json\/wp\/v2\/product"}],"about":[{"href":"https:\/\/to-moje.com\/index.php\/wp-json\/wp\/v2\/types\/product"}],"replies":[{"embeddable":true,"href":"https:\/\/to-moje.com\/index.php\/wp-json\/wp\/v2\/comments?post=14990"}],"wp:featuredmedia":[{"embeddable":true,"href":"https:\/\/to-moje.com\/index.php\/wp-json\/wp\/v2\/media\/14995"}],"wp:attachment":[{"href":"https:\/\/to-moje.com\/index.php\/wp-json\/wp\/v2\/media?parent=14990"}],"wp:term":[{"taxonomy":"product_brand","embeddable":true,"href":"https:\/\/to-moje.com\/index.php\/wp-json\/wp\/v2\/product_brand?post=14990"},{"taxonomy":"product_cat","embeddable":true,"href":"https:\/\/to-moje.com\/index.php\/wp-json\/wp\/v2\/product_cat?post=14990"},{"taxonomy":"product_tag","embeddable":true,"href":"https:\/\/to-moje.com\/index.php\/wp-json\/wp\/v2\/product_tag?post=14990"}],"curies":[{"name":"wp","href":"https:\/\/api.w.org\/{rel}","templated":true}]}}

Koszula Denimowy Słodziak

<p>Koszula Denimowy Słodziak została wykonana z cienkiego denimu w kolorze ciemnego granatu.</p>
<p>Ten model to kwintesencja uroku-wiązanie pod szyją, które zastosowałam po raz kolejny w takiej formie w swoim projekcie, jest mocno powracającym do łask trendem i świetną alternatywą dla kołnierzyka. Jednak niewątpliwie największym atutem koszuli są bardzo obszerne, bufiaste rękawy, z obniżoną linią pachy i mankietami zapinanymi na guziki w kształcie serduszek.</p>
<p>Jest to koszula o luźnym kroju, nieco bardziej oversize. To świetna propozycja zarówno do biura i bardziej formalnych outfitów, jak i na co dzień po prostu do dżinsów, czy spódnic.</p>
<p>Wymiary (obwód biustu):<br />
S- 105 cm<br />
M- 115 cm<br />
L- 125 cm</p>
<p>Skład: 100% bawełna</p>
<p>Wszystkie zamówienia realizuję na bieżąco. Czas realizacji to ok 7-10 dni roboczych.<br />
Jeśli nie jesteś pewna jaki rozmiar wybrać lub masz jakiekolwiek pytania napisz do mnie maila lub odezwij się na instagramie:to_moje-pomogę 🙂</p>
<p>Mam 174 cm wzrostu i noszę rozmiar L.</p>
<p>&nbsp;</p>
