{"id":14972,"date":"2024-11-27T17:13:57","date_gmt":"2024-11-27T16:13:57","guid":{"rendered":"https:\/\/to-moje.com\/?post_type=product&#038;p=14972"},"modified":"2025-05-29T19:29:52","modified_gmt":"2025-05-29T17:29:52","slug":"sukienka-denimowy-luz","status":"publish","type":"product","link":"https:\/\/to-moje.com\/index.php\/produkt\/sukienka-denimowy-luz\/","title":{"rendered":"Sukienka Denimowy Luz"},"content":{"rendered":"<blockquote><p>&nbsp;<\/p><\/blockquote>\n","protected":false},"excerpt":{"rendered":"<blockquote><p>Sukienka Denimowy Luz wykonana zosta\u0142a z cienkiego jasnego jeansu.<br \/>\nTym razem w tym projekcie wr\u00f3ci\u0142am do kszta\u0142tu ko\u0142nierza, kt\u00f3ry zacz\u0105\u0142 now\u0105 er\u0119 w To Moje-jest du\u017cy, spiczasty i zako\u0144czony falbank\u0105.<br \/>\nTen model sukienki ma zupe\u0142nie inny kr\u00f3j ni\u017c dotychczas, nie ma tu odci\u0119cia w talii, kt\u00f3re zazwyczaj pojawia\u0142o si\u0119 w moich projektach, tym razem postawi\u0142am na luz! D\u0142ugie bufiaste r\u0119kawy, to \u017cadna nowo\u015b\u0107, a \u017ce bardzo polubi\u0142am si\u0119 ostatnio z wyka\u0144czaniem ich falbank\u0105, to i tym razem tak w\u0142a\u015bnie si\u0119 sta\u0142o. Ca\u0142o\u015b\u0107 tworzy bardzo urocz\u0105 kompozycj\u0119, nieco w retro klimacie.<\/p><\/blockquote>\n<p>Denim jest na tyle uniwersalny, \u017ce na pewno wykorzystasz ten projekt nie raz!<\/p>\n<p>A teraz kilka technicznych informacji:<\/p>\n<p>Sk\u0142ad: 100% bawe\u0142na.<\/p>\n<p>Wymiary:<br \/>\nObw\u00f3d biustu (2x szeroko\u015b\u0107 od pachy do pachy na p\u0142asko):<br \/>\nS- 98cm<br \/>\nM- 104cm<br \/>\nL- 110cm<\/p>\n<p>D\u0142ugo\u015b\u0107 od ramion do do\u0142u (w zale\u017cno\u015bci od rozmiaru mo\u017ce si\u0119 r\u00f3\u017cni\u0107 o ok 1-2cm) : w rozmiarze L widocznym na zdj\u0119ciach to ok 94cm.<\/p>\n<p>Je\u015bli nie jeste\u015b pewna jaki rozmiar wybra\u0107, napisz do mnie lub podaj swoje wymiary w notatce, dzi\u0119ki temu, \u017ce ka\u017cdy produkt szyj\u0119 dopiero po z\u0142o\u017ceniu zam\u00f3wienia, to mog\u0119 dopasowa\u0107 wymiary do Ciebie.<\/p>\n<p>Czas realizacji w zale\u017cno\u015bci od ilo\u015bci zam\u00f3wie\u0144 to ok 7-10 dni roboczych.<\/p>\n<p>Mam 174cm wzrostu i mam na sobie rozmiar L.<\/p>\n","protected":false},"featured_media":14976,"comment_status":"open","ping_status":"closed","template":"","meta":[],"product_brand":[],"product_cat":[215,15],"product_tag":[259,683,451,573,347,544,543,552,433,260,708,219,686],"class_list":{"0":"post-14972","1":"product","2":"type-product","3":"status-publish","4":"has-post-thumbnail","6":"product_cat-sukienki","7":"product_cat-akcesoria","8":"product_tag-bawelniana-sukienka","9":"product_tag-jeansowa-sukienka","10":"product_tag-kolorowa-sukienka","11":"product_tag-krotka-sukienka","12":"product_tag-sukienka-mini","13":"product_tag-sukienka-na-co-dzien","14":"product_tag-sukienka-na-jesien","15":"product_tag-sukienka-na-okazje","16":"product_tag-sukienka-na-swieta","17":"product_tag-sukienka-z-bawelny","18":"product_tag-sukienka-z-falbanka","19":"product_tag-sukienka-z-kolnierzem","20":"product_tag-sukienka-z-wiazaniami","21":"pa_rozmiar-l","22":"pa_rozmiar-m","23":"pa_rozmiar-s","25":"first","26":"instock","27":"shipping-taxable","28":"purchasable","29":"product-type-variable"},"_links":{"self":[{"href":"https:\/\/to-moje.com\/index.php\/wp-json\/wp\/v2\/product\/14972","targetHints":{"allow":["GET"]}}],"collection":[{"href":"https:\/\/to-moje.com\/index.php\/wp-json\/wp\/v2\/product"}],"about":[{"href":"https:\/\/to-moje.com\/index.php\/wp-json\/wp\/v2\/types\/product"}],"replies":[{"embeddable":true,"href":"https:\/\/to-moje.com\/index.php\/wp-json\/wp\/v2\/comments?post=14972"}],"wp:featuredmedia":[{"embeddable":true,"href":"https:\/\/to-moje.com\/index.php\/wp-json\/wp\/v2\/media\/14976"}],"wp:attachment":[{"href":"https:\/\/to-moje.com\/index.php\/wp-json\/wp\/v2\/media?parent=14972"}],"wp:term":[{"taxonomy":"product_brand","embeddable":true,"href":"https:\/\/to-moje.com\/index.php\/wp-json\/wp\/v2\/product_brand?post=14972"},{"taxonomy":"product_cat","embeddable":true,"href":"https:\/\/to-moje.com\/index.php\/wp-json\/wp\/v2\/product_cat?post=14972"},{"taxonomy":"product_tag","embeddable":true,"href":"https:\/\/to-moje.com\/index.php\/wp-json\/wp\/v2\/product_tag?post=14972"}],"curies":[{"name":"wp","href":"https:\/\/api.w.org\/{rel}","templated":true}]}}

<blockquote><p>Sukienka Denimowy Luz wykonana została z cienkiego jasnego jeansu.<br />
Tym razem w tym projekcie wróciłam do kształtu kołnierza, który zaczął nową erę w To Moje-jest duży, spiczasty i zakończony falbanką.<br />
Ten model sukienki ma zupełnie inny krój niż dotychczas, nie ma tu odcięcia w talii, które zazwyczaj pojawiało się w moich projektach, tym razem postawiłam na luz! Długie bufiaste rękawy, to żadna nowość, a że bardzo polubiłam się ostatnio z wykańczaniem ich falbanką, to i tym razem tak właśnie się stało. Całość tworzy bardzo uroczą kompozycję, nieco w retro klimacie.</p></blockquote>
<p>Denim jest na tyle uniwersalny, że na pewno wykorzystasz ten projekt nie raz!</p>
<p>A teraz kilka technicznych informacji:</p>
<p>Skład: 100% bawełna.</p>
<p>Wymiary:<br />
Obwód biustu (2x szerokość od pachy do pachy na płasko):<br />
S- 98cm<br />
M- 104cm<br />
L- 110cm</p>
<p>Długość od ramion do dołu (w zależności od rozmiaru może się różnić o ok 1-2cm) : w rozmiarze L widocznym na zdjęciach to ok 94cm.</p>
<p>Jeśli nie jesteś pewna jaki rozmiar wybrać, napisz do mnie lub podaj swoje wymiary w notatce, dzięki temu, że każdy produkt szyję dopiero po złożeniu zamówienia, to mogę dopasować wymiary do Ciebie.</p>
<p>Czas realizacji w zależności od ilości zamówień to ok 7-10 dni roboczych.</p>
<p>Mam 174cm wzrostu i mam na sobie rozmiar L.</p>
