{"id":14964,"date":"2024-11-27T17:07:10","date_gmt":"2024-11-27T16:07:10","guid":{"rendered":"https:\/\/to-moje.com\/?post_type=product&#038;p=14964"},"modified":"2025-09-30T18:59:43","modified_gmt":"2025-09-30T16:59:43","slug":"sukienka-zimowa-laka","status":"publish","type":"product","link":"https:\/\/to-moje.com\/index.php\/produkt\/sukienka-zimowa-laka\/","title":{"rendered":"Sukienka Zimowa \u0141\u0105ka"},"content":{"rendered":"<blockquote><p>&nbsp;<\/p><\/blockquote>\n","protected":false},"excerpt":{"rendered":"<blockquote><p>Sukienka Zimowa \u0141\u0105ka wykonana zosta\u0142a popeliny bawe\u0142nianej w dw\u00f3ch kolorach do wyboru: czarnym i kobaltowym drukowanej w kolorowe kwiaty. [AKTULNIE BRAK KOLORU CZARNEGO-w razie czego prosz\u0119 pyta\u0107 o dost\u0119pno\u015b\u0107]<br \/>\nTo sukienka dla mi\u0142o\u015bniczek kwiatowych print\u00f3w i tak\u017ce dla os\u00f3b, kt\u00f3re nadal nie mog\u0105 si\u0119 zdecydowa\u0107 czy bardziej i\u015b\u0107 w kolor, czy w stonowane barwy.<br \/>\nW tym projekcie ko\u0142nierzyk zast\u0105pi\u0142a falbanka w formie st\u00f3jki. D\u0142ugie bufiaste r\u0119kawy, to kolejny element, kt\u00f3ry zazwyczaj pojawia si\u0119 w moich projektach, tym razem wyko\u0144czy\u0142am je jednak w inny spos\u00f3b-urocz\u0105 falbank\u0105.<br \/>\nJest te\u017c co\u015b dla os\u00f3b lubi\u0105cych bardziej podkre\u015bli\u0107 tali\u0119, w tym modelu znajdziecie troczki, kt\u00f3re mo\u017cecie zawi\u0105za\u0107 z ty\u0142u, reguluj\u0105c tym samym szeroko\u015b\u0107 sukienki,<\/p><\/blockquote>\n<p>To idealna propozycja na \u015bwi\u0119ta, ale nie tylko! Jest to te\u017c przy okazji na tyle uniwersalny model, \u017ce na pewno wykorzystasz go wielokrotnie. \u015awietnie sprawdzi si\u0119 zar\u00f3wno do kozak\u00f3w, jak i mokasyn\u00f3w, czy sportowego obuwia. Tylko od Ciebie zale\u017cy jak j\u0105 wystylizujesz i jaki nadasz jej charakter.<\/p>\n<p>A teraz kilka technicznych informacji:<\/p>\n<p>Sk\u0142ad: 100% bawe\u0142na.<\/p>\n<p>Wymiary:<br \/>\nObw\u00f3d biustu (2x szeroko\u015b\u0107 od pachy do pachy na p\u0142asko):<br \/>\nS- 98cm<br \/>\nM- 104cm<br \/>\nL- 110cm<\/p>\n<p>D\u0142ugo\u015b\u0107 od odci\u0119cia do do\u0142u (w zale\u017cno\u015bci od rozmiaru mo\u017ce si\u0119 r\u00f3\u017cni\u0107 o ok 1-2cm) : w rozmiarze L widocznym na zdj\u0119ciach to ok 88cm.<\/p>\n<p>Je\u015bli nie jeste\u015b pewna jaki rozmiar wybra\u0107, napisz do mnie lub podaj swoje wymiary w notatce, dzi\u0119ki temu, \u017ce ka\u017cdy produkt szyj\u0119 dopiero po z\u0142o\u017ceniu zam\u00f3wienia, to mog\u0119 dopasowa\u0107 wymiary do Ciebie.<\/p>\n<p>Czas realizacji w zale\u017cno\u015bci od ilo\u015bci zam\u00f3wie\u0144 to ok 7-10 dni roboczych.<\/p>\n<p>Mam 174cm wzrostu i mam na sobie rozmiar L.<\/p>\n","protected":false},"featured_media":15121,"comment_status":"open","ping_status":"closed","template":"","meta":[],"product_brand":[],"product_cat":[215,15],"product_tag":[259,451,711,394,544,710,552,433,615,260,686],"class_list":{"0":"post-14964","1":"product","2":"type-product","3":"status-publish","4":"has-post-thumbnail","6":"product_cat-sukienki","7":"product_cat-akcesoria","8":"product_tag-bawelniana-sukienka","9":"product_tag-kolorowa-sukienka","10":"product_tag-kolorowe-kwiaty","11":"product_tag-sukienka-midi","12":"product_tag-sukienka-na-co-dzien","13":"product_tag-sukienka-na-gwiazdke","14":"product_tag-sukienka-na-okazje","15":"product_tag-sukienka-na-swieta","16":"product_tag-sukienka-w-kwiatki","17":"product_tag-sukienka-z-bawelny","18":"product_tag-sukienka-z-wiazaniami","19":"pa_rozmiar-l","20":"pa_rozmiar-m","21":"pa_rozmiar-s","23":"first","24":"outofstock","25":"shipping-taxable","26":"purchasable","27":"product-type-variable"},"_links":{"self":[{"href":"https:\/\/to-moje.com\/index.php\/wp-json\/wp\/v2\/product\/14964","targetHints":{"allow":["GET"]}}],"collection":[{"href":"https:\/\/to-moje.com\/index.php\/wp-json\/wp\/v2\/product"}],"about":[{"href":"https:\/\/to-moje.com\/index.php\/wp-json\/wp\/v2\/types\/product"}],"replies":[{"embeddable":true,"href":"https:\/\/to-moje.com\/index.php\/wp-json\/wp\/v2\/comments?post=14964"}],"wp:featuredmedia":[{"embeddable":true,"href":"https:\/\/to-moje.com\/index.php\/wp-json\/wp\/v2\/media\/15121"}],"wp:attachment":[{"href":"https:\/\/to-moje.com\/index.php\/wp-json\/wp\/v2\/media?parent=14964"}],"wp:term":[{"taxonomy":"product_brand","embeddable":true,"href":"https:\/\/to-moje.com\/index.php\/wp-json\/wp\/v2\/product_brand?post=14964"},{"taxonomy":"product_cat","embeddable":true,"href":"https:\/\/to-moje.com\/index.php\/wp-json\/wp\/v2\/product_cat?post=14964"},{"taxonomy":"product_tag","embeddable":true,"href":"https:\/\/to-moje.com\/index.php\/wp-json\/wp\/v2\/product_tag?post=14964"}],"curies":[{"name":"wp","href":"https:\/\/api.w.org\/{rel}","templated":true}]}}

Sukienka Zimowa Łąka

<blockquote><p>Sukienka Zimowa Łąka wykonana została popeliny bawełnianej w dwóch kolorach do wyboru: czarnym i kobaltowym drukowanej w kolorowe kwiaty. [AKTULNIE BRAK KOLORU CZARNEGO-w razie czego proszę pytać o dostępność]<br />
To sukienka dla miłośniczek kwiatowych printów i także dla osób, które nadal nie mogą się zdecydować czy bardziej iść w kolor, czy w stonowane barwy.<br />
W tym projekcie kołnierzyk zastąpiła falbanka w formie stójki. Długie bufiaste rękawy, to kolejny element, który zazwyczaj pojawia się w moich projektach, tym razem wykończyłam je jednak w inny sposób-uroczą falbanką.<br />
Jest też coś dla osób lubiących bardziej podkreślić talię, w tym modelu znajdziecie troczki, które możecie zawiązać z tyłu, regulując tym samym szerokość sukienki,</p></blockquote>
<p>To idealna propozycja na święta, ale nie tylko! Jest to też przy okazji na tyle uniwersalny model, że na pewno wykorzystasz go wielokrotnie. Świetnie sprawdzi się zarówno do kozaków, jak i mokasynów, czy sportowego obuwia. Tylko od Ciebie zależy jak ją wystylizujesz i jaki nadasz jej charakter.</p>
<p>A teraz kilka technicznych informacji:</p>
<p>Skład: 100% bawełna.</p>
<p>Wymiary:<br />
Obwód biustu (2x szerokość od pachy do pachy na płasko):<br />
S- 98cm<br />
M- 104cm<br />
L- 110cm</p>
<p>Długość od odcięcia do dołu (w zależności od rozmiaru może się różnić o ok 1-2cm) : w rozmiarze L widocznym na zdjęciach to ok 88cm.</p>
<p>Jeśli nie jesteś pewna jaki rozmiar wybrać, napisz do mnie lub podaj swoje wymiary w notatce, dzięki temu, że każdy produkt szyję dopiero po złożeniu zamówienia, to mogę dopasować wymiary do Ciebie.</p>
<p>Czas realizacji w zależności od ilości zamówień to ok 7-10 dni roboczych.</p>
<p>Mam 174cm wzrostu i mam na sobie rozmiar L.</p>
