{"id":14954,"date":"2024-11-27T16:59:23","date_gmt":"2024-11-27T15:59:23","guid":{"rendered":"https:\/\/to-moje.com\/?post_type=product&#038;p=14954"},"modified":"2025-05-29T19:30:06","modified_gmt":"2025-05-29T17:30:06","slug":"sukienka-swiateczna-elegancja","status":"publish","type":"product","link":"https:\/\/to-moje.com\/index.php\/produkt\/sukienka-swiateczna-elegancja\/","title":{"rendered":"Sukienka \u015awi\u0105teczna elegancja"},"content":{"rendered":"<blockquote><p>&nbsp;<\/p><\/blockquote>\n","protected":false},"excerpt":{"rendered":"<blockquote><p>Sukienka \u015awi\u0105teczna elegancja wykonana zosta\u0142a z granatowej bawe\u0142ny z satynowym po\u0142yskiem,<br \/>\nTo niezwykle elegancki model sukienki, ale nie mog\u0142am si\u0119 powstrzyma\u0107, \u017ceby nie doda\u0107 w nim czego\u015b uroczego.<br \/>\nI tym razem nie zabrak\u0142o ko\u0142nierzyka, jednak bez falbanki i w sporo mniejszym rozmiarze ni\u017c zazwyczaj. D\u0142ugie bufiaste r\u0119kawy, to kolejny element, kt\u00f3ry zazwyczaj pojawia si\u0119 w moich projektach, tym razem wyko\u0144czy\u0142am je jednak w inny spos\u00f3b-szerokim mankietem wi\u0105zanym na kokark\u0119.<br \/>\nKokardki pojawi\u0142y si\u0119 te\u017c po raz pierwszy na sp\u00f3dnicy, tak samo z reszt\u0105 jak rozporki.<\/p><\/blockquote>\n<p>To idealna propozycja na \u015bwi\u0119ta, ale nie tylko! Jest to te\u017c przy okazji na tyle uniwersalny model, \u017ce na pewno wykorzystasz go wielokrotnie. \u015awietnie sprawdzi si\u0119 zar\u00f3wno do kozak\u00f3w, jak i mokasyn\u00f3w, czy sportowego obuwia. Tylko od Ciebie zale\u017cy jak j\u0105 wystylizujesz i jaki nadasz jej charakter.<\/p>\n<p>A teraz kilka technicznych informacji:<\/p>\n<p>Sk\u0142ad: 100% bawe\u0142na.<\/p>\n<p>Wymiary:<br \/>\nObw\u00f3d biustu (2x szeroko\u015b\u0107 od pachy do pachy na p\u0142asko):<br \/>\nS- 98cm<br \/>\nM- 104cm<br \/>\nL- 110cm<\/p>\n<p>D\u0142ugo\u015b\u0107 od odci\u0119cia do do\u0142u (w zale\u017cno\u015bci od rozmiaru mo\u017ce si\u0119 r\u00f3\u017cni\u0107 o ok 1-2cm) : w rozmiarze L widocznym na zdj\u0119ciach to ok 88cm.<\/p>\n<p>Je\u015bli nie jeste\u015b pewna jaki rozmiar wybra\u0107, napisz do mnie lub podaj swoje wymiary w notatce, dzi\u0119ki temu, \u017ce ka\u017cdy produkt szyj\u0119 dopiero po z\u0142o\u017ceniu zam\u00f3wienia, to mog\u0119 dopasowa\u0107 wymiary do Ciebie.<\/p>\n<p>Czas realizacji w zale\u017cno\u015bci od ilo\u015bci zam\u00f3wie\u0144 to ok 7-10 dni roboczych.<\/p>\n<p>Mam 174cm wzrostu i mam na sobie rozmiar L.<\/p>\n","protected":false},"featured_media":14958,"comment_status":"open","ping_status":"closed","template":"","meta":[],"product_brand":[],"product_cat":[215,15],"product_tag":[259,451,394,544,710,552,433,260,686],"class_list":{"0":"post-14954","1":"product","2":"type-product","3":"status-publish","4":"has-post-thumbnail","6":"product_cat-sukienki","7":"product_cat-akcesoria","8":"product_tag-bawelniana-sukienka","9":"product_tag-kolorowa-sukienka","10":"product_tag-sukienka-midi","11":"product_tag-sukienka-na-co-dzien","12":"product_tag-sukienka-na-gwiazdke","13":"product_tag-sukienka-na-okazje","14":"product_tag-sukienka-na-swieta","15":"product_tag-sukienka-z-bawelny","16":"product_tag-sukienka-z-wiazaniami","17":"pa_rozmiar-l","18":"pa_rozmiar-m","19":"pa_rozmiar-s","21":"first","22":"instock","23":"shipping-taxable","24":"purchasable","25":"product-type-variable"},"_links":{"self":[{"href":"https:\/\/to-moje.com\/index.php\/wp-json\/wp\/v2\/product\/14954","targetHints":{"allow":["GET"]}}],"collection":[{"href":"https:\/\/to-moje.com\/index.php\/wp-json\/wp\/v2\/product"}],"about":[{"href":"https:\/\/to-moje.com\/index.php\/wp-json\/wp\/v2\/types\/product"}],"replies":[{"embeddable":true,"href":"https:\/\/to-moje.com\/index.php\/wp-json\/wp\/v2\/comments?post=14954"}],"wp:featuredmedia":[{"embeddable":true,"href":"https:\/\/to-moje.com\/index.php\/wp-json\/wp\/v2\/media\/14958"}],"wp:attachment":[{"href":"https:\/\/to-moje.com\/index.php\/wp-json\/wp\/v2\/media?parent=14954"}],"wp:term":[{"taxonomy":"product_brand","embeddable":true,"href":"https:\/\/to-moje.com\/index.php\/wp-json\/wp\/v2\/product_brand?post=14954"},{"taxonomy":"product_cat","embeddable":true,"href":"https:\/\/to-moje.com\/index.php\/wp-json\/wp\/v2\/product_cat?post=14954"},{"taxonomy":"product_tag","embeddable":true,"href":"https:\/\/to-moje.com\/index.php\/wp-json\/wp\/v2\/product_tag?post=14954"}],"curies":[{"name":"wp","href":"https:\/\/api.w.org\/{rel}","templated":true}]}}

Sukienka Świąteczna elegancja

<blockquote><p>Sukienka Świąteczna elegancja wykonana została z granatowej bawełny z satynowym połyskiem,<br />
To niezwykle elegancki model sukienki, ale nie mogłam się powstrzymać, żeby nie dodać w nim czegoś uroczego.<br />
I tym razem nie zabrakło kołnierzyka, jednak bez falbanki i w sporo mniejszym rozmiarze niż zazwyczaj. Długie bufiaste rękawy, to kolejny element, który zazwyczaj pojawia się w moich projektach, tym razem wykończyłam je jednak w inny sposób-szerokim mankietem wiązanym na kokarkę.<br />
Kokardki pojawiły się też po raz pierwszy na spódnicy, tak samo z resztą jak rozporki.</p></blockquote>
<p>To idealna propozycja na święta, ale nie tylko! Jest to też przy okazji na tyle uniwersalny model, że na pewno wykorzystasz go wielokrotnie. Świetnie sprawdzi się zarówno do kozaków, jak i mokasynów, czy sportowego obuwia. Tylko od Ciebie zależy jak ją wystylizujesz i jaki nadasz jej charakter.</p>
<p>A teraz kilka technicznych informacji:</p>
<p>Skład: 100% bawełna.</p>
<p>Wymiary:<br />
Obwód biustu (2x szerokość od pachy do pachy na płasko):<br />
S- 98cm<br />
M- 104cm<br />
L- 110cm</p>
<p>Długość od odcięcia do dołu (w zależności od rozmiaru może się różnić o ok 1-2cm) : w rozmiarze L widocznym na zdjęciach to ok 88cm.</p>
<p>Jeśli nie jesteś pewna jaki rozmiar wybrać, napisz do mnie lub podaj swoje wymiary w notatce, dzięki temu, że każdy produkt szyję dopiero po złożeniu zamówienia, to mogę dopasować wymiary do Ciebie.</p>
<p>Czas realizacji w zależności od ilości zamówień to ok 7-10 dni roboczych.</p>
<p>Mam 174cm wzrostu i mam na sobie rozmiar L.</p>
