{"id":14945,"date":"2024-11-27T16:50:40","date_gmt":"2024-11-27T15:50:40","guid":{"rendered":"https:\/\/to-moje.com\/?post_type=product&#038;p=14945"},"modified":"2026-01-14T17:55:22","modified_gmt":"2026-01-14T16:55:22","slug":"sukienka-swieta-w-kratke","status":"publish","type":"product","link":"https:\/\/to-moje.com\/index.php\/produkt\/sukienka-swieta-w-kratke\/","title":{"rendered":"Sukienka \u015awi\u0119ta w kratk\u0119"},"content":{"rendered":"<blockquote><p>&nbsp;<\/p><\/blockquote>\n","protected":false},"excerpt":{"rendered":"<blockquote><p>Sukienka \u015awi\u0119ta w kratk\u0119 wykonana zosta\u0142a bawe\u0142nianej tkaniny w szerok\u0105 granatowo-zielon\u0105 krat\u0119.<br \/>\nDekolt w liter\u0119 V ozdobiony zosta\u0142 dodatkowo ko\u0142nierzykiem, tym razem bez \u017cadnej falbanki. Szeroko\u015b\u0107 talii mo\u017cna regulowa\u0107 swobodnie za pomoc\u0105 troczk\u00f3w, kt\u00f3re wi\u0105\u017ce si\u0119 po bokach, zyskujemy dzi\u0119ki temu dodatkowy uroczy akcent w postaci kokardek. D\u0142ugie bufiaste r\u0119kawy, to kolejny element, kt\u00f3ry zazwyczaj pojawia si\u0119 w moich projektach, tym razem wyko\u0144czy\u0142am je jednak w inny spos\u00f3b- gumk\u0105, kt\u00f3ra z ko\u0144c\u00f3wki r\u0119kawa tworzy falbank\u0119.<\/p><\/blockquote>\n<p>To idealna propozycja na \u015bwi\u0119ta, ale nie tylko! Jest to te\u017c przy okazji na tyle uniwersalny model, \u017ce na pewno wykorzystasz go wielokrotnie. \u015awietnie sprawdzi si\u0119 zar\u00f3wno do kozak\u00f3w, jak i mokasyn\u00f3w, czy sportowego obuwia.<\/p>\n<p>A teraz kilka technicznych informacji:<\/p>\n<p>Sk\u0142ad: 100% bawe\u0142na.<\/p>\n<p>Wymiary:<br \/>\nObw\u00f3d biustu (2x szeroko\u015b\u0107 od pachy do pachy na p\u0142asko):<br \/>\nS- 98cm<br \/>\nM- 104cm<br \/>\nL- 110cm<\/p>\n<p>D\u0142ugo\u015b\u0107 od odci\u0119cia do do\u0142u (w zale\u017cno\u015bci od rozmiaru mo\u017ce si\u0119 r\u00f3\u017cni\u0107 o ok 1-2cm) : w rozmiarze L widocznym na zdj\u0119ciach to ok 88cm.<\/p>\n<p>Je\u015bli nie jeste\u015b pewna jaki rozmiar wybra\u0107, napisz do mnie lub podaj swoje wymiary w notatce, dzi\u0119ki temu, \u017ce ka\u017cdy produkt szyj\u0119 dopiero po z\u0142o\u017ceniu zam\u00f3wienia, to mog\u0119 dopasowa\u0107 wymiary do Ciebie.<\/p>\n<p>Czas realizacji w zale\u017cno\u015bci od ilo\u015bci zam\u00f3wie\u0144 to ok 7-10 dni roboczych.<\/p>\n<p>Mam 174cm wzrostu i mam na sobie rozmiar L.<\/p>\n","protected":false},"featured_media":14949,"comment_status":"open","ping_status":"closed","template":"","meta":[],"product_brand":[],"product_cat":[215,15],"product_tag":[259,451,394,544,710,552,433,257,260,686],"class_list":{"0":"post-14945","1":"product","2":"type-product","3":"status-publish","4":"has-post-thumbnail","6":"product_cat-sukienki","7":"product_cat-akcesoria","8":"product_tag-bawelniana-sukienka","9":"product_tag-kolorowa-sukienka","10":"product_tag-sukienka-midi","11":"product_tag-sukienka-na-co-dzien","12":"product_tag-sukienka-na-gwiazdke","13":"product_tag-sukienka-na-okazje","14":"product_tag-sukienka-na-swieta","15":"product_tag-sukienka-w-krate","16":"product_tag-sukienka-z-bawelny","17":"product_tag-sukienka-z-wiazaniami","18":"pa_rozmiar-l","19":"pa_rozmiar-m","20":"pa_rozmiar-s","22":"first","23":"outofstock","24":"shipping-taxable","25":"purchasable","26":"product-type-variable"},"_links":{"self":[{"href":"https:\/\/to-moje.com\/index.php\/wp-json\/wp\/v2\/product\/14945","targetHints":{"allow":["GET"]}}],"collection":[{"href":"https:\/\/to-moje.com\/index.php\/wp-json\/wp\/v2\/product"}],"about":[{"href":"https:\/\/to-moje.com\/index.php\/wp-json\/wp\/v2\/types\/product"}],"replies":[{"embeddable":true,"href":"https:\/\/to-moje.com\/index.php\/wp-json\/wp\/v2\/comments?post=14945"}],"wp:featuredmedia":[{"embeddable":true,"href":"https:\/\/to-moje.com\/index.php\/wp-json\/wp\/v2\/media\/14949"}],"wp:attachment":[{"href":"https:\/\/to-moje.com\/index.php\/wp-json\/wp\/v2\/media?parent=14945"}],"wp:term":[{"taxonomy":"product_brand","embeddable":true,"href":"https:\/\/to-moje.com\/index.php\/wp-json\/wp\/v2\/product_brand?post=14945"},{"taxonomy":"product_cat","embeddable":true,"href":"https:\/\/to-moje.com\/index.php\/wp-json\/wp\/v2\/product_cat?post=14945"},{"taxonomy":"product_tag","embeddable":true,"href":"https:\/\/to-moje.com\/index.php\/wp-json\/wp\/v2\/product_tag?post=14945"}],"curies":[{"name":"wp","href":"https:\/\/api.w.org\/{rel}","templated":true}]}}

Sukienka Święta w kratkę

<blockquote><p>Sukienka Święta w kratkę wykonana została bawełnianej tkaniny w szeroką granatowo-zieloną kratę.<br />
Dekolt w literę V ozdobiony został dodatkowo kołnierzykiem, tym razem bez żadnej falbanki. Szerokość talii można regulować swobodnie za pomocą troczków, które wiąże się po bokach, zyskujemy dzięki temu dodatkowy uroczy akcent w postaci kokardek. Długie bufiaste rękawy, to kolejny element, który zazwyczaj pojawia się w moich projektach, tym razem wykończyłam je jednak w inny sposób- gumką, która z końcówki rękawa tworzy falbankę.</p></blockquote>
<p>To idealna propozycja na święta, ale nie tylko! Jest to też przy okazji na tyle uniwersalny model, że na pewno wykorzystasz go wielokrotnie. Świetnie sprawdzi się zarówno do kozaków, jak i mokasynów, czy sportowego obuwia.</p>
<p>A teraz kilka technicznych informacji:</p>
<p>Skład: 100% bawełna.</p>
<p>Wymiary:<br />
Obwód biustu (2x szerokość od pachy do pachy na płasko):<br />
S- 98cm<br />
M- 104cm<br />
L- 110cm</p>
<p>Długość od odcięcia do dołu (w zależności od rozmiaru może się różnić o ok 1-2cm) : w rozmiarze L widocznym na zdjęciach to ok 88cm.</p>
<p>Jeśli nie jesteś pewna jaki rozmiar wybrać, napisz do mnie lub podaj swoje wymiary w notatce, dzięki temu, że każdy produkt szyję dopiero po złożeniu zamówienia, to mogę dopasować wymiary do Ciebie.</p>
<p>Czas realizacji w zależności od ilości zamówień to ok 7-10 dni roboczych.</p>
<p>Mam 174cm wzrostu i mam na sobie rozmiar L.</p>
