{"id":14876,"date":"2024-10-25T12:09:01","date_gmt":"2024-10-25T10:09:01","guid":{"rendered":"https:\/\/to-moje.com\/?post_type=product&#038;p=14876"},"modified":"2025-05-29T18:19:21","modified_gmt":"2025-05-29T16:19:21","slug":"dwustronna-jupka-jesienna-milostka","status":"publish","type":"product","link":"https:\/\/to-moje.com\/index.php\/produkt\/dwustronna-jupka-jesienna-milostka\/","title":{"rendered":"Dwustronna Jupka Jesienna Mi\u0142ostka"},"content":{"rendered":"","protected":false},"excerpt":{"rendered":"<p>Lekka dwustronna kurtka- idealna jako kurtka przej\u015bciowa, wykonana z kolorowej pik\u00f3wki we wzory.<br \/>\nEfektownym elementem opr\u00f3cz samego materia\u0142u rzecz jasna,\u00a0 s\u0105 bufiaste r\u0119kawy zako\u0144czone gumk\u0105\u00a0 i urocze guziki w kszta\u0142cie serc.<br \/>\nDla Twojej wygody kurtka ma te\u017c naszyte na przodzie dwie kieszenie.<br \/>\nKryte szwy umo\u017cliwiaj\u0105 noszenie jej obustronnie-pami\u0119taj jednak, \u017ce kieszenie i guziki znajduj\u0105 si\u0119 tylko po jednej stronie.<br \/>\nW notatce do zam\u00f3wienia daj zna\u0107 kt\u00f3ry wz\u00f3r chcesz by by\u0142 tym zewn\u0119trznym \ud83d\ude42<\/p>\n<p>Sk\u0142ad: tkaniny z obu stron to 100% bawe\u0142na, lam\u00f3wki u\u017cyte w tym projekcie r\u00f3wnie\u017c s\u0105 bawe\u0142niane<\/p>\n<p>Kurtka dost\u0119pna jest w dw\u00f3ch \u0142\u0105czonych rozmiarach<br \/>\nS\/M szeroko\u015b\u0107 od pachy do pachy 55cm, d\u0142ugo\u015b\u0107 68cm<br \/>\nL\/XL szeroko\u015b\u0107 od pachy do pachy 63cm, d\u0142ugo\u015b\u0107 68cm<\/p>\n<p>Je\u015bli nie wiesz jaki rozmiar wybra\u0107 lub po prostu masz jakie\u015b pytania czy pro\u015bby, to napisz do mnie na shop.tomoje@gmail.com lub na instagramie to_moje \ud83d\ude42<\/p>\n<p>Na zdj\u0119ciu mam na sobie rozmiar L\/XL, mam 174cm wzrostu.<\/p>\n","protected":false},"featured_media":14879,"comment_status":"closed","ping_status":"closed","template":"","meta":[],"product_brand":[],"product_cat":[404],"product_tag":[642,700,632,702,641,635,631,618],"class_list":{"0":"post-14876","1":"product","2":"type-product","3":"status-publish","4":"has-post-thumbnail","6":"product_cat-plaszcze-i-kurtki","7":"product_tag-bawelniana-kurtka","8":"product_tag-dwustronna-kurtka","9":"product_tag-kolorowa-kurtka","10":"product_tag-kurtka-w-skandynawskim-stylu","11":"product_tag-kurtka-we-wzory","12":"product_tag-kurtka-z-kieszeniami","13":"product_tag-pikowana-kurtka","14":"product_tag-skandynawski-styl","16":"first","17":"outofstock","18":"shipping-taxable","19":"purchasable","20":"product-type-variable"},"_links":{"self":[{"href":"https:\/\/to-moje.com\/index.php\/wp-json\/wp\/v2\/product\/14876","targetHints":{"allow":["GET"]}}],"collection":[{"href":"https:\/\/to-moje.com\/index.php\/wp-json\/wp\/v2\/product"}],"about":[{"href":"https:\/\/to-moje.com\/index.php\/wp-json\/wp\/v2\/types\/product"}],"replies":[{"embeddable":true,"href":"https:\/\/to-moje.com\/index.php\/wp-json\/wp\/v2\/comments?post=14876"}],"wp:featuredmedia":[{"embeddable":true,"href":"https:\/\/to-moje.com\/index.php\/wp-json\/wp\/v2\/media\/14879"}],"wp:attachment":[{"href":"https:\/\/to-moje.com\/index.php\/wp-json\/wp\/v2\/media?parent=14876"}],"wp:term":[{"taxonomy":"product_brand","embeddable":true,"href":"https:\/\/to-moje.com\/index.php\/wp-json\/wp\/v2\/product_brand?post=14876"},{"taxonomy":"product_cat","embeddable":true,"href":"https:\/\/to-moje.com\/index.php\/wp-json\/wp\/v2\/product_cat?post=14876"},{"taxonomy":"product_tag","embeddable":true,"href":"https:\/\/to-moje.com\/index.php\/wp-json\/wp\/v2\/product_tag?post=14876"}],"curies":[{"name":"wp","href":"https:\/\/api.w.org\/{rel}","templated":true}]}}

Dwustronna Jupka Jesienna Miłostka

<p>Lekka dwustronna kurtka- idealna jako kurtka przejściowa, wykonana z kolorowej pikówki we wzory.<br />
Efektownym elementem oprócz samego materiału rzecz jasna,  są bufiaste rękawy zakończone gumką  i urocze guziki w kształcie serc.<br />
Dla Twojej wygody kurtka ma też naszyte na przodzie dwie kieszenie.<br />
Kryte szwy umożliwiają noszenie jej obustronnie-pamiętaj jednak, że kieszenie i guziki znajdują się tylko po jednej stronie.<br />
W notatce do zamówienia daj znać który wzór chcesz by był tym zewnętrznym 🙂</p>
<p>Skład: tkaniny z obu stron to 100% bawełna, lamówki użyte w tym projekcie również są bawełniane</p>
<p>Kurtka dostępna jest w dwóch łączonych rozmiarach<br />
S/M szerokość od pachy do pachy 55cm, długość 68cm<br />
L/XL szerokość od pachy do pachy 63cm, długość 68cm</p>
<p>Jeśli nie wiesz jaki rozmiar wybrać lub po prostu masz jakieś pytania czy prośby, to napisz do mnie na shop.tomoje@gmail.com lub na instagramie to_moje 🙂</p>
<p>Na zdjęciu mam na sobie rozmiar L/XL, mam 174cm wzrostu.</p>
