{"id":14640,"date":"2024-09-12T17:42:36","date_gmt":"2024-09-12T15:42:36","guid":{"rendered":"https:\/\/to-moje.com\/?post_type=product&#038;p=14640"},"modified":"2025-04-28T11:14:10","modified_gmt":"2025-04-28T09:14:10","slug":"spodnie-wakacyjne-szalenstwo-2-0","status":"publish","type":"product","link":"https:\/\/to-moje.com\/index.php\/produkt\/spodnie-wakacyjne-szalenstwo-2-0\/","title":{"rendered":"Spodnie Wakacyjne Szale\u0144stwo 2.0"},"content":{"rendered":"","protected":false},"excerpt":{"rendered":"<p>Spodnie Wakacyjne Szale\u0144stwo do tej pory by\u0142y \u015bwietn\u0105 propozycj\u0105 na lato, ale jako, \u017ce zaskarbi\u0142y sobie sporo serc, to postanowi\u0142am zrobi\u0107 ich now\u0105 wersj\u0119-tym razem d\u0142ug\u0105 i bez falbany na dole!<\/p>\n<p>Zdecydowanie ich atutem jest dobry sk\u0142ad:<br \/>\n67% wiskoza, 30% len, 3 % elastan<\/p>\n<p>Do tego modny, ale i ponadczasowy kr\u00f3j. Ich lu\u017ana forma nie kr\u0119puje ruch\u00f3w i zapewnia mega wygod\u0119 podczas noszenia. G\u00f3ra na gumce. W bocznych szwach ukryte kieszenie.<\/p>\n<p>No i niew\u0105tpliwie uniwersalno\u015b\u0107! To takie spodnie, kt\u00f3re po prostu zak\u0142adasz z czymkolwiek-\u015bwietnie sprawdzaj\u0105 si\u0119 w komplecie z koszul\u0105 Wakacyjne Szale\u0144stwo, ale stworz\u0105 te\u017c super duet z kr\u00f3tkim topem, t-shirtem, koszul\u0105 czy bluz\u0105. Do noszenia zar\u00f3wno na sportowo, jak i nieco bardziej elegancko-wyobra\u017a je sobie np. z balerinkami! Zatem, je\u015bli cenisz sobie wygod\u0119, to totalnie opcja dla Ciebie!<\/p>\n<p>Wymiary:<br \/>\nS- obw\u00f3d pasa (przy max rozci\u0105gni\u0119ciu gumy): 72cm<br \/>\nM- obw\u00f3d pasa (przy max rozci\u0105gni\u0119ciu gumy): 86cm<br \/>\nL- obw\u00f3d pasa (przy max rozci\u0105gni\u0119ciu gumy): 100cm<\/p>\n<p>D\u0142ugo\u015b\u0107 ok 109 cm, ale dzi\u0119ki temu, \u017ce ka\u017cde zam\u00f3wienie szyj\u0119 na bie\u017c\u0105co, to jestem j\u0105 w stanie dopasowa\u0107 do Twojego wzrostu-tylko daj mi zna\u0107 w notatce do zam\u00f3wienia \ud83d\ude42<\/p>\n<p>Je\u015bli potrzebujesz innego rozmiaru, koloru czy po prostu masz pytanie-napisz do mnie!<br \/>\nNajlepiej na IG to_moje lub na maila shop.tomoje@gmail.com ch\u0119tnie pomog\u0119 \ud83d\ude42<\/p>\n<p>Mam 174cm wzrostu i na zdj\u0119ciach mam na sobie rozmiar L.<\/p>\n","protected":false},"featured_media":14662,"comment_status":"closed","ping_status":"closed","template":"","meta":[],"product_brand":[],"product_cat":[658,15],"product_tag":[694,693,668,659,662,669,665,666,663,664],"class_list":{"0":"post-14640","1":"product","2":"type-product","3":"status-publish","4":"has-post-thumbnail","6":"product_cat-spodnie","7":"product_cat-akcesoria","8":"product_tag-bezowe-spodnie-lniane","9":"product_tag-bordowe-spodnie","10":"product_tag-czarne-spodnie","11":"product_tag-kolorowe-spodnie","12":"product_tag-lniane-spodnie","13":"product_tag-rozowe-spodnie","14":"product_tag-spodnie-na-gumie","15":"product_tag-spodnie-z-kieszeniami","16":"product_tag-szerokie-lniane-spodnie","17":"product_tag-szerokie-spodnie","18":"pa_rozmiar-l","19":"pa_rozmiar-m","20":"pa_rozmiar-s","22":"first","23":"instock","24":"shipping-taxable","25":"purchasable","26":"product-type-variable"},"_links":{"self":[{"href":"https:\/\/to-moje.com\/index.php\/wp-json\/wp\/v2\/product\/14640","targetHints":{"allow":["GET"]}}],"collection":[{"href":"https:\/\/to-moje.com\/index.php\/wp-json\/wp\/v2\/product"}],"about":[{"href":"https:\/\/to-moje.com\/index.php\/wp-json\/wp\/v2\/types\/product"}],"replies":[{"embeddable":true,"href":"https:\/\/to-moje.com\/index.php\/wp-json\/wp\/v2\/comments?post=14640"}],"wp:featuredmedia":[{"embeddable":true,"href":"https:\/\/to-moje.com\/index.php\/wp-json\/wp\/v2\/media\/14662"}],"wp:attachment":[{"href":"https:\/\/to-moje.com\/index.php\/wp-json\/wp\/v2\/media?parent=14640"}],"wp:term":[{"taxonomy":"product_brand","embeddable":true,"href":"https:\/\/to-moje.com\/index.php\/wp-json\/wp\/v2\/product_brand?post=14640"},{"taxonomy":"product_cat","embeddable":true,"href":"https:\/\/to-moje.com\/index.php\/wp-json\/wp\/v2\/product_cat?post=14640"},{"taxonomy":"product_tag","embeddable":true,"href":"https:\/\/to-moje.com\/index.php\/wp-json\/wp\/v2\/product_tag?post=14640"}],"curies":[{"name":"wp","href":"https:\/\/api.w.org\/{rel}","templated":true}]}}

Spodnie Wakacyjne Szaleństwo 2.0

<p>Spodnie Wakacyjne Szaleństwo do tej pory były świetną propozycją na lato, ale jako, że zaskarbiły sobie sporo serc, to postanowiłam zrobić ich nową wersję-tym razem długą i bez falbany na dole!</p>
<p>Zdecydowanie ich atutem jest dobry skład:<br />
67% wiskoza, 30% len, 3 % elastan</p>
<p>Do tego modny, ale i ponadczasowy krój. Ich luźna forma nie krępuje ruchów i zapewnia mega wygodę podczas noszenia. Góra na gumce. W bocznych szwach ukryte kieszenie.</p>
<p>No i niewątpliwie uniwersalność! To takie spodnie, które po prostu zakładasz z czymkolwiek-świetnie sprawdzają się w komplecie z koszulą Wakacyjne Szaleństwo, ale stworzą też super duet z krótkim topem, t-shirtem, koszulą czy bluzą. Do noszenia zarówno na sportowo, jak i nieco bardziej elegancko-wyobraź je sobie np. z balerinkami! Zatem, jeśli cenisz sobie wygodę, to totalnie opcja dla Ciebie!</p>
<p>Wymiary:<br />
S- obwód pasa (przy max rozciągnięciu gumy): 72cm<br />
M- obwód pasa (przy max rozciągnięciu gumy): 86cm<br />
L- obwód pasa (przy max rozciągnięciu gumy): 100cm</p>
<p>Długość ok 109 cm, ale dzięki temu, że każde zamówienie szyję na bieżąco, to jestem ją w stanie dopasować do Twojego wzrostu-tylko daj mi znać w notatce do zamówienia 🙂</p>
<p>Jeśli potrzebujesz innego rozmiaru, koloru czy po prostu masz pytanie-napisz do mnie!<br />
Najlepiej na IG to_moje lub na maila shop.tomoje@gmail.com chętnie pomogę 🙂</p>
<p>Mam 174cm wzrostu i na zdjęciach mam na sobie rozmiar L.</p>
