{"id":14485,"date":"2024-07-18T19:34:21","date_gmt":"2024-07-18T17:34:21","guid":{"rendered":"https:\/\/to-moje.com\/?post_type=product&#038;p=14485"},"modified":"2024-09-12T18:46:32","modified_gmt":"2024-09-12T16:46:32","slug":"plaszcz-deszczowa-piosenka","status":"publish","type":"product","link":"https:\/\/to-moje.com\/index.php\/produkt\/plaszcz-deszczowa-piosenka\/","title":{"rendered":"P\u0142aszcz Deszczowa Piosenka"},"content":{"rendered":"","protected":false},"excerpt":{"rendered":"<p>P\u0142aszcz przeciwdeszczowy Deszczowa Piosenka wykonana z tkaniny o nazwie Softshell, w kt\u00f3rej sk\u0142ad wchodzi 55% Poliesteru i 45% Poliuretanu. Podszewka z kolei wykonana zosta\u0142a w 100% z bawe\u0142ny.<\/p>\n<p>P\u0142aszcz zapinany jest na guziki w kszta\u0142cie serduszek, na przodzie ma te\u017c naszywane dwie kieszenie.<br \/>\nIdealny na nasze niezdecydowane polskie lato, kapry\u015bn\u0105 jesie\u0144, czy powoli budz\u0105c\u0105 si\u0119 wiosn\u0119.<\/p>\n<p>Do wyboru a\u017c 4 warianty kolorystyczne, ka\u017cdy w dw\u00f3ch \u0142\u0105czonych rozmiarach.<br \/>\nWymiary:<br \/>\nS\/M szeroko\u015b\u0107 od pachy do pachy 59cm. d\u0142ugo\u015b\u0107 120cm.<br \/>\nL\/XL szeroko\u015b\u0107 od pachy do pachy 68cm, d\u0142ugo\u015b\u0107 125cm.<\/p>\n<p>Je\u015bli potrzebujesz innego rozmiaru lub masz jakie\u015b pytania odezwij si\u0119 do mnie, ch\u0119tnie pomog\u0119 \ud83d\ude42<\/p>\n<p>Mam 174cm wzrostu i na zdj\u0119ciach mam rozmiar S\/M (docelowo nosz\u0119 L\/XL, bo wol\u0119 bardziej oversizowe ubrania).<\/p>\n","protected":false},"featured_media":14494,"comment_status":"closed","ping_status":"closed","template":"","meta":[],"product_brand":[],"product_cat":[404,15],"product_tag":[688,408,411,687,690,689],"class_list":{"0":"post-14485","1":"product","2":"type-product","3":"status-publish","4":"has-post-thumbnail","6":"product_cat-plaszcze-i-kurtki","7":"product_cat-akcesoria","8":"product_tag-dlugi-plaszcz","9":"product_tag-kolorowy-plaszcz","10":"product_tag-plaszcz-oversize","11":"product_tag-plaszcz-przeciwdeszczowy","12":"product_tag-plaszcz-we-wzory","13":"product_tag-plaszcz-z-kapturem","14":"pa_rozmiar-l-xl","15":"pa_rozmiar-s-m","17":"first","18":"instock","19":"shipping-taxable","20":"purchasable","21":"product-type-variable"},"_links":{"self":[{"href":"https:\/\/to-moje.com\/index.php\/wp-json\/wp\/v2\/product\/14485","targetHints":{"allow":["GET"]}}],"collection":[{"href":"https:\/\/to-moje.com\/index.php\/wp-json\/wp\/v2\/product"}],"about":[{"href":"https:\/\/to-moje.com\/index.php\/wp-json\/wp\/v2\/types\/product"}],"replies":[{"embeddable":true,"href":"https:\/\/to-moje.com\/index.php\/wp-json\/wp\/v2\/comments?post=14485"}],"wp:featuredmedia":[{"embeddable":true,"href":"https:\/\/to-moje.com\/index.php\/wp-json\/wp\/v2\/media\/14494"}],"wp:attachment":[{"href":"https:\/\/to-moje.com\/index.php\/wp-json\/wp\/v2\/media?parent=14485"}],"wp:term":[{"taxonomy":"product_brand","embeddable":true,"href":"https:\/\/to-moje.com\/index.php\/wp-json\/wp\/v2\/product_brand?post=14485"},{"taxonomy":"product_cat","embeddable":true,"href":"https:\/\/to-moje.com\/index.php\/wp-json\/wp\/v2\/product_cat?post=14485"},{"taxonomy":"product_tag","embeddable":true,"href":"https:\/\/to-moje.com\/index.php\/wp-json\/wp\/v2\/product_tag?post=14485"}],"curies":[{"name":"wp","href":"https:\/\/api.w.org\/{rel}","templated":true}]}}