{"id":14414,"date":"2024-09-04T12:00:53","date_gmt":"2024-09-04T10:00:53","guid":{"rendered":"https:\/\/to-moje.com\/?post_type=product&#038;p=14414"},"modified":"2025-07-06T19:23:12","modified_gmt":"2025-07-06T17:23:12","slug":"kombinezon-letni-czar","status":"publish","type":"product","link":"https:\/\/to-moje.com\/index.php\/produkt\/kombinezon-letni-czar\/","title":{"rendered":"Kombinezon Letni Czar"},"content":{"rendered":"","protected":false},"excerpt":{"rendered":"<p>Kombinezon Letni Czar wykonany zosta\u0142 z delikatnej bawe\u0142ny w kolorze jasnozielonym drukowanej w du\u017ce fioletowe kwiaty.<br \/>\nJest to zarazem niezwykle dziewcz\u0119ca, ale i kobieca propozycja.<\/p>\n<p>G\u00f3ra zapinana jest na ozdobne guziki w kszta\u0142cie serduszek w kolorze fioletowym, do tego wi\u0105zana jest na szyi. Magia dzieje si\u0119 tak\u017ce na plecach, bo nie ma on tradycyjnego zabudowanego ty\u0142u, tylko wi\u0105zanie na du\u017c\u0105 kokard\u0119.<br \/>\nD\u00f3\u0142 jest lu\u017any i przewiewny. Brzmi jak idealna propozycja na upalne lato, prawda?<\/p>\n<p>Sk\u0142ad: 100% bawe\u0142na.<\/p>\n<p>Wymiary-szeroko\u015b\u0107 od pachy do pachy na p\u0142asko:<br \/>\nS- 98cm<br \/>\nM- 104cm<br \/>\nL- 110cm,<br \/>\nale je\u015bli nie jeste\u015b pewna jaki rozmiar wybra\u0107 podaj mi sw\u00f3j obw\u00f3d biustu w notatce do zam\u00f3wienia i dopasuj\u0119 go do Twoich wymiar\u00f3w!<br \/>\nDla unikni\u0119cia wpadki z d\u0142ugo\u015bci\u0105, podaj mi te\u017c prosz\u0119 sw\u00f3j wzrost \ud83d\ude42<br \/>\nDost\u0119pne kolory pokazane s\u0105 w galerii zdj\u0119\u0107.<\/p>\n<p>Ka\u017cde zam\u00f3wienie szyj\u0119 na bie\u017c\u0105co, dlatego czas oczekiwania to ok 7-10 dni roboczych.<br \/>\nJe\u015bli masz jakiekolwiek pytania w sprawie produktu, mo\u017cesz zawsze \u015bmia\u0142o napisa\u0107 maila na shop.tomoje@gmail.com lub po prostu odezwa\u0107 si\u0119 na instagramie to_moje.<\/p>\n<p>Mam 174cm wzrostu i nosz\u0119 rozmiar L.<\/p>\n","protected":false},"featured_media":14430,"comment_status":"open","ping_status":"closed","template":"","meta":[],"product_brand":[],"product_cat":[208,550],"product_tag":[679,537,533,536,680,535],"class_list":{"0":"post-14414","1":"product","2":"type-product","3":"status-publish","4":"has-post-thumbnail","6":"product_cat-koszulki-bluzy-sukienki","7":"product_cat-outlet-kombinezony-koszulki-bluzy-sukienki","8":"product_tag-kobiecy-kombinezon","9":"product_tag-kolorowy-kombinezon","10":"product_tag-kombinezon","11":"product_tag-kombinezon-na-lato","12":"product_tag-kombinezon-w-kwiaty","13":"product_tag-kombinezon-we-wzory","14":"pa_rozmiar-l","15":"pa_rozmiar-m","16":"pa_rozmiar-s","18":"first","19":"instock","20":"sale","21":"shipping-taxable","22":"purchasable","23":"product-type-variable"},"_links":{"self":[{"href":"https:\/\/to-moje.com\/index.php\/wp-json\/wp\/v2\/product\/14414","targetHints":{"allow":["GET"]}}],"collection":[{"href":"https:\/\/to-moje.com\/index.php\/wp-json\/wp\/v2\/product"}],"about":[{"href":"https:\/\/to-moje.com\/index.php\/wp-json\/wp\/v2\/types\/product"}],"replies":[{"embeddable":true,"href":"https:\/\/to-moje.com\/index.php\/wp-json\/wp\/v2\/comments?post=14414"}],"wp:featuredmedia":[{"embeddable":true,"href":"https:\/\/to-moje.com\/index.php\/wp-json\/wp\/v2\/media\/14430"}],"wp:attachment":[{"href":"https:\/\/to-moje.com\/index.php\/wp-json\/wp\/v2\/media?parent=14414"}],"wp:term":[{"taxonomy":"product_brand","embeddable":true,"href":"https:\/\/to-moje.com\/index.php\/wp-json\/wp\/v2\/product_brand?post=14414"},{"taxonomy":"product_cat","embeddable":true,"href":"https:\/\/to-moje.com\/index.php\/wp-json\/wp\/v2\/product_cat?post=14414"},{"taxonomy":"product_tag","embeddable":true,"href":"https:\/\/to-moje.com\/index.php\/wp-json\/wp\/v2\/product_tag?post=14414"}],"curies":[{"name":"wp","href":"https:\/\/api.w.org\/{rel}","templated":true}]}}